CREATE TABLE `tbl_calibration_eccentricity_detail_failed` (
  `SrNo` int(11) NOT NULL AUTO_INCREMENT,
  `Eccent_RecNo` int(11) NOT NULL,
  `Eccent_RepNo` int(11) DEFAULT '0',
  `Eccent_BalStdWt` varchar(50) NOT NULL DEFAULT 'NULL',
  `Eccent_BalNegTol` varchar(50) NOT NULL DEFAULT 'NULL',
  `Eccent_BalPosTol` varchar(50) NOT NULL DEFAULT 'NULL',
  `Eccent_ActualWt` varchar(50) NOT NULL DEFAULT 'NULL',
  `Eccent_StdWtID` varchar(150) NOT NULL DEFAULT 'NULL',
  `Eccent_StdWt` varchar(100) NOT NULL DEFAULT 'NULL',
  `Eccent_WtIdentification` varchar(100) NOT NULL DEFAULT 'NULL',
  `Eccent_WeightBox_certfctNo` varchar(500) DEFAULT 'NULL',
  `PercentofCapacity` varchar(11) NOT NULL DEFAULT '0',
  `Eccent_ValDate` varchar(500) DEFAULT 'NULL',
  `Eccent_ActualWt1` varchar(50) DEFAULT 'NULL',
  `Eccent_ActualWt2` varchar(50) DEFAULT 'NULL',
  `Eccent_ActualWt3` varchar(50) DEFAULT 'NULL',
  `Eccent_ActualWt4` varchar(50) DEFAULT 'NULL',
  `Eccent_ActualWt5` varchar(50) DEFAULT 'NULL',
  `Eccent_Tolerance` varchar(50) DEFAULT 'NULL',
  PRIMARY KEY (`SrNo`)
) ENGINE=InnoDB AUTO_INCREMENT=72 DEFAULT CHARSET=latin1;

/*Data for the table `tbl_calibration_eccentricity_detail_failed` */

insert  into `tbl_calibration_eccentricity_detail_failed`(`SrNo`,`Eccent_RecNo`,`Eccent_RepNo`,`Eccent_BalStdWt`,`Eccent_BalNegTol`,`Eccent_BalPosTol`,`Eccent_ActualWt`,`Eccent_StdWtID`,`Eccent_StdWt`,`Eccent_WtIdentification`,`Eccent_WeightBox_certfctNo`,`PercentofCapacity`,`Eccent_ValDate`,`Eccent_ActualWt1`,`Eccent_ActualWt2`,`Eccent_ActualWt3`,`Eccent_ActualWt4`,`Eccent_ActualWt5`,`Eccent_Tolerance`) values 
(1,1,2,'0.020','0.019','0.021','0.020','WB001','0.020','','10092025','0.00000','2028-10-10','NULL','NULL','NULL','NULL','NULL','± 0.001'),
(2,2,2,'0.020','0.019','0.021','0.020','WB001','0.020','','10092025','0.00000','2028-10-10','NULL','NULL','NULL','NULL','NULL','± 0.001'),
(3,3,2,'0.020','0.019','0.021','0.020','WB001','0.020','','10092025','0.00000','2028-10-10','NULL','NULL','NULL','NULL','NULL','± 0.001'),
(4,4,2,'0.020','0.019','0.021','0.025','WB001','0.020','','10092025','0.00000','2028-10-10','NULL','NULL','NULL','NULL','NULL','± 0.001'),
(5,1,3,'0.020','0.019','0.021','0.020','WB001','0.020','','10092025','0.00000','2028-10-10','NULL','NULL','NULL','NULL','NULL','± 0.001'),
(6,2,3,'0.020','0.019','0.021','0.020','WB001','0.020','','10092025','0.00000','2028-10-10','NULL','NULL','NULL','NULL','NULL','± 0.001'),
(7,3,3,'0.020','0.019','0.021','0.020','WB001','0.020','','10092025','0.00000','2028-10-10','NULL','NULL','NULL','NULL','NULL','± 0.001'),
(8,4,3,'0.020','0.019','0.021','0.020','WB001','0.020','','10092025','0.00000','2028-10-10','NULL','NULL','NULL','NULL','NULL','± 0.001'),
(9,5,3,'0.020','0.019','0.021','0.020','WB001','0.020','','10092025','0.00000','2028-10-10','NULL','NULL','NULL','NULL','NULL','± 0.001'),
(10,1,4,'0.020','0.019','0.021','0.020','WB001','0.020','','10092025','0.00000','2028-10-10','NULL','NULL','NULL','NULL','NULL','± 0.001'),
(11,2,4,'0.020','0.019','0.021','0.020','WB001','0.020','','10092025','0.00000','2028-10-10','NULL','NULL','NULL','NULL','NULL','± 0.001'),
(12,3,4,'0.020','0.019','0.021','0.020','WB001','0.020','','10092025','0.00000','2028-10-10','NULL','NULL','NULL','NULL','NULL','± 0.001'),
(13,4,4,'0.020','0.019','0.021','0.020','WB001','0.020','','10092025','0.00000','2028-10-10','NULL','NULL','NULL','NULL','NULL','± 0.001'),
(14,5,4,'0.020','0.019','0.021','0.020','WB001','0.020','','10092025','0.00000','2028-10-10','NULL','NULL','NULL','NULL','NULL','± 0.001'),
(15,1,6,'0.020','0.019','0.021','0.020','NaN','0.020','','10092025','0.00000','2028-10-10','NULL','NULL','NULL','NULL','NULL','± 0.001'),
(16,2,6,'0.020','0.019','0.021','0.020','WB001','0.020','','10092025','0.00000','2028-10-10','NULL','NULL','NULL','NULL','NULL','± 0.001'),
(17,3,6,'0.020','0.019','0.021','0.020','WB001','0.020','','10092025','0.00000','2028-10-10','NULL','NULL','NULL','NULL','NULL','± 0.001'),
(18,4,6,'0.020','0.019','0.021','0.026','WB001','0.020','','10092025','0.00000','2028-10-10','NULL','NULL','NULL','NULL','NULL','± 0.001'),
(19,1,7,'0.020','0.019','0.021','0.020','NaN','0.020','','10092025','0.00000','2028-10-10','NULL','NULL','NULL','NULL','NULL','± 0.001'),
(20,2,7,'0.020','0.019','0.021','0.020','WB001','0.020','','10092025','0.00000','2028-10-10','NULL','NULL','NULL','NULL','NULL','± 0.001'),
(21,3,7,'0.020','0.019','0.021','0.020','WB001','0.020','','10092025','0.00000','2028-10-10','NULL','NULL','NULL','NULL','NULL','± 0.001'),
(22,4,7,'0.020','0.019','0.021','0.020','WB001','0.020','','10092025','0.00000','2028-10-10','NULL','NULL','NULL','NULL','NULL','± 0.001'),
(23,5,7,'0.020','0.019','0.021','0.020','WB001','0.020','','10092025','0.00000','2028-10-10','NULL','NULL','NULL','NULL','NULL','± 0.001'),
(24,1,8,'0.020','0.019','0.021','0.020','NaN','0.020','','10092025','0.00000','2028-10-10','NULL','NULL','NULL','NULL','NULL','± 0.001'),
(25,2,8,'0.020','0.019','0.021','0.020','WB001','0.020','','10092025','0.00000','2028-10-10','NULL','NULL','NULL','NULL','NULL','± 0.001'),
(26,3,8,'0.020','0.019','0.021','0.020','WB001','0.020','','10092025','0.00000','2028-10-10','NULL','NULL','NULL','NULL','NULL','± 0.001'),
(27,4,8,'0.020','0.019','0.021','0.020','WB001','0.020','','10092025','0.00000','2028-10-10','NULL','NULL','NULL','NULL','NULL','± 0.001'),
(28,5,8,'0.020','0.019','0.021','0.020','WB001','0.020','','10092025','0.00000','2028-10-10','NULL','NULL','NULL','NULL','NULL','± 0.001'),
(29,1,10,'0.020','0.019','0.021','0.020','NaN','0.020','','10092025','0.00000','2028-10-10','NULL','NULL','NULL','NULL','NULL','± 0.001'),
(30,2,10,'0.020','0.019','0.021','0.020','WB001','0.020','','10092025','0.00000','2028-10-10','NULL','NULL','NULL','NULL','NULL','± 0.001'),
(31,3,10,'0.020','0.019','0.021','0.020','WB001','0.020','','10092025','0.00000','2028-10-10','NULL','NULL','NULL','NULL','NULL','± 0.001'),
(32,4,10,'0.020','0.019','0.021','0.026','WB001','0.020','','10092025','0.00000','2028-10-10','NULL','NULL','NULL','NULL','NULL','± 0.001'),
(33,1,11,'0.020','0.019','0.021','0.020','NaN','0.020','','10092025','0.00000','2028-10-10','NULL','NULL','NULL','NULL','NULL','± 0.001'),
(34,2,11,'0.020','0.019','0.021','0.020','WB001','0.020','','10092025','0.00000','2028-10-10','NULL','NULL','NULL','NULL','NULL','± 0.001'),
(35,3,11,'0.020','0.019','0.021','0.020','WB001','0.020','','10092025','0.00000','2028-10-10','NULL','NULL','NULL','NULL','NULL','± 0.001'),
(36,4,11,'0.020','0.019','0.021','0.020','WB001','0.020','','10092025','0.00000','2028-10-10','NULL','NULL','NULL','NULL','NULL','± 0.001'),
(37,5,11,'0.020','0.019','0.021','0.020','WB001','0.020','','10092025','0.00000','2028-10-10','NULL','NULL','NULL','NULL','NULL','± 0.001'),
(38,1,13,'0.020','0.019','0.021','0.020','NaN','0.020','','10092025','0.00000','2028-10-10','NULL','NULL','NULL','NULL','NULL','± 0.001'),
(39,2,13,'0.020','0.019','0.021','0.020','WB001','0.020','','10092025','0.00000','2028-10-10','NULL','NULL','NULL','NULL','NULL','± 0.001'),
(40,3,13,'0.020','0.019','0.021','0.020','WB001','0.020','','10092025','0.00000','2028-10-10','NULL','NULL','NULL','NULL','NULL','± 0.001'),
(41,4,13,'0.020','0.019','0.021','0.020','WB001','0.020','','10092025','0.00000','2028-10-10','NULL','NULL','NULL','NULL','NULL','± 0.001'),
(42,5,13,'0.020','0.019','0.021','0.024','WB001','0.020','','10092025','0.00000','2028-10-10','NULL','NULL','NULL','NULL','NULL','± 0.001'),
(43,1,14,'0.020','0.019','0.021','0.020','NaN','0.020','','10092025','0.00000','2028-10-10','NULL','NULL','NULL','NULL','NULL','± 0.001'),
(44,2,14,'0.020','0.019','0.021','0.020','WB001','0.020','','10092025','0.00000','2028-10-10','NULL','NULL','NULL','NULL','NULL','± 0.001'),
(45,3,14,'0.020','0.019','0.021','0.020','WB001','0.020','','10092025','0.00000','2028-10-10','NULL','NULL','NULL','NULL','NULL','± 0.001'),
(46,4,14,'0.020','0.019','0.021','0.020','WB001','0.020','','10092025','0.00000','2028-10-10','NULL','NULL','NULL','NULL','NULL','± 0.001'),
(47,5,14,'0.020','0.019','0.021','0.020','WB001','0.020','','10092025','0.00000','2028-10-10','NULL','NULL','NULL','NULL','NULL','± 0.001'),
(48,1,17,'0.020','0.015','0.025','0.016','1.000','0.020','','01','0.00000','2026-03-12','NULL','NULL','NULL','NULL','NULL','± 0.005'),
(49,2,17,'0.020','0.015','0.025','0.015','0001','0.020','','01','0.00000','2026-03-12','NULL','NULL','NULL','NULL','NULL','± 0.005'),
(50,3,17,'0.020','0.015','0.025','0.025','0001','0.020','','01','0.00000','2026-03-12','NULL','NULL','NULL','NULL','NULL','± 0.005'),
(51,4,17,'0.020','0.015','0.025','0.019','0001','0.020','','01','0.00000','2026-03-12','NULL','NULL','NULL','NULL','NULL','± 0.005'),
(52,5,17,'0.020','0.015','0.025','0.020','0001','0.020','','01','0.00000','2026-03-12','NULL','NULL','NULL','NULL','NULL','± 0.005'),
(53,1,18,'64.000','63.950','64.200','63.900','NaN','NaN','','0022,0022,0022,0022','0.00000','2025-09-29,2025-09-29,2025-09-29,2025-09-29','NULL','NULL','NULL','NULL','NULL','- 0.050 + 0.200'),
(54,1,19,'64.000','63.950','64.200','63.999','NaN','NaN','','0022,0022,0022,0022','0.00000','2025-09-29,2025-09-29,2025-09-29,2025-09-29','NULL','NULL','NULL','NULL','NULL','- 0.050 + 0.200'),
(55,2,19,'64.000','63.950','64.200','64.100','0505,0505,0505,0505','NaN','','0022,0022,0022,0022','0.00000','2025-09-29,2025-09-29,2025-09-29,2025-09-29','NULL','NULL','NULL','NULL','NULL','- 0.050 + 0.200'),
(56,3,19,'64.000','63.950','64.200','63.957','0505,0505,0505,0505','NaN','','0022,0022,0022,0022','0.00000','2025-09-29,2025-09-29,2025-09-29,2025-09-29','NULL','NULL','NULL','NULL','NULL','- 0.050 + 0.200'),
(57,4,19,'64.000','63.950','64.200','64.195','0505,0505,0505,0505','NaN','','0022,0022,0022,0022','0.00000','2025-09-29,2025-09-29,2025-09-29,2025-09-29','NULL','NULL','NULL','NULL','NULL','- 0.050 + 0.200'),
(58,5,19,'64.000','63.950','64.200','63.950','0505,0505,0505,0505','NaN','','0022,0022,0022,0022','0.00000','2025-09-29,2025-09-29,2025-09-29,2025-09-29','NULL','NULL','NULL','NULL','NULL','- 0.050 + 0.200'),
(59,1,20,'64.000','63.950','64.200','64.100','NaN','64.000','','100','0.00000','2025-09-30','NULL','NULL','NULL','NULL','NULL','- 0.050 + 0.200'),
(60,2,20,'64.000','63.950','64.200','64.150','SH24','64.000','','100','0.00000','2025-09-30','NULL','NULL','NULL','NULL','NULL','- 0.050 + 0.200'),
(61,3,20,'64.000','63.950','64.200','64.100','SH24','64.000','','100','0.00000','2025-09-30','NULL','NULL','NULL','NULL','NULL','- 0.050 + 0.200'),
(62,4,20,'64.000','63.950','64.200','63.930','SH24','64.000','','100','0.00000','2025-09-30','NULL','NULL','NULL','NULL','NULL','- 0.050 + 0.200'),
(63,1,22,'0.020','0.019','0.021','0.020','WB002','0.020','','09092025','0.00000','2028-10-17','NULL','NULL','NULL','NULL','NULL','± 0.001'),
(64,2,22,'0.020','0.019','0.021','0.020','WB002','0.020','','09092025','0.00000','2028-10-17','NULL','NULL','NULL','NULL','NULL','± 0.001'),
(65,3,22,'0.020','0.019','0.021','0.020','WB002','0.020','','09092025','0.00000','2028-10-17','NULL','NULL','NULL','NULL','NULL','± 0.001'),
(66,4,22,'0.020','0.019','0.021','0.030','WB002','0.020','','09092025','0.00000','2028-10-17','NULL','NULL','NULL','NULL','NULL','± 0.001'),
(67,1,23,'0.020','0.019','0.021','0.020','WB002','0.020','','09092025','0.00000','2028-10-17','NULL','NULL','NULL','NULL','NULL','± 0.001'),
(68,2,23,'0.020','0.019','0.021','0.020','WB002','0.020','','09092025','0.00000','2028-10-17','NULL','NULL','NULL','NULL','NULL','± 0.001'),
(69,3,23,'0.020','0.019','0.021','0.020','WB002','0.020','','09092025','0.00000','2028-10-17','NULL','NULL','NULL','NULL','NULL','± 0.001'),
(70,4,23,'0.020','0.019','0.021','0.020','WB002','0.020','','09092025','0.00000','2028-10-17','NULL','NULL','NULL','NULL','NULL','± 0.001'),
(71,5,23,'0.020','0.019','0.021','0.020','WB002','0.020','','09092025','0.00000','2028-10-17','NULL','NULL','NULL','NULL','NULL','± 0.001');

/*Table structure for table `tbl_calibration_eccentricity_detail_incomplete` */


CREATE TABLE `tbl_calibration_eccentricity_detail_incomplete` (
  `Eccent_RecNo` int(11) NOT NULL,
  `Eccent_RepNo` int(11) NOT NULL DEFAULT '0',
  `Eccent_BalStdWt` varchar(50) NOT NULL DEFAULT 'NULL',
  `Eccent_BalNegTol` varchar(50) NOT NULL DEFAULT 'NULL',
  `Eccent_BalPosTol` varchar(50) NOT NULL DEFAULT 'NULL',
  `Eccent_ActualWt` varchar(50) NOT NULL DEFAULT 'NULL',
  `Eccent_StdWtID` varchar(150) NOT NULL DEFAULT 'NULL',
  `Eccent_StdWt` varchar(100) NOT NULL DEFAULT 'NULL',
  `Eccent_WtIdentification` varchar(100) NOT NULL DEFAULT 'NULL',
  `Eccent_WeightBox_certfctNo` varchar(500) DEFAULT 'NULL',
  `PercentofCapacity` decimal(10,5) NOT NULL DEFAULT '0.00000',
  `Eccent_ValDate` varchar(500) DEFAULT 'NULL',
  `Eccent_ActualWt1` varchar(50) DEFAULT 'NULL',
  `Eccent_ActualWt2` varchar(50) DEFAULT 'NULL',
  `Eccent_ActualWt3` varchar(50) DEFAULT 'NULL',
  `Eccent_ActualWt4` varchar(50) DEFAULT 'NULL',
  `Eccent_ActualWt5` varchar(50) DEFAULT 'NULL',
  `Eccent_Tolerance` varchar(50) DEFAULT 'NULL',
  KEY `Eccent_RecNo` (`Eccent_RecNo`)
) ENGINE=InnoDB DEFAULT CHARSET=latin1;

/*Data for the table `tbl_calibration_eccentricity_detail_incomplete` */

/*Table structure for table `tbl_calibration_eccentricity_detail_temp` */


CREATE TABLE `tbl_calibration_eccentricity_detail_temp` (
  `Eccent_RecNo` int(11) NOT NULL,
  `Eccent_RepNo` int(11) NOT NULL,
  `Eccent_BalStdWt` varchar(10) NOT NULL,
  `Eccent_BalNegTol` varchar(10) NOT NULL,
  `Eccent_BalPosTol` varchar(10) NOT NULL,
  `Eccent_ActualWt` varchar(10) NOT NULL DEFAULT 'NULL',
  `Eccent_StdWtID` varchar(150) NOT NULL,
  `Eccent_StdWt` varchar(100) NOT NULL,
  `Eccent_WtIdentification` varchar(500) NOT NULL DEFAULT 'NULL',
  `Eccent_WeightBox_certfctNo` varchar(500) NOT NULL DEFAULT 'NULL',
  `PercentofCapacity` varchar(11) NOT NULL,
  `Eccent_ValDate` varchar(500) NOT NULL DEFAULT 'NULL',
  `Eccent_Deviation` varchar(10) DEFAULT NULL,
  `Eccent_Remark` varchar(500) DEFAULT 'NULL',
  `HMI_ID` varchar(50) DEFAULT '0',
  `Eccent_ActualWt1` varchar(10) NOT NULL,
  `Eccent_ActualWt2` varchar(10) NOT NULL,
  `Eccent_ActualWt3` varchar(10) NOT NULL,
  `Eccent_ActualWt4` varchar(10) NOT NULL,
  `Eccent_ActualWt5` varchar(10) NOT NULL,
  `Eccent_Tolerance` varchar(50) DEFAULT 'NULL'
) ENGINE=InnoDB DEFAULT CHARSET=latin1;

/*Data for the table `tbl_calibration_eccentricity_detail_temp` */

insert  into `tbl_calibration_eccentricity_detail_temp`(`Eccent_RecNo`,`Eccent_RepNo`,`Eccent_BalStdWt`,`Eccent_BalNegTol`,`Eccent_BalPosTol`,`Eccent_ActualWt`,`Eccent_StdWtID`,`Eccent_StdWt`,`Eccent_WtIdentification`,`Eccent_WeightBox_certfctNo`,`PercentofCapacity`,`Eccent_ValDate`,`Eccent_Deviation`,`Eccent_Remark`,`HMI_ID`,`Eccent_ActualWt1`,`Eccent_ActualWt2`,`Eccent_ActualWt3`,`Eccent_ActualWt4`,`Eccent_ActualWt5`,`Eccent_Tolerance`) values 
(1,8,'64.000','63.994','64.007','64.000','WBI_01','64','','12321','0.00000','2026-10-14',NULL,'NULL','192.168.1.134','64.000','64.000','64.000','64.000','64.000','- 0.006 + 0.007'),
(2,8,'64.000','63.994','64.007','64.000','WBI_01','64','','12321','0.00000','2026-10-14',NULL,'NULL','192.168.1.134','64.000','64.000','64.000','64.000','64.000','- 0.006 + 0.007'),
(3,8,'64.000','63.994','64.007','64.000','WBI_01','64','','12321','0.00000','2026-10-14',NULL,'NULL','192.168.1.134','64.000','64.000','64.000','64.000','64.000','- 0.006 + 0.007'),
(4,8,'64.000','63.994','64.007','64.000','WBI_01','64','','12321','0.00000','2026-10-14',NULL,'NULL','192.168.1.134','64.000','64.000','64.000','64.000','64.000','- 0.006 + 0.007'),
(5,8,'64.000','63.994','64.007','64.000','WBI_01','64','','12321','0.00000','2026-10-14',NULL,'NULL','192.168.1.134','64.000','64.000','64.000','64.000','64.000','- 0.006 + 0.007'),
(1,17,'0.020','0.019','0.021','0.020','NaN','0.020','','11092025','0.00000','2026-10-15',NULL,'NULL','192.168.1.184','0.020','0.020','0.020','0.020','0.020','± 0.001'),
(2,17,'0.020','0.019','0.021','0.020','WBI_02','0.020','','11092025','0.00000','2026-10-15',NULL,'NULL','192.168.1.184','0.020','0.020','0.020','0.020','0.020','± 0.001'),
(3,17,'0.020','0.019','0.021','0.020','WBI_02','0.020','','11092025','0.00000','2026-10-15',NULL,'NULL','192.168.1.184','0.020','0.020','0.020','0.020','0.020','± 0.001'),
(4,17,'0.020','0.019','0.021','0.020','WBI_02','0.020','','11092025','0.00000','2026-10-15',NULL,'NULL','192.168.1.184','0.020','0.020','0.020','0.020','0.020','± 0.001'),
(5,17,'0.020','0.019','0.021','0.020','WBI_02','0.020','','11092025','0.00000','2026-10-15',NULL,'NULL','192.168.1.184','0.020','0.020','0.020','0.020','0.020','± 0.001'),
(1,26,'0.020','0.010','0.030','0.010','NaN','0.020','','1000','0.00000','2025-09-30',NULL,'NULL','192.168.1.166','0.010','0.025','0.030','0.011','0.029','- 0.010 + 0.010'),
(2,26,'0.020','0.010','0.030','0.025','HM0524','0.020','','1000','0.00000','2025-09-30',NULL,'NULL','192.168.1.166','0.010','0.025','0.030','0.011','0.029','- 0.010 + 0.010'),
(3,26,'0.020','0.010','0.030','0.030','HM0524','0.020','','1000','0.00000','2025-09-30',NULL,'NULL','192.168.1.166','0.010','0.025','0.030','0.011','0.029','- 0.010 + 0.010'),
(4,26,'0.020','0.010','0.030','0.011','HM0524','0.020','','1000','0.00000','2025-09-30',NULL,'NULL','192.168.1.166','0.010','0.025','0.030','0.011','0.029','- 0.010 + 0.010'),
(5,26,'0.020','0.010','0.030','0.029','HM0524','0.020','','1000','0.00000','2025-09-30',NULL,'NULL','192.168.1.166','0.010','0.025','0.030','0.011','0.029','- 0.010 + 0.010'),
(1,34,'64.000','60.000','68.000','64.020','WB1,WB1,WB1','NaN','','456123,456123,456123','0.00000','2025-12-31,2025-12-31,2025-12-31',NULL,'NULL','192.168.1.145','64.020','64.015','64.005','64.010','64.011','± 4.000'),
(2,34,'64.000','60.000','68.000','64.015','WB1,WB1,WB1','NaN','','456123,456123,456123','0.00000','2025-12-31,2025-12-31,2025-12-31',NULL,'NULL','192.168.1.145','64.020','64.015','64.005','64.010','64.011','± 4.000'),
(3,34,'64.000','60.000','68.000','64.005','WB1,WB1,WB1','NaN','','456123,456123,456123','0.00000','2025-12-31,2025-12-31,2025-12-31',NULL,'NULL','192.168.1.145','64.020','64.015','64.005','64.010','64.011','± 4.000'),
(4,34,'64.000','60.000','68.000','64.010','WB1,WB1,WB1','NaN','','456123,456123,456123','0.00000','2025-12-31,2025-12-31,2025-12-31',NULL,'NULL','192.168.1.145','64.020','64.015','64.005','64.010','64.011','± 4.000'),
(5,34,'64.000','60.000','68.000','64.011','WB1,WB1,WB1','NaN','','456123,456123,456123','0.00000','2025-12-31,2025-12-31,2025-12-31',NULL,'NULL','192.168.1.145','64.020','64.015','64.005','64.010','64.011','± 4.000'),
(1,31,'64.000','60.000','68.000','65.000','WB1,WB1,WB1','NaN','','456123,456123,456123','0.00000','2025-12-31,2025-12-31,2025-12-31',NULL,'NULL','192.168.1.129','65.000','64.000','64.000','64.000','64.000','± 4.000'),
(2,31,'64.000','60.000','68.000','64.000','WB1,WB1,WB1','NaN','','456123,456123,456123','0.00000','2025-12-31,2025-12-31,2025-12-31',NULL,'NULL','192.168.1.129','65.000','64.000','64.000','64.000','64.000','± 4.000'),
(3,31,'64.000','60.000','68.000','64.000','WB1,WB1,WB1','NaN','','456123,456123,456123','0.00000','2025-12-31,2025-12-31,2025-12-31',NULL,'NULL','192.168.1.129','65.000','64.000','64.000','64.000','64.000','± 4.000'),
(4,31,'64.000','60.000','68.000','64.000','WB1,WB1,WB1','NaN','','456123,456123,456123','0.00000','2025-12-31,2025-12-31,2025-12-31',NULL,'NULL','192.168.1.129','65.000','64.000','64.000','64.000','64.000','± 4.000'),
(5,31,'64.000','60.000','68.000','64.000','WB1,WB1,WB1','NaN','','456123,456123,456123','0.00000','2025-12-31,2025-12-31,2025-12-31',NULL,'NULL','192.168.1.129','65.000','64.000','64.000','64.000','64.000','± 4.000'),
(1,37,'0.020','0.010','0.030','0.030','0001','0.020','','01','0.00000','2026-03-12',NULL,'NULL','192.168.1.157','0.030','0.025','0.011','0.017','0.018','- 0.010 + 0.010'),
(2,37,'0.020','0.010','0.030','0.025','0001','0.020','','01','0.00000','2026-03-12',NULL,'NULL','192.168.1.157','0.030','0.025','0.011','0.017','0.018','- 0.010 + 0.010'),
(3,37,'0.020','0.010','0.030','0.011','0001','0.020','','01','0.00000','2026-03-12',NULL,'NULL','192.168.1.157','0.030','0.025','0.011','0.017','0.018','- 0.010 + 0.010'),
(4,37,'0.020','0.010','0.030','0.017','0001','0.020','','01','0.00000','2026-03-12',NULL,'NULL','192.168.1.157','0.030','0.025','0.011','0.017','0.018','- 0.010 + 0.010'),
(5,37,'0.020','0.010','0.030','0.018','0001','0.020','','01','0.00000','2026-03-12',NULL,'NULL','192.168.1.157','0.030','0.025','0.011','0.017','0.018','- 0.010 + 0.010'),
(1,35,'30.000','29.000','31.000','30.000','WB001','30.000','','10092025','0.00000','2028-10-10',NULL,'NULL','192.168.1.108','30.000','30.000','30.000','30.000','30.000','± 1.000'),
(2,35,'30.000','29.000','31.000','30.000','WB001','30.000','','10092025','0.00000','2028-10-10',NULL,'NULL','192.168.1.108','30.000','30.000','30.000','30.000','30.000','± 1.000'),
(3,35,'30.000','29.000','31.000','30.000','WB001','30.000','','10092025','0.00000','2028-10-10',NULL,'NULL','192.168.1.108','30.000','30.000','30.000','30.000','30.000','± 1.000'),
(4,35,'30.000','29.000','31.000','30.000','WB001','30.000','','10092025','0.00000','2028-10-10',NULL,'NULL','192.168.1.108','30.000','30.000','30.000','30.000','30.000','± 1.000'),
(5,35,'30.000','29.000','31.000','30.000','WB001','30.000','','10092025','0.00000','2028-10-10',NULL,'NULL','192.168.1.108','30.000','30.000','30.000','30.000','30.000','± 1.000');

/*Table structure for table `tbl_calibration_eccentricity_master` */


CREATE TABLE `tbl_calibration_eccentricity_master` (
  `Eccent_RepNo` int(11) NOT NULL,
  `Eccent_CalbDate` date NOT NULL,
  `Eccent_CalbTime` time NOT NULL,
  `Eccent_CalbTimeTo` time DEFAULT NULL,
  `Eccent_BalID` varchar(100) NOT NULL DEFAULT 'NULL',
  `Eccent_BalSrNo` varchar(100) NOT NULL DEFAULT 'NULL',
  `Eccent_Make` varchar(100) NOT NULL DEFAULT 'NULL',
  `Eccent_Model` varchar(100) NOT NULL DEFAULT 'NULL',
  `Eccent_Unit` varchar(5) NOT NULL DEFAULT 'NULL',
  `Eccent_Dept` varchar(100) NOT NULL DEFAULT 'NULL',
  `Eccent_LeastCnt` varchar(50) NOT NULL DEFAULT 'NULL',
  `Eccent_MaxCap` varchar(50) NOT NULL DEFAULT 'NULL',
  `Eccent_MinCap` varchar(50) NOT NULL DEFAULT 'NULL',
  `Eccent_ZeroError` bit(1) NOT NULL DEFAULT b'0',
  `Eccent_SpritLevel` bit(1) NOT NULL DEFAULT b'0',
  `Eccent_GerneralCare` bit(1) NOT NULL DEFAULT b'0',
  `Eccent_UserID` varchar(50) NOT NULL DEFAULT 'NULL',
  `Eccent_UserName` varchar(250) NOT NULL DEFAULT 'NULL',
  `Eccent_VerifyID` varchar(50) NOT NULL DEFAULT 'NULL',
  `Eccent_VerifyName` varchar(250) NOT NULL DEFAULT 'NULL',
  `Eccent_VerifyDate` date NOT NULL DEFAULT '1992-12-08',
  `Eccent_Location` varchar(250) NOT NULL DEFAULT 'NULL',
  `Eccent_RoomNo` varchar(50) NOT NULL DEFAULT '0',
  `Decimal_Point` int(11) NOT NULL DEFAULT '0',
  `Eccent_StdWeight` varchar(500) DEFAULT '0',
  `Eccent_NegTol` varchar(500) DEFAULT '0',
  `Eccent_PosTol` varchar(500) DEFAULT '0',
  `Eccent_DueDate` date NOT NULL DEFAULT '1992-12-08',
  `Eccent_PrintNo` int(11) NOT NULL DEFAULT '0',
  `Eccent_AllWeightboxID` varchar(1000) DEFAULT 'NULL',
  `Eccent_AllWeightboxCert` varchar(1000) DEFAULT 'NULL',
  `Eccent_AllWeightboxValidUpto` varchar(1000) DEFAULT 'NULL',
  `Eccent_IsBinBalance` int(1) DEFAULT '0',
  `Eccent_MassWeight` varchar(100) DEFAULT 'NULL',
  `Eccent_Remark` varchar(100) DEFAULT 'NULL',
  `Eccent_AllWeightboxCertDate` varchar(1000) DEFAULT 'NULL',
  KEY `Eccent_RepNo` (`Eccent_RepNo`)
) ENGINE=InnoDB DEFAULT CHARSET=latin1;

/*Data for the table `tbl_calibration_eccentricity_master` */

insert  into `tbl_calibration_eccentricity_master`(`Eccent_RepNo`,`Eccent_CalbDate`,`Eccent_CalbTime`,`Eccent_CalbTimeTo`,`Eccent_BalID`,`Eccent_BalSrNo`,`Eccent_Make`,`Eccent_Model`,`Eccent_Unit`,`Eccent_Dept`,`Eccent_LeastCnt`,`Eccent_MaxCap`,`Eccent_MinCap`,`Eccent_ZeroError`,`Eccent_SpritLevel`,`Eccent_GerneralCare`,`Eccent_UserID`,`Eccent_UserName`,`Eccent_VerifyID`,`Eccent_VerifyName`,`Eccent_VerifyDate`,`Eccent_Location`,`Eccent_RoomNo`,`Decimal_Point`,`Eccent_StdWeight`,`Eccent_NegTol`,`Eccent_PosTol`,`Eccent_DueDate`,`Eccent_PrintNo`,`Eccent_AllWeightboxID`,`Eccent_AllWeightboxCert`,`Eccent_AllWeightboxValidUpto`,`Eccent_IsBinBalance`,`Eccent_MassWeight`,`Eccent_Remark`,`Eccent_AllWeightboxCertDate`) values 
(2,'2025-09-10','15:39:59','15:40:02','Bal_23','11335','Essae','HTR 220','gm','NA','0.00100','320.00000','0.00100','\0','\0','\0','A','Abhishek','D','Dharmesh sakpal','2025-09-17','NULL','NA',3,'64.000','63.99700','64.00600','2025-09-10',0,'WBI_01','12321','2026-10-14',0,'NULL','Complies','2025-09-10'),
(4,'2025-09-10','15:55:51','15:55:54','BAL001','Bl10092025','Essae','HTR 220','gm','NA','0.00100','320.00000','0.00100','\0','\0','\0','D','Dharmesh sakpal','NULL','NULL','1992-12-08','NULL','NA',3,'0.020','0.01900','0.02100','2025-09-10',0,'WB001','10092025','2028-10-10',0,'NULL','Complies','2025-09-10'),
(6,'2025-09-11','09:20:25','09:20:26','Bal_24','22331','Essae','HTR 220 E','gm','NA','0.00100','320.00000','0.00100','\0','\0','\0','a','Abhishek','D','Dharmesh sakpal','2025-09-17','NULL','NA',3,'64.000','63.99400','64.00700','2025-09-11',0,'WBI_01','12321','2026-10-14',0,'NULL','Complies','2025-09-10'),
(7,'2025-09-12','08:19:53','08:19:56','Bal_26','42343','Essae','HTR 220','gm','NA','0.00100','320.00000','0.00100','\0','\0','\0','a','Abhishek','13','Devendra','2025-09-18','NULL','NA',3,'100.000','99.99500','100.00200','2025-09-11',0,'WBI_02','11092025','2026-10-15',0,'NULL','Complies','2025-09-11'),
(8,'2025-09-12','09:29:17','09:29:21','Bal_27','33244','Essae','HTR 220 E','gm','NA','0.00100','320.00000','0.00100','\0','\0','\0','a','Abhishek','12','Sail','2025-09-18','NULL','NA',3,'64.000','63.99400','64.00700','2025-09-12',0,'WBI_01','12321','2026-10-14',0,'NULL','Complies','2025-09-10'),
(9,'2025-09-12','16:09:26','16:09:29','BAL002','BL1209','Essae','HTR 220','gm','NA','0.00100','320.00000','0.00100','\0','\0','\0','D','Dharmesh sakpal','NULL','NULL','1992-12-08','NULL','NA',3,'0.020','0.01900','0.02100','2025-09-12',0,'WB001','10092025','2028-10-10',0,'NULL','Complies','2025-09-10'),
(11,'2025-09-13','09:47:23','09:47:26','BAL002','BL1209','Essae','HTR 220','gm','NA','0.00100','320.00000','0.00100','\0','\0','\0','D','Dharmesh sakpal','NULL','NULL','1992-12-08','NULL','NA',3,'0.020','0.01900','0.02100','2025-10-02',0,'WB001','10092025','2028-10-10',0,'NULL','Complies','2025-09-10'),
(12,'2025-09-15','09:38:54','09:38:56','Bal_24','22331','Essae','HTR 220 E','gm','NA','0.001','320.000','0.001','\0','\0','\0','a','Abhishek','NULL','NULL','1992-12-08','NULL','NA',3,'64.000','63.994','64.007','2025-10-01',0,'WBI_01','12321','2026-10-14',0,'NULL','Complies','2025-09-10'),
(14,'2025-09-15','12:07:51','12:07:54','BAL002','BL1209','Essae','HTR 220','gm','NA','0.001','320.000','0.001','\0','\0','\0','D','Dharmesh sakpal','NULL','NULL','1992-12-08','NULL','NA',3,'0.020','0.019','0.021','2025-10-02',0,'WB001','10092025','2028-10-10',0,'NULL','Complies','2025-09-10'),
(16,'2025-09-16','10:21:27','10:21:30','BAL002','BL1209','Essae','HTR 220','gm','NA','0.001','320.000','0.001','\0','\0','\0','D','Dharmesh sakpal','13','Devendra','2025-09-17','NULL','NA',3,'0.020','0.019','0.021','2025-10-02',0,'WB001','10092025','2028-10-10',0,'NULL','Complies','2025-09-10'),
(17,'2025-09-17','09:02:33','09:02:36','Bal_28','443322','Essae','HTR 220 E','gm','NA','0.001','320.000','0.001','\0','\0','\0','a','Abhishek','D','Dharmesh sakpal','2025-09-17','NULL','NA',3,'0.020','0.019','0.021','2025-09-17',0,'WBI_02','11092025','2026-10-15',0,'NULL','Complies','2025-09-11'),
(19,'2025-09-17','17:12:11','17:12:13','BAL002','BL1209','Essae','HTR 220','gm','NA','0.001','320.000','0.001','\0','\0','\0','D','Dharmesh sakpal','13','Devendra','2025-09-17','NULL','NA',3,'0.020','0.019','0.021','2025-10-02',0,'WB001','10092025','2028-10-10',0,'NULL','Complies','2025-09-10'),
(22,'2025-09-19','15:27:51','15:38:23','S023','0012','Essae','HTR 220','gm','NA','0.001','320.000','0.001','\0','\0','\0','21','shruti','45','shruti','2025-09-19','NULL','NA',3,'0.020','0.015','0.025','2025-09-19',0,'0001','01','2026-03-12',0,'NULL','Complies','2025-09-19'),
(23,'2025-09-20','12:55:13','12:55:16','BAL003','1205BL','Essae','HTR 220','gm','NA','0.001','320.000','0.001','\0','\0','\0','D','Dharmesh sakpal','13','Devendra','2025-09-20','NULL','NA',3,'0.020','0.019','0.021','2025-09-19',0,'WB002','09092025','2028-10-17',0,'NULL','Complies','2025-09-10'),
(24,'2025-09-20','14:50:19','14:51:15','BALANCE_002','7890','Essae','HTR 220','gm','NA','0.001','320.000','0.001','\0','\0','\0','21','shruti','45','shruti','2025-09-20','NULL','NA',3,'64.000','63.950','64.200','2025-09-20',0,'0505,0505,0505,0505','0022,0022,0022,0022','2025-09-29,2025-09-29,2025-09-29,2025-09-29',0,'NULL','Complies','2025-09-20,2025-09-20,2025-09-20,2025-09-20'),
(25,'2025-09-20','16:22:02','16:22:54','BALANCE_002','7890','Essae','HTR 220','gm','NA','0.001','320.000','0.001','\0','\0','\0','21','shruti','13','Devendra','2025-09-23','NULL','NA',3,'64.000','63.950','64.200','2025-09-29',0,'SH24','100','2025-09-30',0,'NULL','Complies','2025-09-20'),
(26,'2025-09-22','10:00:58','10:01:41','SHR05','2024','Essae','HTR 220','gm','NA','0.001','320.000','0.001','\0','\0','\0','21','shruti','45','shruti','2025-09-22','NULL','NA',3,'0.020','0.010','0.030','2025-09-22',0,'HM0524','1000','2025-09-30',0,'NULL','Complies','2025-09-22'),
(28,'2025-09-24','10:43:58','10:44:00','BAL003','1205BL','Essae','HTR 220','gm','NA','0.001','320.000','0.001','\0','\0','\0','D','Dharmesh sakpal','13','Devendra','2025-09-24','NULL','NA',3,'0.020','0.019','0.021','2025-10-05',0,'WB002','09092025','2028-10-17',0,'NULL','Complies','2025-09-10'),
(29,'2025-09-25','11:23:14','11:24:50','QWE0524','567890','Essae','HTR 220 E','gm','NA','0.001','320.000','0.001','\0','\0','\0','21','shruti','45','shruti','2025-09-25','NULL','NA',3,'0.020','0.010','0.030','2025-09-25',0,'SHM02','1025','2034-02-22',0,'NULL','Complies','2025-09-25'),
(30,'2025-09-25','12:57:42','12:58:06','bal-01','b001','Essae','HTR 220','gm','NA','0.001','320.000','0.001','\0','\0','\0','21','shruti','45','shruti','2025-09-25','NULL','NA',3,'64.000','60.000','67.000','2025-09-25',0,'WB-001,WB-001,WB-001','12546,12546,12546','2027-12-01,2027-12-01,2027-12-01',0,'NULL','Complies','2025-09-25,2025-09-25,2025-09-25'),
(31,'2025-09-26','11:25:02','11:25:49','OQ1','1478','Essae','HTR 220','gm','NA','0.001','320.000','0.001','\0','\0','\0','021','Tejal','11','Mangesh','2025-09-26','NULL','NA',3,'64.000','60.000','68.000','2025-09-26',0,'WB1,WB1,WB1','456123,456123,456123','2025-12-31,2025-12-31,2025-12-31',0,'NULL','Complies','2025-09-26,2025-09-26,2025-09-26'),
(32,'2025-09-27','11:40:53','11:41:20','OQ1','1478','Essae','HTR 220','gm','NA','0.001','320.000','0.001','\0','\0','\0','Tantra','Tantrasoft','021','Tejal','2025-09-27','NULL','NA',3,'64.000','60.000','68.000','2025-10-01',0,'WB1,WB1,WB1','456123,456123,456123','2025-12-31,2025-12-31,2025-12-31',0,'NULL','Complies','2025-09-26,2025-09-26,2025-09-26'),
(33,'2025-09-27','11:54:29','11:54:33','OQ1','1478','Essae','HTR 220','gm','NA','0.001','320.000','0.001','\0','\0','\0','Tantra','Tantrasoft','021','Tejal','2025-09-27','NULL','NA',3,'64.000','60.000','68.000','2025-10-01',0,'WB1,WB1,WB1','456123,456123,456123','2025-12-31,2025-12-31,2025-12-31',0,'NULL','Complies','2025-09-26,2025-09-26,2025-09-26'),
(34,'2025-09-27','12:00:43','12:01:20','OQ1','1478','Essae','HTR 220','gm','NA','0.001','320.000','0.001','\0','\0','\0','Tantra','Tantrasoft','021','Tejal','2025-09-27','NULL','NA',3,'64.000','60.000','68.000','2025-10-01',0,'WB1,WB1,WB1','456123,456123,456123','2025-12-31,2025-12-31,2025-12-31',0,'NULL','Complies','2025-09-26,2025-09-26,2025-09-26'),
(35,'2025-09-29','12:22:09','12:22:12','BAL2909','23ERGN','Essae','HTR 220','gm','NA','0.001','320.000','0.001','\0','\0','\0','D','Dharmesh sakpal','13','Devendra','2025-09-29','NULL','NA',3,'30.000','29.000','31.000','2025-09-29',0,'WB001','10092025','2028-10-10',0,'NULL','Complies','2025-09-10'),
(36,'2025-09-30','10:03:21','10:03:27','SHR05','2024','Essae','HTR 220','gm','NA','0.001','320.000','0.001','\0','\0','\0','21','shruti','45','shruti','2025-09-30','NULL','NA',3,'0.020','0.010','0.030','2025-09-30',0,'WEIGHTBOX0001','12365','2039-12-31',0,'NULL','Complies','2025-09-30'),
(37,'2025-10-04','11:49:00','11:49:22','QWE0524','567890','Essae','HTR 220 E','gm','NA','0.001','320.000','0.001','\0','\0','\0','21','shruti','45','shruti','2025-10-04','NULL','NA',3,'0.020','0.010','0.030','2025-10-03',0,'0001','01','2026-03-12',0,'NULL','Complies','2025-09-19');

/*Table structure for table `tbl_calibration_eccentricity_master_failed` */


CREATE TABLE `tbl_calibration_eccentricity_master_failed` (
  `SrNo` int(11) NOT NULL AUTO_INCREMENT,
  `Eccent_RepNo` int(11) DEFAULT NULL,
  `Eccent_CalbDate` date NOT NULL,
  `Eccent_CalbTime` time NOT NULL,
  `Eccent_CalbTimeTo` time DEFAULT NULL,
  `Eccent_BalID` varchar(100) COLLATE utf8_unicode_ci NOT NULL DEFAULT 'NULL',
  `Eccent_BalSrNo` varchar(100) COLLATE utf8_unicode_ci NOT NULL DEFAULT 'NULL',
  `Eccent_Make` varchar(100) COLLATE utf8_unicode_ci NOT NULL DEFAULT 'NULL',
  `Eccent_Model` varchar(100) COLLATE utf8_unicode_ci NOT NULL DEFAULT 'NULL',
  `Eccent_Unit` varchar(5) COLLATE utf8_unicode_ci NOT NULL DEFAULT 'NULL',
  `Eccent_Dept` varchar(100) COLLATE utf8_unicode_ci NOT NULL DEFAULT 'NULL',
  `Eccent_LeastCnt` varchar(50) COLLATE utf8_unicode_ci NOT NULL DEFAULT 'NULL',
  `Eccent_MaxCap` varchar(50) COLLATE utf8_unicode_ci NOT NULL DEFAULT 'NULL',
  `Eccent_MinCap` varchar(50) COLLATE utf8_unicode_ci NOT NULL DEFAULT 'NULL',
  `Eccent_ZeroError` bit(1) NOT NULL DEFAULT b'0',
  `Eccent_SpritLevel` bit(1) NOT NULL DEFAULT b'0',
  `Eccent_GerneralCare` bit(1) NOT NULL DEFAULT b'0',
  `Eccent_UserID` varchar(50) COLLATE utf8_unicode_ci NOT NULL DEFAULT 'NULL',
  `Eccent_UserName` varchar(250) COLLATE utf8_unicode_ci NOT NULL DEFAULT 'NULL',
  `Eccent_VerifyID` varchar(50) COLLATE utf8_unicode_ci NOT NULL DEFAULT 'NULL',
  `Eccent_VerifyName` varchar(50) COLLATE utf8_unicode_ci NOT NULL DEFAULT 'NULL',
  `Eccent_VerifyDate` date NOT NULL DEFAULT '1992-12-08',
  `Eccent_Location` varchar(250) COLLATE utf8_unicode_ci NOT NULL DEFAULT 'NULL',
  `Eccent_RoomNo` varchar(50) COLLATE utf8_unicode_ci NOT NULL DEFAULT '0',
  `Decimal_Point` int(11) DEFAULT '0',
  `Eccent_StdWeight` varchar(500) COLLATE utf8_unicode_ci DEFAULT '0',
  `Eccent_NegTol` varchar(500) COLLATE utf8_unicode_ci DEFAULT '0',
  `Eccent_PosTol` varchar(500) COLLATE utf8_unicode_ci DEFAULT '0',
  `Eccent_DueDate` date NOT NULL DEFAULT '1992-12-08',
  `Eccent_PrintNo` int(11) NOT NULL DEFAULT '0',
  `Eccent_AllWeightboxID` varchar(1000) COLLATE utf8_unicode_ci DEFAULT 'NULL',
  `Eccent_AllWeightboxCert` varchar(1000) COLLATE utf8_unicode_ci DEFAULT 'NULL',
  `Eccent_AllWeightboxValidUpto` varchar(1000) COLLATE utf8_unicode_ci DEFAULT 'NULL',
  `Eccent_IsBinBalance` int(1) DEFAULT '0',
  `Eccent_MassWeight` varchar(100) COLLATE utf8_unicode_ci DEFAULT 'NULL',
  `Eccent_Remark` varchar(100) COLLATE utf8_unicode_ci DEFAULT 'NULL',
  `Eccent_AllWeightboxCertDate` varchar(1000) COLLATE utf8_unicode_ci DEFAULT 'NULL',
  PRIMARY KEY (`SrNo`)
) ENGINE=InnoDB AUTO_INCREMENT=17 DEFAULT CHARSET=utf8 COLLATE=utf8_unicode_ci ROW_FORMAT=COMPACT;

/*Data for the table `tbl_calibration_eccentricity_master_failed` */

insert  into `tbl_calibration_eccentricity_master_failed`(`SrNo`,`Eccent_RepNo`,`Eccent_CalbDate`,`Eccent_CalbTime`,`Eccent_CalbTimeTo`,`Eccent_BalID`,`Eccent_BalSrNo`,`Eccent_Make`,`Eccent_Model`,`Eccent_Unit`,`Eccent_Dept`,`Eccent_LeastCnt`,`Eccent_MaxCap`,`Eccent_MinCap`,`Eccent_ZeroError`,`Eccent_SpritLevel`,`Eccent_GerneralCare`,`Eccent_UserID`,`Eccent_UserName`,`Eccent_VerifyID`,`Eccent_VerifyName`,`Eccent_VerifyDate`,`Eccent_Location`,`Eccent_RoomNo`,`Decimal_Point`,`Eccent_StdWeight`,`Eccent_NegTol`,`Eccent_PosTol`,`Eccent_DueDate`,`Eccent_PrintNo`,`Eccent_AllWeightboxID`,`Eccent_AllWeightboxCert`,`Eccent_AllWeightboxValidUpto`,`Eccent_IsBinBalance`,`Eccent_MassWeight`,`Eccent_Remark`,`Eccent_AllWeightboxCertDate`) values 
(1,2,'2025-09-13','09:46:00',NULL,'BAL002','NULL','Essae','HTR 220','gm','NA','0.00100','320.00000','0.00100','\0','\0','\0','D','Dharmesh sakpal','NULL','NULL','1992-12-08','NULL','0',0,'0.020','0.01900','0.02100','2025-10-02',0,'WB001','10092025','2028-10-10',0,'NULL','Not Complies','2025-09-10'),
(2,3,'2025-09-13','09:47:33',NULL,'BAL002','NULL','Essae','HTR 220','gm','NA','0.00100','320.00000','0.00100','\0','\0','\0','D','Dharmesh sakpal','NULL','NULL','1992-12-08','NULL','0',0,'0.020','0.01900','0.02100','2025-10-02',0,'WB001','10092025','2028-10-10',0,'NULL','Complies','2025-09-10'),
(3,4,'2025-09-13','09:48:26',NULL,'BAL002','NULL','Essae','HTR 220','gm','NA','0.00100','320.00000','0.00100','\0','\0','\0','D','Dharmesh sakpal','NULL','NULL','1992-12-08','NULL','0',0,'0.020','0.01900','0.02100','2025-10-02',0,'WB001','10092025','2028-10-10',0,'NULL','Complies','2025-09-10'),
(4,6,'2025-09-15','12:06:14',NULL,'BAL002','NULL','Essae','HTR 220','gm','NA','0.001','320.000','0.001','\0','\0','\0','D','Dharmesh sakpal','NULL','NULL','1992-12-08','NULL','0',0,'0.020','0.019','0.021','2025-10-02',0,'WB001','10092025','2028-10-10',0,'NULL','Not Complies','2025-09-10'),
(5,7,'2025-09-15','12:08:11',NULL,'BAL002','NULL','Essae','HTR 220','gm','NA','0.001','320.000','0.001','\0','\0','\0','D','Dharmesh sakpal','NULL','NULL','1992-12-08','NULL','0',0,'0.020','0.019','0.021','2025-10-02',0,'WB001','10092025','2028-10-10',0,'NULL','Complies','2025-09-10'),
(6,8,'2025-09-15','12:09:09',NULL,'BAL002','NULL','Essae','HTR 220','gm','NA','0.001','320.000','0.001','\0','\0','\0','D','Dharmesh sakpal','NULL','NULL','1992-12-08','NULL','0',0,'0.020','0.019','0.021','2025-10-02',0,'WB001','10092025','2028-10-10',0,'NULL','Complies','2025-09-10'),
(7,10,'2025-09-16','10:21:15',NULL,'BAL002','NULL','Essae','HTR 220','gm','NA','0.001','320.000','0.001','\0','\0','\0','D','Dharmesh sakpal','NULL','NULL','1992-12-08','NULL','0',0,'0.020','0.019','0.021','2025-10-02',0,'WB001','10092025','2028-10-10',0,'NULL','Not Complies','2025-09-10'),
(8,11,'2025-09-16','10:21:46',NULL,'BAL002','NULL','Essae','HTR 220','gm','NA','0.001','320.000','0.001','\0','\0','\0','D','Dharmesh sakpal','NULL','NULL','1992-12-08','NULL','0',0,'0.020','0.019','0.021','2025-10-02',0,'WB001','10092025','2028-10-10',0,'NULL','Complies','2025-09-10'),
(9,13,'2025-09-17','17:12:00','17:12:05','BAL002','NULL','Essae','HTR 220','gm','NA','0.001','320.000','0.001','\0','\0','\0','D','Dharmesh sakpal','NULL','NULL','1992-12-08','NULL','0',0,'0.020','0.019','0.021','2025-10-02',0,'WB001','10092025','2028-10-10',0,'NULL','Not Complies','2025-09-10'),
(10,14,'2025-09-17','17:12:11','17:12:24','BAL002','NULL','Essae','HTR 220','gm','NA','0.001','320.000','0.001','\0','\0','\0','D','Dharmesh sakpal','NULL','NULL','1992-12-08','NULL','0',0,'0.020','0.019','0.021','2025-10-02',0,'WB001','10092025','2028-10-10',0,'NULL','Complies','2025-09-10'),
(11,17,'2025-09-19','15:27:51','15:38:46','S023','NULL','Essae','HTR 220','gm','NA','0.001','320.000','0.001','\0','\0','\0','21','shruti','NULL','NULL','1992-12-08','NULL','0',0,'0.020','0.015','0.025','2025-09-19',0,'0001','01','2026-03-12',0,'NULL','Complies','2025-09-19'),
(12,18,'2025-09-20','14:49:56','14:49:56','BALANCE_002','NULL','Essae','HTR 220','gm','NA','0.001','320.000','0.001','\0','\0','\0','21','shruti','NULL','NULL','1992-12-08','NULL','0',0,'64.000','63.950','64.200','2025-09-20',0,'0505,0505,0505,0505','0022,0022,0022,0022','2025-09-29,2025-09-29,2025-09-29,2025-09-29',0,'NULL','Not Complies','2025-09-20,2025-09-20,2025-09-20,2025-09-20'),
(13,19,'2025-09-20','14:50:19','14:52:49','BALANCE_002','NULL','Essae','HTR 220','gm','NA','0.001','320.000','0.001','\0','\0','\0','21','shruti','NULL','NULL','1992-12-08','NULL','0',0,'64.000','63.950','64.200','2025-09-20',0,'0505,0505,0505,0505','0022,0022,0022,0022','2025-09-29,2025-09-29,2025-09-29,2025-09-29',0,'NULL','Complies','2025-09-20,2025-09-20,2025-09-20,2025-09-20'),
(14,20,'2025-09-20','16:20:47','16:21:44','BALANCE_002','NULL','Essae','HTR 220','gm','NA','0.001','320.000','0.001','\0','\0','\0','21','shruti','NULL','NULL','1992-12-08','NULL','0',0,'64.000','63.950','64.200','2025-09-29',0,'SH24','100','2025-09-30',0,'NULL','Not Complies','2025-09-20'),
(15,22,'2025-09-24','10:43:42','10:43:47','BAL003','NULL','Essae','HTR 220','gm','NA','0.001','320.000','0.001','\0','\0','\0','D','Dharmesh sakpal','NULL','NULL','1992-12-08','NULL','0',0,'0.020','0.019','0.021','2025-10-05',0,'WB002','09092025','2028-10-17',0,'NULL','Not Complies','2025-09-10'),
(16,23,'2025-09-24','10:43:58','10:45:05','BAL003','NULL','Essae','HTR 220','gm','NA','0.001','320.000','0.001','\0','\0','\0','D','Dharmesh sakpal','NULL','NULL','1992-12-08','NULL','0',0,'0.020','0.019','0.021','2025-10-05',0,'WB002','09092025','2028-10-17',0,'NULL','Complies','2025-09-10');

/*Table structure for table `tbl_calibration_eccentricity_master_incomplete` */


CREATE TABLE `tbl_calibration_eccentricity_master_incomplete` (
  `Eccent_RepNo` int(11) NOT NULL,
  `Eccent_CalbDate` date NOT NULL,
  `Eccent_CalbTime` time NOT NULL,
  `Eccent_CalbTimeTo` time DEFAULT NULL,
  `Eccent_BalID` varchar(100) NOT NULL DEFAULT 'NULL',
  `Eccent_BalSrNo` varchar(100) NOT NULL DEFAULT 'NULL',
  `Eccent_Make` varchar(100) NOT NULL DEFAULT 'NULL',
  `Eccent_Model` varchar(100) NOT NULL DEFAULT 'NULL',
  `Eccent_Unit` varchar(5) NOT NULL DEFAULT 'NULL',
  `Eccent_Dept` varchar(100) NOT NULL DEFAULT 'NULL',
  `Eccent_LeastCnt` varchar(50) NOT NULL DEFAULT 'NULL',
  `Eccent_MaxCap` varchar(50) NOT NULL DEFAULT 'NULL',
  `Eccent_MinCap` varchar(50) NOT NULL DEFAULT 'NULL',
  `Eccent_ZeroError` bit(1) NOT NULL DEFAULT b'0',
  `Eccent_SpritLevel` bit(1) NOT NULL DEFAULT b'0',
  `Eccent_GerneralCare` bit(1) NOT NULL DEFAULT b'0',
  `Eccent_UserID` varchar(50) NOT NULL DEFAULT 'NULL',
  `Eccent_UserName` varchar(250) NOT NULL DEFAULT 'NULL',
  `Eccent_VerifyID` varchar(250) DEFAULT 'NULL',
  `Eccent_VerifyName` varchar(50) DEFAULT 'NULL',
  `Eccent_VerifyDate` date NOT NULL DEFAULT '1992-12-08',
  `Eccent_Location` varchar(250) NOT NULL DEFAULT 'NULL',
  `Eccent_RoomNo` varchar(50) NOT NULL DEFAULT '0',
  `Decimal_Point` int(11) DEFAULT '0',
  `Eccent_StdWeight` varchar(500) DEFAULT '0',
  `Eccent_NegTol` varchar(500) DEFAULT '0',
  `Eccent_PosTol` varchar(500) DEFAULT '0',
  `Eccent_DueDate` date NOT NULL DEFAULT '1992-12-08',
  `Eccent_PrintNo` int(11) NOT NULL DEFAULT '0',
  `Eccent_AllWeightboxID` varchar(1000) DEFAULT 'NULL',
  `Eccent_AllWeightboxCert` varchar(1000) DEFAULT 'NULL',
  `Eccent_AllWeightboxValidUpto` varchar(1000) DEFAULT 'NULL',
  `Eccent_IsBinBalance` int(1) DEFAULT '0',
  `Eccent_MassWeight` varchar(100) DEFAULT 'NULL',
  `Eccent_Remark` varchar(100) DEFAULT 'NULL',
  `Eccent_AllWeightboxCertDate` varchar(1000) DEFAULT 'NULL',
  KEY `Eccent_RepNo` (`Eccent_RepNo`)
) ENGINE=InnoDB DEFAULT CHARSET=latin1;

/*Data for the table `tbl_calibration_eccentricity_master_incomplete` */

/*Table structure for table `tbl_calibration_eccentricity_master_temp` */


CREATE TABLE `tbl_calibration_eccentricity_master_temp` (
  `Eccent_RepNo` int(11) NOT NULL,
  `Eccent_CalbDate` date NOT NULL,
  `Eccent_CalbTime` time NOT NULL,
  `Eccent_CalbTimeTo` time DEFAULT NULL,
  `Eccent_BalID` varchar(100) NOT NULL DEFAULT 'NULL',
  `Eccent_BalSrNo` varchar(100) NOT NULL DEFAULT 'NULL',
  `Eccent_Make` varchar(100) NOT NULL DEFAULT 'NULL',
  `Eccent_Model` varchar(100) NOT NULL DEFAULT 'NULL',
  `Eccent_Unit` varchar(5) NOT NULL DEFAULT 'NULL',
  `Eccent_Dept` varchar(100) NOT NULL DEFAULT 'NULL',
  `Eccent_LeastCnt` varchar(10) NOT NULL,
  `Eccent_MaxCap` varchar(10) NOT NULL,
  `Eccent_MinCap` varchar(10) NOT NULL,
  `Eccent_ZeroError` bit(1) NOT NULL DEFAULT b'0',
  `Eccent_SpritLevel` bit(1) NOT NULL DEFAULT b'0',
  `Eccent_GerneralCare` bit(1) NOT NULL DEFAULT b'0',
  `Eccent_UserID` varchar(50) NOT NULL DEFAULT 'NULL',
  `Eccent_UserName` varchar(250) NOT NULL DEFAULT 'NULL',
  `Eccent_VerifyID` varchar(50) NOT NULL DEFAULT 'NULL',
  `Eccent_VerifyName` varchar(250) NOT NULL DEFAULT 'NULL',
  `Eccent_VerifyDate` date NOT NULL DEFAULT '1992-12-08',
  `Eccent_Location` varchar(250) NOT NULL DEFAULT 'NULL',
  `Eccent_RoomNo` varchar(50) NOT NULL DEFAULT '0',
  `Decimal_Point` int(11) NOT NULL DEFAULT '0',
  `Eccent_DueDate` date NOT NULL DEFAULT '1992-12-08',
  `Eccent_PrintNo` int(11) NOT NULL DEFAULT '0',
  `HMI_ID` varchar(50) DEFAULT '0',
  `Eccent_IsBinBalance` int(1) DEFAULT '0',
  `Eccent_MassWeight` varchar(100) DEFAULT 'NULL',
  `Eccent_Remark` varchar(100) DEFAULT 'NULL',
  `Eccent_AllWeightboxCertDate` varchar(1000) DEFAULT 'NULL',
  `Eccent_AllWeightboxID` varchar(1000) DEFAULT 'NULL',
  KEY `Eccent_RepNo` (`Eccent_RepNo`)
) ENGINE=InnoDB DEFAULT CHARSET=latin1;

/*Data for the table `tbl_calibration_eccentricity_master_temp` */

insert  into `tbl_calibration_eccentricity_master_temp`(`Eccent_RepNo`,`Eccent_CalbDate`,`Eccent_CalbTime`,`Eccent_CalbTimeTo`,`Eccent_BalID`,`Eccent_BalSrNo`,`Eccent_Make`,`Eccent_Model`,`Eccent_Unit`,`Eccent_Dept`,`Eccent_LeastCnt`,`Eccent_MaxCap`,`Eccent_MinCap`,`Eccent_ZeroError`,`Eccent_SpritLevel`,`Eccent_GerneralCare`,`Eccent_UserID`,`Eccent_UserName`,`Eccent_VerifyID`,`Eccent_VerifyName`,`Eccent_VerifyDate`,`Eccent_Location`,`Eccent_RoomNo`,`Decimal_Point`,`Eccent_DueDate`,`Eccent_PrintNo`,`HMI_ID`,`Eccent_IsBinBalance`,`Eccent_MassWeight`,`Eccent_Remark`,`Eccent_AllWeightboxCertDate`,`Eccent_AllWeightboxID`) values 
(8,'2025-09-12','09:29:17','09:29:21','Bal_27','NULL','Essae','HTR 220 E','gm','NA','0.00100','320.00000','0.00100','\0','\0','\0','a','Abhishek','12','Sail','2025-09-18','NULL','0',0,'2025-09-12',0,'192.168.1.134',0,'NULL','Complies','2025-09-10','WBI_01'),
(17,'2025-09-17','09:02:33','09:02:36','Bal_28','NULL','Essae','HTR 220 E','gm','NA','0.001','320.000','0.001','\0','\0','\0','a','Abhishek','D','Dharmesh sakpal','2025-09-17','NULL','0',0,'2025-09-17',0,'192.168.1.184',0,'NULL','Complies','2025-09-11','WBI_02'),
(26,'2025-09-22','10:00:58','10:01:41','SHR05','NULL','Essae','HTR 220','gm','NA','0.001','320.000','0.001','\0','\0','\0','21','shruti','NULL','NULL','1992-12-08','NULL','0',0,'2025-09-22',0,'192.168.1.166',0,'NULL','Complies','2025-09-22','HM0524'),
(34,'2025-09-27','12:00:43','12:01:20','OQ1','NULL','Essae','HTR 220','gm','NA','0.001','320.000','0.001','\0','\0','\0','Tantra','Tantrasoft','021','Tejal','2025-09-27','NULL','0',0,'2025-10-01',0,'192.168.1.145',0,'NULL','Complies','2025-09-26,2025-09-26,2025-09-26','WB1,WB1,WB1'),
(31,'2025-09-26','11:25:02','11:25:49','OQ1','NULL','Essae','HTR 220','gm','NA','0.001','320.000','0.001','\0','\0','\0','021','Tejal','11','Mangesh','2025-09-26','NULL','0',0,'2025-09-26',0,'192.168.1.129',0,'NULL','Complies','2025-09-26,2025-09-26,2025-09-26','WB1,WB1,WB1'),
(37,'2025-10-04','11:49:00','11:49:22','QWE0524','NULL','Essae','HTR 220 E','gm','NA','0.001','320.000','0.001','\0','\0','\0','21','shruti','45','shruti','2025-10-04','NULL','0',0,'2025-10-03',0,'192.168.1.157',0,'NULL','Complies','2025-09-19','0001'),
(35,'2025-09-29','12:22:09','12:22:12','BAL2909','NULL','Essae','HTR 220','gm','NA','0.001','320.000','0.001','\0','\0','\0','D','Dharmesh sakpal','13','Devendra','2025-09-29','NULL','0',0,'2025-09-29',0,'192.168.1.108',0,'NULL','Complies','2025-09-10','WB001');

/*Table structure for table `tbl_calibration_eccentricity_print` */


CREATE TABLE `tbl_calibration_eccentricity_print` (
  `RecNo` int(11) NOT NULL AUTO_INCREMENT,
  `RepSrNo` int(11) NOT NULL DEFAULT '0',
  `PrintNo` int(11) NOT NULL DEFAULT '0',
  `Reason` varchar(300) NOT NULL DEFAULT 'NULL',
  `Title` varchar(20) NOT NULL DEFAULT 'NULL',
  `UserID` varchar(50) NOT NULL DEFAULT 'NULL',
  `UserName` varchar(100) NOT NULL DEFAULT 'NULL',
  `Print_Dt` date NOT NULL,
  `Print_Tm` time NOT NULL,
  `Incomplete` bit(1) NOT NULL DEFAULT b'0',
  PRIMARY KEY (`RecNo`)
) ENGINE=InnoDB DEFAULT CHARSET=latin1;

/*Data for the table `tbl_calibration_eccentricity_print` */

/*Table structure for table `tbl_calibration_linearity_detail` */


CREATE TABLE `tbl_calibration_linearity_detail` (
  `Linear_RepNo` int(11) NOT NULL DEFAULT '0',
  `Linear_RecNo` int(11) NOT NULL DEFAULT '0',
  `Linear_BalStdWt` varchar(50) NOT NULL DEFAULT 'NULL',
  `Linear_BalNegTol` varchar(50) NOT NULL DEFAULT 'NULL',
  `Linear_BalPosTol` varchar(50) NOT NULL DEFAULT 'NULL',
  `Linear_ActualWt` varchar(50) NOT NULL DEFAULT 'NULL',
  `Linear_StdWtBoxID` varchar(5000) NOT NULL DEFAULT 'NULL',
  `Linear_StdWt` varchar(5000) NOT NULL DEFAULT 'NULL',
  `Linear_WtIdentification` varchar(5000) NOT NULL DEFAULT 'NULL',
  `Linear_WeightBox_certfctNo` varchar(5000) DEFAULT 'NULL',
  `Linear_PercentofCapacity` varchar(50) NOT NULL DEFAULT 'NULL',
  `Linear_Decimal_Point` int(11) DEFAULT NULL,
  `Linear_ValDate` varchar(5000) DEFAULT NULL,
  `Linear_Tolerance` varchar(50) DEFAULT 'NULL',
  KEY `RecNo` (`Linear_RecNo`)
) ENGINE=InnoDB DEFAULT CHARSET=latin1;

/*Data for the table `tbl_calibration_linearity_detail` */

insert  into `tbl_calibration_linearity_detail`(`Linear_RepNo`,`Linear_RecNo`,`Linear_BalStdWt`,`Linear_BalNegTol`,`Linear_BalPosTol`,`Linear_ActualWt`,`Linear_StdWtBoxID`,`Linear_StdWt`,`Linear_WtIdentification`,`Linear_WeightBox_certfctNo`,`Linear_PercentofCapacity`,`Linear_Decimal_Point`,`Linear_ValDate`,`Linear_Tolerance`) values 
(2,1,'0.020','0.019','0.021','0.020','WBI_01','0.020','','12321','NULL',NULL,'2026-10-14','± 0.001'),
(2,2,'64.000','63.997','64.006','64.000','WBI_01','64','','12321','NULL',NULL,'2026-10-14','- 0.003 + 0.006'),
(2,3,'160.000','159.994','160.009','160.000','WBI_01','160','','12321','NULL',NULL,'2026-10-14','- 0.006 + 0.009'),
(2,4,'256.000','255.993','256.005','256.000','WBI_01','256','','12321','NULL',NULL,'2026-10-14','- 0.007 + 0.005'),
(4,1,'0.020','0.019','0.021','0.020','WB001','0.020','','10092025','NULL',NULL,'2028-10-10','± 0.001'),
(4,2,'10.000','9.000','11.000','10.000','WB001','10.000','','10092025','NULL',NULL,'2028-10-10','± 1.000'),
(4,3,'20.000','19.000','21.000','20.000','WB001','20.000','','10092025','NULL',NULL,'2028-10-10','± 1.000'),
(4,4,'30.000','29.000','31.000','30.000','WB001','30.000','','10092025','NULL',NULL,'2028-10-10','± 1.000'),
(4,5,'40.000','39.000','41.000','40.000','WB001','40.000','','10092025','NULL',NULL,'2028-10-10','± 1.000'),
(6,1,'0.020','0.019','0.022','0.020','WBI_01','0.020','','12321','NULL',NULL,'2026-10-14','- 0.001 + 0.002'),
(6,2,'64.000','63.994','64.007','64.000','WBI_01','64','','12321','NULL',NULL,'2026-10-14','- 0.006 + 0.007'),
(6,3,'160.000','159.993','160.008','160.000','WBI_01','160','','12321','NULL',NULL,'2026-10-14','- 0.007 + 0.008'),
(6,4,'256.000','255.992','256.009','256.000','WBI_01','256','','12321','NULL',NULL,'2026-10-14','- 0.008 + 0.009'),
(7,1,'0.020','0.019','0.022','0.020','WBI_02','0.020','','11092025','NULL',NULL,'2026-10-15','- 0.001 + 0.002'),
(7,2,'10.000','9.994','10.007','10.000','WBI_02','10','','11092025','NULL',NULL,'2026-10-15','- 0.006 + 0.007'),
(7,3,'50.000','49.993','50.008','50.000','WBI_02','50','','11092025','NULL',NULL,'2026-10-15','- 0.007 + 0.008'),
(7,4,'64.000','63.996','64.005','64.000','WBI_02','64','','11092025','NULL',NULL,'2026-10-15','- 0.004 + 0.005'),
(7,5,'100.000','99.995','100.002','100.000','WBI_02','100','','11092025','NULL',NULL,'2026-10-15','- 0.005 + 0.002'),
(7,6,'160.000','159.994','160.007','160.000','WBI_02','160','','11092025','NULL',NULL,'2026-10-15','- 0.006 + 0.007'),
(7,7,'200.000','199.993','200.004','200.000','WBI_02','200','','11092025','NULL',NULL,'2026-10-15','- 0.007 + 0.004'),
(7,8,'220.000','219.998','220.009','220.000','WBI_02','220','','11092025','NULL',NULL,'2026-10-15','- 0.002 + 0.009'),
(7,9,'256.000','255.991','256.008','256.000','WBI_02','256','','11092025','NULL',NULL,'2026-10-15','- 0.009 + 0.008'),
(8,1,'0.020','0.019','0.022','0.020','WBI_01','0.020','','12321','NULL',NULL,'2026-10-14','- 0.001 + 0.002'),
(8,2,'64.000','63.994','64.007','64.000','WBI_02','64','','11092025','NULL',NULL,'2026-10-15','- 0.006 + 0.007'),
(8,3,'160.000','159.995','160.006','160.000','WBI_02','160','','11092025','NULL',NULL,'2026-10-15','- 0.005 + 0.006'),
(8,4,'256.000','255.992','256.009','256.000','WBI_01','256','','12321','NULL',NULL,'2026-10-14','- 0.008 + 0.009'),
(9,1,'0.020','0.019','0.021','0.020','WB001','0.020','','10092025','NULL',NULL,'2028-10-10','± 0.001'),
(9,2,'10.000','9.000','11.000','10.000','WB001','10.000','','10092025','NULL',NULL,'2028-10-10','± 1.000'),
(9,3,'20.000','19.000','21.000','20.000','WB001','20.000','','10092025','NULL',NULL,'2028-10-10','± 1.000'),
(9,4,'30.000','29.000','31.000','30.000','WB001','30.000','','10092025','NULL',NULL,'2028-10-10','± 1.000'),
(9,5,'40.000','39.000','41.000','40.000','WB001','40.000','','10092025','NULL',NULL,'2028-10-10','± 1.000'),
(11,1,'0.020','0.019','0.021','0.020','WB001','0.020','','10092025','NULL',NULL,'2028-10-10','± 0.001'),
(11,2,'10.000','9.000','11.000','10.000','WB001','10.000','','10092025','NULL',NULL,'2028-10-10','± 1.000'),
(11,3,'20.000','19.000','21.000','20.000','WB001','20.000','','10092025','NULL',NULL,'2028-10-10','± 1.000'),
(11,4,'30.000','29.000','31.000','30.000','WB001','30.000','','10092025','NULL',NULL,'2028-10-10','± 1.000'),
(11,5,'40.000','39.000','41.000','40.000','WB001','40.000','','10092025','NULL',NULL,'2028-10-10','± 1.000'),
(12,1,'0.020','0.019','0.022','0.020','WBI_01','0.020','','12321','NULL',NULL,'2026-10-14','- 0.001 + 0.002'),
(12,2,'64.000','63.994','64.007','64.000','WBI_01','64','','12321','NULL',NULL,'2026-10-14','- 0.006 + 0.007'),
(12,3,'160.000','159.993','160.008','160.000','WBI_01','160','','12321','NULL',NULL,'2026-10-14','- 0.007 + 0.008'),
(12,4,'256.000','255.992','256.009','256.000','WBI_01','256','','12321','NULL',NULL,'2026-10-14','- 0.008 + 0.009'),
(14,1,'0.020','0.019','0.021','0.020','WB001','0.020','','10092025','NULL',NULL,'2028-10-10','± 0.001'),
(14,2,'10.000','9.000','11.000','10.000','WB001','10.000','','10092025','NULL',NULL,'2028-10-10','± 1.000'),
(14,3,'20.000','19.000','21.000','20.000','WB001','20.000','','10092025','NULL',NULL,'2028-10-10','± 1.000'),
(14,4,'30.000','29.000','31.000','30.000','WB001','30.000','','10092025','NULL',NULL,'2028-10-10','± 1.000'),
(14,5,'40.000','39.000','41.000','40.000','WB001','40.000','','10092025','NULL',NULL,'2028-10-10','± 1.000'),
(16,1,'0.020','0.019','0.021','0.020','WB001','0.020','','10092025','NULL',NULL,'2028-10-10','± 0.001'),
(16,2,'10.000','9.000','11.000','10.000','WB001','10.000','','10092025','NULL',NULL,'2028-10-10','± 1.000'),
(16,3,'20.000','19.000','21.000','20.000','WB001','20.000','','10092025','NULL',NULL,'2028-10-10','± 1.000'),
(16,4,'30.000','29.000','31.000','30.000','WB001','30.000','','10092025','NULL',NULL,'2028-10-10','± 1.000'),
(16,5,'40.000','39.000','41.000','40.000','WB001','40.000','','10092025','NULL',NULL,'2028-10-10','± 1.000'),
(17,1,'0.020','0.019','0.021','0.020','WBI_02','0.020','','11092025','NULL',NULL,'2026-10-15','± 0.001'),
(17,2,'64.000','63.998','64.009','64.000','WBI_02','64','','11092025','NULL',NULL,'2026-10-15','- 0.002 + 0.009'),
(17,3,'160.000','159.995','160.008','160.000','WBI_02','160','','11092025','NULL',NULL,'2026-10-15','- 0.005 + 0.008'),
(17,4,'256.000','255.994','256.007','256.000','WBI_02','256','','11092025','NULL',NULL,'2026-10-15','- 0.006 + 0.007'),
(19,1,'0.020','0.019','0.021','0.020','WB001','0.020','','10092025','NULL',NULL,'2028-10-10','± 0.001'),
(19,2,'10.000','9.000','11.000','10.000','WB001','10.000','','10092025','NULL',NULL,'2028-10-10','± 1.000'),
(19,3,'20.000','19.000','21.000','20.000','WB001','20.000','','10092025','NULL',NULL,'2028-10-10','± 1.000'),
(19,4,'30.000','29.000','31.000','30.000','WB001','30.000','','10092025','NULL',NULL,'2028-10-10','± 1.000'),
(19,5,'40.000','39.000','41.000','40.000','WB001','40.000','','10092025','NULL',NULL,'2028-10-10','± 1.000'),
(22,1,'0.020','0.015','0.025','0.021','0001','0.020','','01','NULL',NULL,'2026-03-12','± 0.005'),
(22,2,'64.000','63.915','64.320','64.310','0001','64.00','','01','NULL',NULL,'2026-03-12','- 0.085 + 0.320'),
(22,3,'160.000','159.990','160.250','159.999','0001','160.00','','01','NULL',NULL,'2026-03-12','- 0.010 + 0.250'),
(22,4,'256.000','255.915','256.220','255.917','0001','256.00','','01','NULL',NULL,'2026-03-12','- 0.085 + 0.220'),
(23,1,'0.020','0.019','0.021','0.020','WB002','0.020','','09092025','NULL',NULL,'2028-10-17','± 0.001'),
(23,2,'10.000','9.000','11.000','10.000','WB002','10.000','','09092025','NULL',NULL,'2028-10-17','± 1.000'),
(23,3,'20.000','19.000','21.000','20.000','WB002','20.000','','09092025','NULL',NULL,'2028-10-17','± 1.000'),
(23,4,'30.000','29.000','31.000','30.000','WB002','30.000','','09092025','NULL',NULL,'2028-10-17','± 1.000'),
(23,5,'40.000','39.000','41.000','40.000','WB002','40.000','','09092025','NULL',NULL,'2028-10-17','± 1.000'),
(24,1,'0.020','0.010','0.030','0.025','0001','0.020','','01','NULL',NULL,'2026-03-12','- 0.010 + 0.010'),
(24,2,'64.000','63.950','64.200','64.100','0505,0505,0505,0505','30,20,10,4','','0022,0022,0022,0022','NULL',NULL,'2025-09-29,2025-09-29,2025-09-29,2025-09-29','- 0.050 + 0.200'),
(24,3,'160.000','159.990','160.200','160.150','0505,0505,0505','100,50,10','','0022,0022,0022','NULL',NULL,'2025-09-29,2025-09-29,2025-09-29','- 0.010 + 0.200'),
(24,4,'256.000','255.950','256.250','256.200','0001','256.00','','01','NULL',NULL,'2026-03-12','- 0.050 + 0.250'),
(25,1,'0.020','0.010','0.030','0.025','SH24','0.020','','100','NULL',NULL,'2025-09-30','- 0.010 + 0.010'),
(25,2,'64.000','63.950','64.200','63.999','SH24','64','','100','NULL',NULL,'2025-09-30','- 0.050 + 0.200'),
(25,3,'160.000','159.990','160.200','159.999','SH24','160','','100','NULL',NULL,'2025-09-30','- 0.010 + 0.200'),
(25,4,'256.000','255.950','256.250','256.249','SH24','256','','100','NULL',NULL,'2025-09-30','- 0.050 + 0.250'),
(26,1,'64.000','63.980','64.200','63.990','HM0524','64','','1000','NULL',NULL,'2025-09-30','- 0.020 + 0.200'),
(26,2,'160.000','159.970','160.300','159.980','HM0524','160','','1000','NULL',NULL,'2025-09-30','- 0.030 + 0.300'),
(26,3,'256.000','255.990','256.300','256.200','HM0524','256','','1000','NULL',NULL,'2025-09-30','- 0.010 + 0.300'),
(28,1,'0.020','0.019','0.021','0.020','WB002','0.020','','09092025','NULL',NULL,'2028-10-17','± 0.001'),
(28,2,'10.000','9.000','11.000','10.000','WB002','10.000','','09092025','NULL',NULL,'2028-10-17','± 1.000'),
(28,3,'20.000','19.000','21.000','20.000','WB002','20.000','','09092025','NULL',NULL,'2028-10-17','± 1.000'),
(28,4,'30.000','29.000','31.000','30.000','WB002','30.000','','09092025','NULL',NULL,'2028-10-17','± 1.000'),
(28,5,'40.000','39.000','41.000','40.000','WB002','40.000','','09092025','NULL',NULL,'2028-10-17','± 1.000'),
(29,1,'160.000','159.600','160.300','159.650','SHM02,SHM02','100,60','','1025,1025','NULL',NULL,'2034-02-22,2034-02-22','- 0.400 + 0.300'),
(29,2,'256.000','255.800','256.300','255.800','SHM02,SHM02,SHM02','200,50,6','','1025,1025,1025','NULL',NULL,'2034-02-22,2034-02-22,2034-02-22','- 0.200 + 0.300'),
(30,1,'0.020','0.015','0.030','0.020','WB-001','0.020','','12546','NULL',NULL,'2027-12-01','- 0.005 + 0.010'),
(30,2,'160.000','145.000','170.000','146.000','WB-001','160','','12546','NULL',NULL,'2027-12-01','- 15.000 + 10.000'),
(30,3,'256.000','250.000','300.000','256.000','WB-001,WB-001,WB-001','200,50,6','','12546,12546,12546','NULL',NULL,'2027-12-01,2027-12-01,2027-12-01','- 6.000 + 44.000'),
(31,1,'0.020','0.010','0.030','0.020','WB1','0.020','','456123','NULL',NULL,'2025-12-31','- 0.010 + 0.010'),
(31,2,'64.000','60.000','68.000','65.000','WB1,WB1,WB1','30,20,14','','456123,456123,456123','NULL',NULL,'2025-12-31,2025-12-31,2025-12-31','± 4.000'),
(31,3,'160.000','158.000','190.000','165.000','WB1,WB1','100,60','','456123,456123','NULL',NULL,'2025-12-31,2025-12-31','- 2.000 + 30.000'),
(31,4,'256.000','250.000','300.000','257.000','WB1,WB1,WB1','200,50,6','','456123,456123,456123','NULL',NULL,'2025-12-31,2025-12-31,2025-12-31','- 6.000 + 44.000'),
(32,1,'0.020','0.010','0.030','0.022','WB1','0.020','','456123','NULL',NULL,'2025-12-31','- 0.010 + 0.010'),
(32,2,'64.000','60.000','68.000','64.000','WB1,WB1,WB1','30,20,14','','456123,456123,456123','NULL',NULL,'2025-12-31,2025-12-31,2025-12-31','± 4.000'),
(32,3,'160.000','158.000','190.000','160.000','WB1,WB1','100,60','','456123,456123','NULL',NULL,'2025-12-31,2025-12-31','- 2.000 + 30.000'),
(32,4,'256.000','250.000','300.000','256.000','WB1,WB1,WB1','200,50,6','','456123,456123,456123','NULL',NULL,'2025-12-31,2025-12-31,2025-12-31','- 6.000 + 44.000'),
(33,1,'0.020','0.010','0.030','0.022','WB1','0.020','','456123','NULL',NULL,'2025-12-31','- 0.010 + 0.010'),
(33,2,'64.000','60.000','68.000','66.000','WB1,WB1,WB1','30,20,14','','456123,456123,456123','NULL',NULL,'2025-12-31,2025-12-31,2025-12-31','± 4.000'),
(33,3,'160.000','158.000','190.000','159.000','WB1,WB1','100,60','','456123,456123','NULL',NULL,'2025-12-31,2025-12-31','- 2.000 + 30.000'),
(33,4,'256.000','250.000','300.000','280.000','WB1,WB1,WB1','200,50,6','','456123,456123,456123','NULL',NULL,'2025-12-31,2025-12-31,2025-12-31','- 6.000 + 44.000'),
(34,1,'0.020','0.010','0.030','0.022','WB1','0.020','','456123','NULL',NULL,'2025-12-31','- 0.010 + 0.010'),
(34,2,'64.000','60.000','68.000','65.000','WB1,WB1,WB1','30,20,14','','456123,456123,456123','NULL',NULL,'2025-12-31,2025-12-31,2025-12-31','± 4.000'),
(34,3,'160.000','158.000','190.000','165.000','WB1,WB1','100,60','','456123,456123','NULL',NULL,'2025-12-31,2025-12-31','- 2.000 + 30.000'),
(34,4,'256.000','250.000','300.000','258.000','WB1,WB1,WB1','200,50,6','','456123,456123,456123','NULL',NULL,'2025-12-31,2025-12-31,2025-12-31','- 6.000 + 44.000'),
(35,1,'0.020','0.019','0.021','0.020','WB001','0.020','','10092025','NULL',NULL,'2028-10-10','± 0.001'),
(35,2,'10.000','9.000','11.000','10.000','WB001','10.000','','10092025','NULL',NULL,'2028-10-10','± 1.000'),
(35,3,'20.000','19.000','21.000','20.000','WB001','20.000','','10092025','NULL',NULL,'2028-10-10','± 1.000'),
(35,4,'30.000','29.000','31.000','30.000','WB002','30.000','','09092025','NULL',NULL,'2028-10-17','± 1.000'),
(35,5,'40.000','39.000','41.000','40.000','WB001','40.000','','10092025','NULL',NULL,'2028-10-10','± 1.000'),
(36,1,'64.000','63.980','64.200','64.000','WEIGHTBOX0001','64.000','','12365','NULL',NULL,'2039-12-31','- 0.020 + 0.200'),
(36,2,'160.000','159.970','160.300','160.000','WEIGHTBOX0001','160.000','','12365','NULL',NULL,'2039-12-31','- 0.030 + 0.300'),
(36,3,'256.000','255.990','256.300','256.000','WEIGHTBOX0001','256.000','','12365','NULL',NULL,'2039-12-31','- 0.010 + 0.300'),
(37,1,'160.000','159.600','160.300','159.650','0001','160.00','','01','NULL',NULL,'2026-03-12','- 0.400 + 0.300'),
(37,2,'256.000','255.800','256.300','256.200','0001','256.00','','01','NULL',NULL,'2026-03-12','- 0.200 + 0.300');

/*Table structure for table `tbl_calibration_linearity_detail_failed` */


CREATE TABLE `tbl_calibration_linearity_detail_failed` (
  `SrNo` int(11) NOT NULL AUTO_INCREMENT,
  `Linear_RecNo` int(11) NOT NULL,
  `Linear_RepNo` int(11) NOT NULL DEFAULT '0',
  `Linear_BalStdWt` varchar(50) NOT NULL DEFAULT 'NULL',
  `Linear_BalNegTol` varchar(50) NOT NULL DEFAULT 'NULL',
  `Linear_BalPosTol` varchar(50) NOT NULL DEFAULT 'NULL',
  `Linear_ActualWt` varchar(50) NOT NULL DEFAULT 'NULL',
  `Linear_StdWtBoxID` varchar(5000) NOT NULL DEFAULT 'NULL',
  `Linear_StdWt` varchar(5000) NOT NULL DEFAULT 'NULL',
  `Linear_WtIdentification` varchar(5000) NOT NULL DEFAULT 'NULL',
  `Linear_WeightBox_certfctNo` varchar(5000) DEFAULT 'NULL',
  `Linear_PercentofCapacity` varchar(50) NOT NULL DEFAULT 'NULL',
  `Linear_Decimal_Point` int(11) DEFAULT NULL,
  `Linear_ValDate` varchar(5000) DEFAULT NULL,
  `Linear_Tolerance` varchar(50) DEFAULT 'NULL',
  PRIMARY KEY (`SrNo`)
) ENGINE=InnoDB AUTO_INCREMENT=102 DEFAULT CHARSET=latin1;

/*Data for the table `tbl_calibration_linearity_detail_failed` */

insert  into `tbl_calibration_linearity_detail_failed`(`SrNo`,`Linear_RecNo`,`Linear_RepNo`,`Linear_BalStdWt`,`Linear_BalNegTol`,`Linear_BalPosTol`,`Linear_ActualWt`,`Linear_StdWtBoxID`,`Linear_StdWt`,`Linear_WtIdentification`,`Linear_WeightBox_certfctNo`,`Linear_PercentofCapacity`,`Linear_Decimal_Point`,`Linear_ValDate`,`Linear_Tolerance`) values 
(1,1,1,'0.020','0.019','0.021','0.020','WB001','0.020','NULL','NULL','NULL',NULL,'2028-10-10','± 0.001'),
(2,2,1,'10.000','9.000','11.000','10.000','WB001','10.000','NULL','NULL','NULL',NULL,'2028-10-10','± 1.000'),
(3,3,1,'20.000','19.000','21.000','20.000','WB001','20.000','NULL','NULL','NULL',NULL,'2028-10-10','± 1.000'),
(4,4,1,'30.000','29.000','31.000','35.000','WB001','30.000','NULL','NULL','NULL',NULL,'2028-10-10','± 1.000'),
(5,1,2,'0.020','0.019','0.021','0.020','WB001','0.020','NULL','NULL','NULL',NULL,'2028-10-10','± 0.001'),
(6,2,2,'10.000','9.000','11.000','10.000','WB001','10.000','NULL','NULL','NULL',NULL,'2028-10-10','± 1.000'),
(7,3,2,'20.000','19.000','21.000','20.000','WB001','20.000','NULL','NULL','NULL',NULL,'2028-10-10','± 1.000'),
(8,4,2,'30.000','29.000','31.000','30.000','WB001','30.000','NULL','NULL','NULL',NULL,'2028-10-10','± 1.000'),
(9,5,2,'40.000','39.000','41.000','40.000','WB001','40.000','NULL','NULL','NULL',NULL,'2028-10-10','± 1.000'),
(10,1,3,'0.020','0.019','0.021','0.020','WB001','0.020','NULL','NULL','NULL',NULL,'2028-10-10','± 0.001'),
(11,2,3,'10.000','9.000','11.000','10.000','WB001','10.000','NULL','NULL','NULL',NULL,'2028-10-10','± 1.000'),
(12,3,3,'20.000','19.000','21.000','20.000','WB001','20.000','NULL','NULL','NULL',NULL,'2028-10-10','± 1.000'),
(13,4,3,'30.000','29.000','31.000','30.000','WB001','30.000','NULL','NULL','NULL',NULL,'2028-10-10','± 1.000'),
(14,5,3,'40.000','39.000','41.000','40.000','WB001','40.000','NULL','NULL','NULL',NULL,'2028-10-10','± 1.000'),
(15,1,4,'0.020','0.019','0.021','0.020','WB001','0.020','NULL','NULL','NULL',NULL,'2028-10-10','± 0.001'),
(16,2,4,'10.000','9.000','11.000','10.000','WB001','10.000','NULL','NULL','NULL',NULL,'2028-10-10','± 1.000'),
(17,3,4,'20.000','19.000','21.000','20.000','WB001','20.000','NULL','NULL','NULL',NULL,'2028-10-10','± 1.000'),
(18,4,4,'30.000','29.000','31.000','30.000','WB001','30.000','NULL','NULL','NULL',NULL,'2028-10-10','± 1.000'),
(19,5,4,'40.000','39.000','41.000','40.000','WB001','40.000','NULL','NULL','NULL',NULL,'2028-10-10','± 1.000'),
(20,1,5,'0.020','0.019','0.021','0.020','WB001','0.020','NULL','NULL','NULL',NULL,'2028-10-10','± 0.001'),
(21,2,5,'10.000','9.000','11.000','10.000','WB001','10.000','NULL','NULL','NULL',NULL,'2028-10-10','± 1.000'),
(22,3,5,'20.000','19.000','21.000','25.000','WB001','20.000','NULL','NULL','NULL',NULL,'2028-10-10','± 1.000'),
(23,1,6,'0.020','0.019','0.021','0.020','WB001','0.020','NULL','NULL','NULL',NULL,'2028-10-10','± 0.001'),
(24,2,6,'10.000','9.000','11.000','10.000','WB001','10.000','NULL','NULL','NULL',NULL,'2028-10-10','± 1.000'),
(25,3,6,'20.000','19.000','21.000','20.000','WB001','20.000','NULL','NULL','NULL',NULL,'2028-10-10','± 1.000'),
(26,4,6,'30.000','29.000','31.000','30.000','WB001','30.000','NULL','NULL','NULL',NULL,'2028-10-10','± 1.000'),
(27,5,6,'40.000','39.000','41.000','40.000','WB001','40.000','NULL','NULL','NULL',NULL,'2028-10-10','± 1.000'),
(28,1,7,'0.020','0.019','0.021','0.020','WB001','0.020','NULL','NULL','NULL',NULL,'2028-10-10','± 0.001'),
(29,2,7,'10.000','9.000','11.000','10.000','WB001','10.000','NULL','NULL','NULL',NULL,'2028-10-10','± 1.000'),
(30,3,7,'20.000','19.000','21.000','20.000','WB001','20.000','NULL','NULL','NULL',NULL,'2028-10-10','± 1.000'),
(31,4,7,'30.000','29.000','31.000','30.000','WB001','30.000','NULL','NULL','NULL',NULL,'2028-10-10','± 1.000'),
(32,5,7,'40.000','39.000','41.000','40.000','WB001','40.000','NULL','NULL','NULL',NULL,'2028-10-10','± 1.000'),
(33,1,8,'0.020','0.019','0.021','0.020','WB001','0.020','NULL','NULL','NULL',NULL,'2028-10-10','± 0.001'),
(34,2,8,'10.000','9.000','11.000','10.000','WB001','10.000','NULL','NULL','NULL',NULL,'2028-10-10','± 1.000'),
(35,3,8,'20.000','19.000','21.000','20.000','WB001','20.000','NULL','NULL','NULL',NULL,'2028-10-10','± 1.000'),
(36,4,8,'30.000','29.000','31.000','30.000','WB001','30.000','NULL','NULL','NULL',NULL,'2028-10-10','± 1.000'),
(37,5,8,'40.000','39.000','41.000','40.000','WB001','40.000','NULL','NULL','NULL',NULL,'2028-10-10','± 1.000'),
(38,1,9,'0.020','0.019','0.021','0.020','WB001','0.020','NULL','NULL','NULL',NULL,'2028-10-10','± 0.001'),
(39,2,9,'10.000','9.000','11.000','10.000','WB001','10.000','NULL','NULL','NULL',NULL,'2028-10-10','± 1.000'),
(40,3,9,'20.000','19.000','21.000','20.000','WB001','20.000','NULL','NULL','NULL',NULL,'2028-10-10','± 1.000'),
(41,4,9,'30.000','29.000','31.000','36.000','WB001','30.000','NULL','NULL','NULL',NULL,'2028-10-10','± 1.000'),
(42,1,10,'0.020','0.019','0.021','0.020','WB001','0.020','NULL','NULL','NULL',NULL,'2028-10-10','± 0.001'),
(43,2,10,'10.000','9.000','11.000','10.000','WB001','10.000','NULL','NULL','NULL',NULL,'2028-10-10','± 1.000'),
(44,3,10,'20.000','19.000','21.000','20.000','WB001','20.000','NULL','NULL','NULL',NULL,'2028-10-10','± 1.000'),
(45,4,10,'30.000','29.000','31.000','30.000','WB001','30.000','NULL','NULL','NULL',NULL,'2028-10-10','± 1.000'),
(46,5,10,'40.000','39.000','41.000','40.000','WB001','40.000','NULL','NULL','NULL',NULL,'2028-10-10','± 1.000'),
(47,1,11,'0.020','0.019','0.021','0.020','WB001','0.020','NULL','NULL','NULL',NULL,'2028-10-10','± 0.001'),
(48,2,11,'10.000','9.000','11.000','10.000','WB001','10.000','NULL','NULL','NULL',NULL,'2028-10-10','± 1.000'),
(49,3,11,'20.000','19.000','21.000','20.000','WB001','20.000','NULL','NULL','NULL',NULL,'2028-10-10','± 1.000'),
(50,4,11,'30.000','29.000','31.000','30.000','WB001','30.000','NULL','NULL','NULL',NULL,'2028-10-10','± 1.000'),
(51,5,11,'40.000','39.000','41.000','40.000','WB001','40.000','NULL','NULL','NULL',NULL,'2028-10-10','± 1.000'),
(52,1,12,'0.020','0.019','0.021','0.020','WB001','0.020','NULL','NULL','NULL',NULL,'2028-10-10','± 0.001'),
(53,2,12,'10.000','9.000','11.000','10.000','WB001','10.000','NULL','NULL','NULL',NULL,'2028-10-10','± 1.000'),
(54,3,12,'20.000','19.000','21.000','22.000','WB001','20.000','NULL','NULL','NULL',NULL,'2028-10-10','± 1.000'),
(55,1,13,'0.020','0.019','0.021','0.020','WB001','0.020','NULL','NULL','NULL',NULL,'2028-10-10','± 0.001'),
(56,2,13,'10.000','9.000','11.000','10.000','WB001','10.000','NULL','NULL','NULL',NULL,'2028-10-10','± 1.000'),
(57,3,13,'20.000','19.000','21.000','20.000','WB001','20.000','NULL','NULL','NULL',NULL,'2028-10-10','± 1.000'),
(58,4,13,'30.000','29.000','31.000','30.000','WB001','30.000','NULL','NULL','NULL',NULL,'2028-10-10','± 1.000'),
(59,5,13,'40.000','39.000','41.000','40.000','WB001','40.000','NULL','NULL','NULL',NULL,'2028-10-10','± 1.000'),
(60,1,14,'0.020','0.019','0.021','0.020','WB001','0.020','NULL','NULL','NULL',NULL,'2028-10-10','± 0.001'),
(61,2,14,'10.000','9.000','11.000','10.000','WB001','10.000','NULL','NULL','NULL',NULL,'2028-10-10','± 1.000'),
(62,3,14,'20.000','19.000','21.000','20.000','WB001','20.000','NULL','NULL','NULL',NULL,'2028-10-10','± 1.000'),
(63,4,14,'30.000','29.000','31.000','30.000','WB001','30.000','NULL','NULL','NULL',NULL,'2028-10-10','± 1.000'),
(64,5,14,'40.000','39.000','41.000','40.000','WB001','40.000','NULL','NULL','NULL',NULL,'2028-10-10','± 1.000'),
(65,1,15,'0.020','0.015','0.025','0.022','0001','0.020','NULL','NULL','NULL',NULL,'2026-03-12','± 0.005'),
(66,2,15,'64.000','63.915','64.320','64.310','0001','64.00','NULL','NULL','NULL',NULL,'2026-03-12','- 0.085 + 0.320'),
(67,3,15,'160.000','159.990','160.250','60.200','0001','160.00','NULL','NULL','NULL',NULL,'2026-03-12','- 0.010 + 0.250'),
(68,1,16,'0.020','0.015','0.025','0.021','0001','0.020','NULL','NULL','NULL',NULL,'2026-03-12','± 0.005'),
(69,2,16,'64.000','63.915','64.320','64.300','0001','64.00','NULL','NULL','NULL',NULL,'2026-03-12','- 0.085 + 0.320'),
(70,3,16,'160.000','159.990','160.250','159.999','0001','160.00','NULL','NULL','NULL',NULL,'2026-03-12','- 0.010 + 0.250'),
(71,4,16,'256.000','255.915','256.220','255.900','0001','256.00','NULL','NULL','NULL',NULL,'2026-03-12','- 0.085 + 0.220'),
(72,1,17,'0.020','0.015','0.025','0.021','0001','0.020','NULL','NULL','NULL',NULL,'2026-03-12','± 0.005'),
(73,2,17,'64.000','63.915','64.320','64.310','0001','64.00','NULL','NULL','NULL',NULL,'2026-03-12','- 0.085 + 0.320'),
(74,3,17,'160.000','159.990','160.250','159.999','0001','160.00','NULL','NULL','NULL',NULL,'2026-03-12','- 0.010 + 0.250'),
(75,4,17,'256.000','255.915','256.220','255.917','0001','256.00','NULL','NULL','NULL',NULL,'2026-03-12','- 0.085 + 0.220'),
(76,1,18,'0.020','0.010','0.030','0.025','0001','0.020','NULL','NULL','NULL',NULL,'2026-03-12','- 0.010 + 0.010'),
(77,2,18,'64.000','63.950','64.200','64.100','0505,0505,0505,0505','30,20,10,4','NULL','NULL','NULL',NULL,'2025-09-29,2025-09-29,2025-09-29,2025-09-29','- 0.050 + 0.200'),
(78,3,18,'160.000','159.990','160.200','160.150','0505,0505,0505','100,50,10','NULL','NULL','NULL',NULL,'2025-09-29,2025-09-29,2025-09-29','- 0.010 + 0.200'),
(79,4,18,'256.000','255.950','256.250','256.200','0001','256.00','NULL','NULL','NULL',NULL,'2026-03-12','- 0.050 + 0.250'),
(80,1,19,'0.020','0.010','0.030','0.025','0001','0.020','NULL','NULL','NULL',NULL,'2026-03-12','- 0.010 + 0.010'),
(81,2,19,'64.000','63.950','64.200','64.100','0505,0505,0505,0505','30,20,10,4','NULL','NULL','NULL',NULL,'2025-09-29,2025-09-29,2025-09-29,2025-09-29','- 0.050 + 0.200'),
(82,3,19,'160.000','159.990','160.200','160.150','0505,0505,0505','100,50,10','NULL','NULL','NULL',NULL,'2025-09-29,2025-09-29,2025-09-29','- 0.010 + 0.200'),
(83,4,19,'256.000','255.950','256.250','256.200','0001','256.00','NULL','NULL','NULL',NULL,'2026-03-12','- 0.050 + 0.250'),
(84,1,20,'0.020','0.010','0.030','0.025','SH24','0.020','NULL','NULL','NULL',NULL,'2025-09-30','- 0.010 + 0.010'),
(85,2,20,'64.000','63.950','64.200','63.999','SH24','64','NULL','NULL','NULL',NULL,'2025-09-30','- 0.050 + 0.200'),
(86,3,20,'160.000','159.990','160.200','159.999','SH24','160','NULL','NULL','NULL',NULL,'2025-09-30','- 0.010 + 0.200'),
(87,4,20,'256.000','255.950','256.250','256.249','SH24','256','NULL','NULL','NULL',NULL,'2025-09-30','- 0.050 + 0.250'),
(88,1,21,'0.020','0.019','0.021','0.020','WB002','0.020','NULL','NULL','NULL',NULL,'2028-10-17','± 0.001'),
(89,2,21,'10.000','9.000','11.000','10.000','WB002','10.000','NULL','NULL','NULL',NULL,'2028-10-17','± 1.000'),
(90,3,21,'20.000','19.000','21.000','20.000','WB002','20.000','NULL','NULL','NULL',NULL,'2028-10-17','± 1.000'),
(91,4,21,'30.000','29.000','31.000','33.000','WB002','30.000','NULL','NULL','NULL',NULL,'2028-10-17','± 1.000'),
(92,1,22,'0.020','0.019','0.021','0.020','WB002','0.020','NULL','NULL','NULL',NULL,'2028-10-17','± 0.001'),
(93,2,22,'10.000','9.000','11.000','10.000','WB002','10.000','NULL','NULL','NULL',NULL,'2028-10-17','± 1.000'),
(94,3,22,'20.000','19.000','21.000','20.000','WB002','20.000','NULL','NULL','NULL',NULL,'2028-10-17','± 1.000'),
(95,4,22,'30.000','29.000','31.000','30.000','WB002','30.000','NULL','NULL','NULL',NULL,'2028-10-17','± 1.000'),
(96,5,22,'40.000','39.000','41.000','40.000','WB002','40.000','NULL','NULL','NULL',NULL,'2028-10-17','± 1.000'),
(97,1,23,'0.020','0.019','0.021','0.020','WB002','0.020','NULL','NULL','NULL',NULL,'2028-10-17','± 0.001'),
(98,2,23,'10.000','9.000','11.000','10.000','WB002','10.000','NULL','NULL','NULL',NULL,'2028-10-17','± 1.000'),
(99,3,23,'20.000','19.000','21.000','20.000','WB002','20.000','NULL','NULL','NULL',NULL,'2028-10-17','± 1.000'),
(100,4,23,'30.000','29.000','31.000','30.000','WB002','30.000','NULL','NULL','NULL',NULL,'2028-10-17','± 1.000'),
(101,5,23,'40.000','39.000','41.000','40.000','WB002','40.000','NULL','NULL','NULL',NULL,'2028-10-17','± 1.000');

/*Table structure for table `tbl_calibration_linearity_detail_incomplete` */


CREATE TABLE `tbl_calibration_linearity_detail_incomplete` (
  `Linear_RepNo` int(11) NOT NULL DEFAULT '0',
  `Linear_RecNo` int(11) NOT NULL DEFAULT '0',
  `Linear_BalStdWt` varchar(50) NOT NULL DEFAULT 'NULL',
  `Linear_BalNegTol` varchar(50) NOT NULL DEFAULT 'NULL',
  `Linear_BalPosTol` varchar(50) NOT NULL DEFAULT 'NULL',
  `Linear_ActualWt` varchar(50) NOT NULL DEFAULT 'NULL',
  `Linear_StdWtBoxID` varchar(5000) NOT NULL DEFAULT 'NULL',
  `Linear_StdWt` varchar(5000) NOT NULL DEFAULT 'NULL',
  `Linear_WtIdentification` varchar(5000) NOT NULL DEFAULT 'NULL',
  `Linear_WeightBox_certfctNo` varchar(5000) DEFAULT 'NULL',
  `Linear_PercentofCapacity` varchar(50) NOT NULL DEFAULT 'NULL',
  `Linear_Decimal_Point` int(11) DEFAULT NULL,
  `Linear_ValDate` varchar(5000) DEFAULT NULL,
  `Linear_Tolerance` varchar(50) DEFAULT 'NULL',
  KEY `RecNo` (`Linear_RecNo`)
) ENGINE=InnoDB DEFAULT CHARSET=latin1;

/*Data for the table `tbl_calibration_linearity_detail_incomplete` */

insert  into `tbl_calibration_linearity_detail_incomplete`(`Linear_RepNo`,`Linear_RecNo`,`Linear_BalStdWt`,`Linear_BalNegTol`,`Linear_BalPosTol`,`Linear_ActualWt`,`Linear_StdWtBoxID`,`Linear_StdWt`,`Linear_WtIdentification`,`Linear_WeightBox_certfctNo`,`Linear_PercentofCapacity`,`Linear_Decimal_Point`,`Linear_ValDate`,`Linear_Tolerance`) values 
(1,1,'0.020','0.019','0.021','0.020','WBI_01','0.020','','12321','NULL',NULL,'2026-10-14','± 0.001'),
(1,2,'64.000','63.997','64.006','66.000','WBI_01','64','','12321','NULL',NULL,'2026-10-14','- 0.003 + 0.006'),
(3,1,'0.020','0.019','0.021','0.020','WB001','0.020','','10092025','NULL',NULL,'2028-10-10','± 0.001'),
(3,2,'10.000','9.000','11.000','10.000','WB001','10.000','','10092025','NULL',NULL,'2028-10-10','± 1.000'),
(3,3,'20.000','19.000','21.000','20.000','WB001','20.000','','10092025','NULL',NULL,'2028-10-10','± 1.000'),
(5,1,'0.020','0.019','0.022','0.025','WBI_01','0.020','','12321','NULL',NULL,'2026-10-14','- 0.001 + 0.002');

/*Table structure for table `tbl_calibration_linearity_detail_temp` */


CREATE TABLE `tbl_calibration_linearity_detail_temp` (
  `Linear_RepNo` int(11) NOT NULL DEFAULT '0',
  `Linear_RecNo` int(11) NOT NULL DEFAULT '0',
  `Linear_BalStdWt` varchar(10) NOT NULL,
  `Linear_BalNegTol` varchar(10) NOT NULL,
  `Linear_BalPosTol` varchar(10) NOT NULL,
  `Linear_ActualWt` varchar(10) NOT NULL,
  `Linear_StdWtBoxID` varchar(5000) NOT NULL DEFAULT 'NULL',
  `Linear_StdWt` varchar(5000) NOT NULL DEFAULT 'NULL',
  `Linear_WtIdentification` varchar(5000) NOT NULL DEFAULT 'NULL',
  `Linear_WeightBox_certfctNo` varchar(5000) DEFAULT 'NULL',
  `Linear_PercentofCapacity` varchar(10) NOT NULL,
  `Linear_Decimal_Point` int(11) DEFAULT NULL,
  `Linear_ValDate` varchar(5000) DEFAULT 'NULL',
  `HMI_ID` varchar(50) DEFAULT '0',
  `Linear_BalTol` varchar(50) DEFAULT NULL,
  `Linear_Remark` varchar(50) DEFAULT NULL,
  `Linear_Tolerance` varchar(50) DEFAULT 'NULL',
  KEY `RecNo` (`Linear_RecNo`)
) ENGINE=InnoDB DEFAULT CHARSET=latin1;

/*Data for the table `tbl_calibration_linearity_detail_temp` */

insert  into `tbl_calibration_linearity_detail_temp`(`Linear_RepNo`,`Linear_RecNo`,`Linear_BalStdWt`,`Linear_BalNegTol`,`Linear_BalPosTol`,`Linear_ActualWt`,`Linear_StdWtBoxID`,`Linear_StdWt`,`Linear_WtIdentification`,`Linear_WeightBox_certfctNo`,`Linear_PercentofCapacity`,`Linear_Decimal_Point`,`Linear_ValDate`,`HMI_ID`,`Linear_BalTol`,`Linear_Remark`,`Linear_Tolerance`) values 
(8,1,'0.020','0.019','0.022','0.020','WBI_01','0.020','','12321','NULL',NULL,'2026-10-14','192.168.1.134',NULL,NULL,'- 0.001 + 0.002'),
(8,2,'64.000','63.994','64.007','64.000','WBI_02','64','','11092025','NULL',NULL,'2026-10-15','192.168.1.134',NULL,NULL,'- 0.006 + 0.007'),
(8,3,'160.000','159.995','160.006','160.000','WBI_02','160','','11092025','NULL',NULL,'2026-10-15','192.168.1.134',NULL,NULL,'- 0.005 + 0.006'),
(8,4,'256.000','255.992','256.009','256.000','WBI_01','256','','12321','NULL',NULL,'2026-10-14','192.168.1.134',NULL,NULL,'- 0.008 + 0.009'),
(17,1,'0.020','0.019','0.021','0.020','WBI_02','0.020','','11092025','NULL',NULL,'2026-10-15','192.168.1.184',NULL,NULL,'± 0.001'),
(17,2,'64.000','63.998','64.009','64.000','WBI_02','64','','11092025','NULL',NULL,'2026-10-15','192.168.1.184',NULL,NULL,'- 0.002 + 0.009'),
(17,3,'160.000','159.995','160.008','160.000','WBI_02','160','','11092025','NULL',NULL,'2026-10-15','192.168.1.184',NULL,NULL,'- 0.005 + 0.008'),
(17,4,'256.000','255.994','256.007','256.000','WBI_02','256','','11092025','NULL',NULL,'2026-10-15','192.168.1.184',NULL,NULL,'- 0.006 + 0.007'),
(26,1,'64.000','63.980','64.200','63.990','HM0524','64','','1000','NULL',NULL,'2025-09-30','192.168.1.166',NULL,NULL,'- 0.020 + 0.200'),
(26,2,'160.000','159.970','160.300','159.980','HM0524','160','','1000','NULL',NULL,'2025-09-30','192.168.1.166',NULL,NULL,'- 0.030 + 0.300'),
(26,3,'256.000','255.990','256.300','256.200','HM0524','256','','1000','NULL',NULL,'2025-09-30','192.168.1.166',NULL,NULL,'- 0.010 + 0.300'),
(34,1,'0.020','0.010','0.030','0.022','WB1','0.020','','456123','NULL',NULL,'2025-12-31','192.168.1.145',NULL,NULL,'- 0.010 + 0.010'),
(34,2,'64.000','60.000','68.000','65.000','WB1,WB1,WB1','30,20,14','','456123,456123,456123','NULL',NULL,'2025-12-31,2025-12-31,2025-12-31','192.168.1.145',NULL,NULL,'± 4.000'),
(34,3,'160.000','158.000','190.000','165.000','WB1,WB1','100,60','','456123,456123','NULL',NULL,'2025-12-31,2025-12-31','192.168.1.145',NULL,NULL,'- 2.000 + 30.000'),
(34,4,'256.000','250.000','300.000','258.000','WB1,WB1,WB1','200,50,6','','456123,456123,456123','NULL',NULL,'2025-12-31,2025-12-31,2025-12-31','192.168.1.145',NULL,NULL,'- 6.000 + 44.000'),
(31,1,'0.020','0.010','0.030','0.020','WB1','0.020','','456123','NULL',NULL,'2025-12-31','192.168.1.129',NULL,NULL,'- 0.010 + 0.010'),
(31,2,'64.000','60.000','68.000','65.000','WB1,WB1,WB1','30,20,14','','456123,456123,456123','NULL',NULL,'2025-12-31,2025-12-31,2025-12-31','192.168.1.129',NULL,NULL,'± 4.000'),
(31,3,'160.000','158.000','190.000','165.000','WB1,WB1','100,60','','456123,456123','NULL',NULL,'2025-12-31,2025-12-31','192.168.1.129',NULL,NULL,'- 2.000 + 30.000'),
(31,4,'256.000','250.000','300.000','257.000','WB1,WB1,WB1','200,50,6','','456123,456123,456123','NULL',NULL,'2025-12-31,2025-12-31,2025-12-31','192.168.1.129',NULL,NULL,'- 6.000 + 44.000'),
(37,1,'160.000','159.600','160.300','159.650','0001','160.00','','01','NULL',NULL,'2026-03-12','192.168.1.157',NULL,NULL,'- 0.400 + 0.300'),
(37,2,'256.000','255.800','256.300','256.200','0001','256.00','','01','NULL',NULL,'2026-03-12','192.168.1.157',NULL,NULL,'- 0.200 + 0.300'),
(35,1,'0.020','0.019','0.021','0.020','WB001','0.020','','10092025','NULL',NULL,'2028-10-10','192.168.1.108',NULL,NULL,'± 0.001'),
(35,2,'10.000','9.000','11.000','10.000','WB001','10.000','','10092025','NULL',NULL,'2028-10-10','192.168.1.108',NULL,NULL,'± 1.000'),
(35,3,'20.000','19.000','21.000','20.000','WB001','20.000','','10092025','NULL',NULL,'2028-10-10','192.168.1.108',NULL,NULL,'± 1.000'),
(35,4,'30.000','29.000','31.000','30.000','WB002','30.000','','09092025','NULL',NULL,'2028-10-17','192.168.1.108',NULL,NULL,'± 1.000'),
(35,5,'40.000','39.000','41.000','40.000','WB001','40.000','','10092025','NULL',NULL,'2028-10-10','192.168.1.108',NULL,NULL,'± 1.000');

/*Table structure for table `tbl_calibration_linearity_master` */


CREATE TABLE `tbl_calibration_linearity_master` (
  `Linear_RepNo` int(11) NOT NULL,
  `Linear_CalbDate` date NOT NULL,
  `Linear_CalbTime` time NOT NULL,
  `Linear_CalbTimeTo` time DEFAULT NULL,
  `Linear_BalID` varchar(100) NOT NULL DEFAULT 'NULL',
  `Linear_BalSrNo` varchar(100) NOT NULL DEFAULT 'NULL',
  `Linear_Make` varchar(100) NOT NULL DEFAULT 'NULL',
  `Linear_Model` varchar(100) NOT NULL DEFAULT 'NULL',
  `Linear_Unit` varchar(5) NOT NULL DEFAULT 'NULL',
  `Linear_Dept` varchar(100) NOT NULL DEFAULT 'NULL',
  `Linear_LeastCnt` varchar(50) NOT NULL DEFAULT 'NULL',
  `Linear_MaxCap` varchar(50) NOT NULL DEFAULT 'NULL',
  `Linear_MinCap` varchar(50) NOT NULL DEFAULT 'NULL',
  `Linear_ZeroError` bit(1) NOT NULL DEFAULT b'0',
  `Linear_SpritLevel` bit(1) NOT NULL DEFAULT b'0',
  `Linear_GerneralCare` bit(1) NOT NULL DEFAULT b'0',
  `Linear_UserID` varchar(50) NOT NULL DEFAULT 'NULL',
  `Linear_UserName` varchar(250) NOT NULL DEFAULT 'NULL',
  `Linear_VerifyID` varchar(50) NOT NULL DEFAULT 'NULL',
  `Linear_VerifyName` varchar(250) NOT NULL DEFAULT 'NULL',
  `Linear_PrintNo` int(11) NOT NULL DEFAULT '0',
  `Linear_IsRecalib` bit(1) NOT NULL DEFAULT b'0',
  `Linear_Location` varchar(250) NOT NULL DEFAULT 'NULL',
  `Linear_CubicalNo` int(50) NOT NULL DEFAULT '0',
  `Linear_Bal_MaxoptRange` varchar(50) NOT NULL DEFAULT 'NULL',
  `Linear_Bal_MinoptRange` varchar(50) NOT NULL DEFAULT 'NULL',
  `Linear_RoomNo` varchar(50) NOT NULL DEFAULT '0',
  `Linear_DueDate` date NOT NULL DEFAULT '1992-12-08',
  `Linear_Decimal_Point` int(11) DEFAULT '0',
  `Linear_StdWeight` varchar(500) DEFAULT '0',
  `Linear_NegTol` varchar(500) DEFAULT '0',
  `Linear_PosTol` varchar(500) DEFAULT '0',
  `Linear_VerifyDate` date NOT NULL DEFAULT '1992-12-08',
  `Linear_calibStatus` varchar(500) DEFAULT 'Complies',
  `Linear_AllWeightboxID` varchar(1000) DEFAULT 'NULL',
  `Linear_AllWeightboxCert` varchar(1000) DEFAULT 'NULL',
  `Linear_AllWeightboxValidUpto` varchar(1000) DEFAULT 'NULL',
  `Linear_IsBinBalance` int(1) DEFAULT '0',
  `Linear_MassWeight` varchar(100) DEFAULT 'NULL',
  `Linear_CalbReason` varchar(300) DEFAULT NULL,
  `Linear_Remark` varchar(100) DEFAULT 'NULL',
  `Linear_CubicalName` varchar(100) DEFAULT 'NULL',
  `Linear_AllWeightboxCertDate` varchar(1000) DEFAULT 'NULL'
) ENGINE=InnoDB DEFAULT CHARSET=latin1;

/*Data for the table `tbl_calibration_linearity_master` */

insert  into `tbl_calibration_linearity_master`(`Linear_RepNo`,`Linear_CalbDate`,`Linear_CalbTime`,`Linear_CalbTimeTo`,`Linear_BalID`,`Linear_BalSrNo`,`Linear_Make`,`Linear_Model`,`Linear_Unit`,`Linear_Dept`,`Linear_LeastCnt`,`Linear_MaxCap`,`Linear_MinCap`,`Linear_ZeroError`,`Linear_SpritLevel`,`Linear_GerneralCare`,`Linear_UserID`,`Linear_UserName`,`Linear_VerifyID`,`Linear_VerifyName`,`Linear_PrintNo`,`Linear_IsRecalib`,`Linear_Location`,`Linear_CubicalNo`,`Linear_Bal_MaxoptRange`,`Linear_Bal_MinoptRange`,`Linear_RoomNo`,`Linear_DueDate`,`Linear_Decimal_Point`,`Linear_StdWeight`,`Linear_NegTol`,`Linear_PosTol`,`Linear_VerifyDate`,`Linear_calibStatus`,`Linear_AllWeightboxID`,`Linear_AllWeightboxCert`,`Linear_AllWeightboxValidUpto`,`Linear_IsBinBalance`,`Linear_MassWeight`,`Linear_CalbReason`,`Linear_Remark`,`Linear_CubicalName`,`Linear_AllWeightboxCertDate`) values 
(2,'2025-09-10','15:39:49','15:39:54','Bal_23','11335','Essae','HTR 220','gm','QC','0.00100','320.000','0.001','\0','\0','\0','A','Abhishek','D','Dharmesh sakpal',0,'\0','NULL',15,'NULL','NULL','NA','2025-10-01',0,'0.020,64.000,160.000,256.000','0.019,63.997,159.994,255.993','0.021,64.006,160.009,256.005','2025-09-17','NULL','WBI_01','12321','2026-10-14',0,'NULL',NULL,'Complies','NULL','2025-09-10'),
(4,'2025-09-10','15:55:33','15:55:41','BAL001','Bl10092025','Essae','HTR 220','gm','QC','0.00100','320.000','0.001','\0','\0','\0','D','Dharmesh sakpal','NULL','NULL',0,'\0','NULL',1,'NULL','NULL','NA','2025-09-25',0,'0.020,10.000,20.000,30.000,40.000','0.019,9.000,19.000,29.000,39.000','0.021,11.000,21.000,31.000,41.000','1992-12-08','NULL','WB001','10092025','2028-10-10',0,'NULL',NULL,'Complies','NULL','2025-09-10'),
(6,'2025-09-11','09:20:13','09:20:17','Bal_24','22331','Essae','HTR 220 E','gm','QC','0.00100','320.000','0.001','\0','\0','\0','a','Abhishek','D','Dharmesh sakpal',1,'\0','NULL',15,'NULL','NULL','NA','2025-10-01',0,'0.020,64.000,160.000,256.000','0.019,63.994,159.993,255.992','0.022,64.007,160.008,256.009','2025-09-17','NULL','WBI_01','12321','2026-10-14',0,'NULL',NULL,'Complies','NULL','2025-09-10'),
(7,'2025-09-12','08:19:26','08:19:47','Bal_26','42343','Essae','HTR 220','gm','NA','0.00100','320.000','0.001','\0','\0','\0','a','Abhishek','13','Devendra',0,'\0','NULL',7,'NULL','NULL','NA','2025-10-01',0,'0.020,10.000,50.000,64.000,100.000,160.000,200.000,220.000,256.000','0.019,9.994,49.993,63.996,99.995,159.994,199.993,219.998,255.991','0.022,10.007,50.008,64.005,100.002,160.007,200.004,220.009,256.008','2025-09-18','NULL','WBI_02','11092025','2026-10-15',0,'NULL',NULL,'Complies','NULL','2025-09-11'),
(8,'2025-09-12','09:29:08','09:29:12','Bal_27','33244','Essae','HTR 220 E','gm','QC','0.00100','320.000','0.001','\0','\0','\0','a','Abhishek','12','Sail',0,'\0','NULL',6,'NULL','NULL','NA','2025-10-01',0,'0.020,64.000,160.000,256.000','0.019,63.994,159.995,255.992','0.022,64.007,160.006,256.009','2025-09-18','NULL','WBI_01','12321','2026-10-14',0,'NULL',NULL,'Complies','NULL','2025-09-10'),
(9,'2025-09-12','16:09:10','16:09:19','BAL002','BL1209','Essae','HTR 220','gm','QC','0.001','320.000','0.001','\0','\0','\0','D','Dharmesh sakpal','NULL','NULL',0,'\0','Compression',1,'300.000','0.020','NA','2025-10-02',0,'0.020,10.000,20.000,30.000,40.000','0.019,9.000,19.000,29.000,39.000','0.021,11.000,21.000,31.000,41.000','1992-12-08','NULL','WB001','10092025','2028-10-10',0,'NULL',NULL,'Complies','NULL','2025-09-10'),
(11,'2025-09-13','09:45:42','09:45:49','BAL002','BL1209','Essae','HTR 220','gm','QC','0.001','320.000','0.001','\0','\0','\0','D','Dharmesh sakpal','NULL','NULL',0,'\0','Compression',1,'300.000','0.020','NA','2025-10-02',0,'0.020,10.000,20.000,30.000,40.000','0.019,9.000,19.000,29.000,39.000','0.021,11.000,21.000,31.000,41.000','1992-12-08','NULL','WB001','10092025','2028-10-10',0,'NULL',NULL,'Complies','NULL','2025-09-10'),
(12,'2025-09-15','09:38:46','09:38:49','Bal_24','22331','Essae','HTR 220 E','gm','QC','0.001','320.000','0.001','\0','\0','\0','a','Abhishek','NULL','NULL',0,'\0','Dry Syrup 01',15,'250.000','0.020','NA','2025-10-01',0,'0.020,64.000,160.000,256.000','0.019,63.994,159.993,255.992','0.022,64.007,160.008,256.009','1992-12-08','NULL','WBI_01','12321','2026-10-14',0,'NULL',NULL,'Complies','NULL','2025-09-10'),
(14,'2025-09-15','12:05:51','12:06:02','BAL002','BL1209','Essae','HTR 220','gm','NA','0.001','320.000','0.001','\0','\0','\0','D','Dharmesh sakpal','NULL','NULL',0,'\0','COMPRESSION_1',1,'300.000','0.020','NA','2025-10-02',0,'0.020,10.000,20.000,30.000,40.000','0.019,9.000,19.000,29.000,39.000','0.021,11.000,21.000,31.000,41.000','1992-12-08','NULL','WB001','10092025','2028-10-10',0,'NULL',NULL,'Complies','NULL','2025-09-10'),
(16,'2025-09-16','10:20:54','10:21:02','BAL002','BL1209','Essae','HTR 220','gm','QC','0.001','320.000','0.001','\0','\0','\0','D','Dharmesh sakpal','13','Devendra',0,'\0','COMPRESSION_1',1,'300.000','0.020','NA','2025-10-02',0,'0.020,10.000,20.000,30.000,40.000','0.019,9.000,19.000,29.000,39.000','0.021,11.000,21.000,31.000,41.000','2025-09-17','NULL','WB001','10092025','2028-10-10',0,'NULL',NULL,'Complies','NULL','2025-09-10'),
(17,'2025-09-17','09:02:14','09:02:47','Bal_28','443322','Essae','HTR 220 E','gm','QC','0.001','320.000','0.001','\0','\0','\0','a','Abhishek','D','Dharmesh sakpal',2,'\0','Dry Syrup 01',15,'250.000','0.020','NA','2025-10-01',0,'0.020,64.000,160.000,256.000','0.019,63.998,159.995,255.994','0.021,64.009,160.008,256.007','2025-09-17','NULL','WBI_02','11092025','2026-10-15',0,'NULL',NULL,'Complies','NULL','2025-09-11'),
(19,'2025-09-17','17:11:46','17:12:37','BAL002','BL1209','Essae','HTR 220','gm','QC','0.001','320.000','0.001','\0','\0','\0','D','Dharmesh sakpal','13','Devendra',0,'\0','COMPRESSION_1',1,'300.000','0.020','NA','2025-10-02',0,'0.020,10.000,20.000,30.000,40.000','0.019,9.000,19.000,29.000,39.000','0.021,11.000,21.000,31.000,41.000','2025-09-17','NULL','WB001','10092025','2028-10-10',0,'NULL',NULL,'Complies','NULL','2025-09-10'),
(22,'2025-09-19','15:26:49','15:41:11','S023','0012','Essae','HTR 220','gm','QC','0.001','320.000','0.001','\0','\0','\0','21','shruti','45','shruti',0,'\0','COMPRESSION-2',2,'250.000','0.020','NA','2025-09-27',0,'0.020,64.000,160.000,256.000','0.015,63.915,159.990,255.915','0.025,64.320,160.250,256.220','2025-09-19','NULL','0001','01','2026-03-12',0,'NULL',NULL,'Complies','NULL','2025-09-19'),
(23,'2025-09-20','12:54:55','12:55:29','BAL003','1205BL','Essae','HTR 220','gm','QC','0.001','320.000','0.001','\0','\0','\0','D','Dharmesh sakpal','13','Devendra',0,'\0','COMPRESSION_1',1,'300.000','0.020','NA','2025-10-05',0,'0.020,10.000,20.000,30.000,40.000','0.019,9.000,19.000,29.000,39.000','0.021,11.000,21.000,31.000,41.000','2025-09-20','NULL','WB002','09092025','2028-10-17',0,'NULL',NULL,'Complies','NULL','2025-09-10'),
(24,'2025-09-20','14:48:16','14:55:29','BALANCE_002','7890','Essae','HTR 220','gm','NA','0.001','320.000','0.001','\0','\0','\0','21','shruti','45','shruti',0,'\0','COMPRESSION-2',2,'250.000','0.020','NA','2025-09-29',0,'0.020,64.000,160.000,256.000','0.010,63.950,159.990,255.950','0.030,64.200,160.200,256.250','2025-09-20','NULL','0001','01','2026-03-12',0,'NULL',NULL,'Complies','NULL','2025-09-19'),
(25,'2025-09-20','16:19:43','16:24:55','BALANCE_002','7890','Essae','HTR 220','gm','NA','0.001','320.000','0.001','\0','\0','\0','21','shruti','13','Devendra',0,'\0','COMPRESSION-2',2,'250.000','0.020','NA','2025-09-29',0,'0.020,64.000,160.000,256.000','0.010,63.950,159.990,255.950','0.030,64.200,160.200,256.250','2025-09-23','NULL','SH24','100','2025-09-30',0,'NULL',NULL,'Complies','NULL','2025-09-20'),
(26,'2025-09-22','09:59:29','09:59:58','SHR05','2024','Essae','HTR 220','gm','NA','0.001','320.000','0.001','\0','\0','\0','21','shruti','45','shruti',0,'\0','COMPRESSION-2',2,'250.000','0.020','NA','2025-09-30',0,'64.000,160.000,256.000','63.980,159.970,255.990','64.200,160.300,256.300','2025-09-22','NULL','HM0524','1000','2025-09-30',0,'NULL',NULL,'Complies','NULL','2025-09-22'),
(28,'2025-09-24','10:40:36','10:45:21','BAL003','1205BL','Essae','HTR 220','gm','QC','0.001','320.000','0.001','\0','\0','\0','D','Dharmesh sakpal','13','Devendra',0,'\0','COMPRESSION_1',1,'300.000','0.020','NA','2025-10-05',0,'0.020,10.000,20.000,30.000,40.000','0.019,9.000,19.000,29.000,39.000','0.021,11.000,21.000,31.000,41.000','2025-09-24','NULL','WB002','09092025','2028-10-17',0,'NULL',NULL,'Complies','NULL','2025-09-10'),
(29,'2025-09-25','11:22:40','11:27:02','QWE0524','567890','Essae','HTR 220 E','gm','NA','0.001','320.000','0.001','\0','\0','\0','21','shruti','45','shruti',0,'\0','COMPRESSION-2',2,'250.000','0.020','NA','2025-10-03',0,'160.000,256.000','159.600,255.800','160.300,256.300','2025-09-25','NULL','SHM02,SHM02','1025,1025','2034-02-22,2034-02-22',0,'NULL',NULL,'Complies','NULL','2025-09-25,2025-09-25'),
(30,'2025-09-25','12:56:03','12:58:32','bal-01','b001','Essae','HTR 220','gm','NA','0.001','320.000','0.001','\0','\0','\0','21','shruti','45','shruti',0,'\0','com1',3,'210.000','0.020','NA','2025-09-30',0,'0.020,160.000,256.000','0.015,145.000,250.000','0.030,170.000,300.000','2025-09-25','NULL','WB-001','12546','2027-12-01',0,'NULL',NULL,'Complies','NULL','2025-09-25'),
(31,'2025-09-26','11:23:44','11:26:16','OQ1','1478','Essae','HTR 220','gm','NA','0.001','320.000','0.001','\0','\0','\0','021','Tejal','11','Mangesh',0,'\0','com1',3,'310.000','0.020','NA','2025-10-01',0,'0.020,64.000,160.000,256.000','0.010,60.000,158.000,250.000','0.030,68.000,190.000,300.000','2025-09-26','NULL','WB1','456123','2025-12-31',0,'NULL',NULL,'Complies','NULL','2025-09-26'),
(32,'2025-09-27','11:38:47','11:42:17','OQ1','1478','Essae','HTR 220','gm','NA','0.001','320.000','0.001','\0','\0','\0','Tantra','Tantrasoft','021','Tejal',0,'\0','com1',3,'310.000','0.020','NA','2025-10-01',0,'0.020,64.000,160.000,256.000','0.010,60.000,158.000,250.000','0.030,68.000,190.000,300.000','2025-09-27','NULL','WB1','456123','2025-12-31',0,'NULL',NULL,'Complies','NULL','2025-09-26'),
(33,'2025-09-27','11:53:02','11:55:18','OQ1','1478','Essae','HTR 220','gm','NA','0.001','320.000','0.001','\0','\0','\0','Tantra','Tantrasoft','021','Tejal',0,'\0','com1',3,'310.000','0.020','NA','2025-10-01',0,'0.020,64.000,160.000,256.000','0.010,60.000,158.000,250.000','0.030,68.000,190.000,300.000','2025-09-27','NULL','WB1','456123','2025-12-31',0,'NULL',NULL,'Complies','NULL','2025-09-26'),
(34,'2025-09-27','11:59:14','12:03:37','OQ1','1478','Essae','HTR 220','gm','NA','0.001','320.000','0.001','\0','\0','\0','Tantra','Tantrasoft','021','Tejal',0,'\0','com1',3,'310.000','0.020','NA','2025-10-01',0,'0.020,64.000,160.000,256.000','0.010,60.000,158.000,250.000','0.030,68.000,190.000,300.000','2025-09-27','NULL','WB1','456123','2025-12-31',0,'NULL',NULL,'Complies','NULL','2025-09-26'),
(35,'2025-09-29','12:21:55','12:22:27','BAL2909','23ERGN','Essae','HTR 220','gm','QC','0.001','320.000','0.001','\0','\0','\0','D','Dharmesh sakpal','13','Devendra',0,'\0','QC_01',6,'300.000','0.020','NA','2025-10-24',0,'0.020,10.000,20.000,30.000,40.000','0.019,9.000,19.000,29.000,39.000','0.021,11.000,21.000,31.000,41.000','2025-09-29','NULL','WB001','10092025','2028-10-10',0,'NULL',NULL,'Complies','NULL','2025-09-10'),
(36,'2025-09-30','10:01:08','10:01:29','SHR05','2024','Essae','HTR 220','gm','NA','0.001','320.000','0.001','\0','\0','\0','21','shruti','45','shruti',0,'\0','COMPRESSION-2',2,'250.000','0.020','NA','2025-10-08',0,'64.000,160.000,256.000','63.980,159.970,255.990','64.200,160.300,256.300','2025-09-30','NULL','WEIGHTBOX0001','12365','2039-12-31',0,'NULL',NULL,'Complies','NULL','2025-09-30'),
(37,'2025-10-04','11:48:35','11:50:34','QWE0524','567890','Essae','HTR 220 E','gm','QC','0.001','320.000','0.001','\0','\0','\0','21','shruti','45','shruti',0,'\0','Capsule_01',4,'250.000','0.020','NA','2025-10-12',0,'160.000,256.000','159.600,255.800','160.300,256.300','2025-10-04','NULL','0001','01','2026-03-12',0,'NULL',NULL,'Complies','NULL','2025-09-19');

/*Table structure for table `tbl_calibration_linearity_master_failed` */


CREATE TABLE `tbl_calibration_linearity_master_failed` (
  `srNo` int(11) NOT NULL AUTO_INCREMENT,
  `Linear_RepNo` int(11) DEFAULT NULL,
  `Linear_CalbDate` date NOT NULL,
  `Linear_CalbTime` time NOT NULL,
  `Linear_CalbTimeTo` time DEFAULT NULL,
  `Linear_BalID` varchar(100) NOT NULL DEFAULT 'NULL',
  `Linear_BalSrNo` varchar(100) NOT NULL DEFAULT 'NULL',
  `Linear_Make` varchar(100) NOT NULL DEFAULT 'NULL',
  `Linear_Model` varchar(100) NOT NULL DEFAULT 'NULL',
  `Linear_Unit` varchar(5) NOT NULL DEFAULT 'NULL',
  `Linear_Dept` varchar(100) NOT NULL DEFAULT 'NULL',
  `Linear_LeastCnt` varchar(50) NOT NULL DEFAULT 'NULL',
  `Linear_MaxCap` varchar(50) NOT NULL DEFAULT 'NULL',
  `Linear_MinCap` varchar(50) NOT NULL DEFAULT 'NULL',
  `Linear_ZeroError` bit(1) NOT NULL DEFAULT b'0',
  `Linear_SpritLevel` bit(1) NOT NULL DEFAULT b'0',
  `Linear_GerneralCare` bit(1) NOT NULL DEFAULT b'0',
  `Linear_UserID` varchar(50) NOT NULL DEFAULT 'NULL',
  `Linear_UserName` varchar(250) NOT NULL DEFAULT 'NULL',
  `Linear_VerifyID` varchar(50) NOT NULL DEFAULT 'NULL',
  `Linear_VerifyName` varchar(250) NOT NULL DEFAULT 'NULL',
  `Linear_PrintNo` int(11) NOT NULL DEFAULT '0',
  `Linear_IsRecalib` bit(1) NOT NULL DEFAULT b'0',
  `Linear_Location` varchar(250) DEFAULT 'NULL',
  `Linear_CubicalNo` int(50) NOT NULL DEFAULT '0',
  `Linear_Bal_MaxoptRange` varchar(50) NOT NULL DEFAULT 'NULL',
  `Linear_Bal_MinoptRange` varchar(50) NOT NULL DEFAULT 'NULL',
  `Linear_RoomNo` varchar(50) NOT NULL DEFAULT '0',
  `Linear_DueDate` date NOT NULL DEFAULT '1992-12-08',
  `Linear_Decimal_Point` int(11) DEFAULT '0',
  `Linear_StdWeight` varchar(500) DEFAULT '0',
  `Linear_NegTol` varchar(500) DEFAULT '0',
  `Linear_PosTol` varchar(500) DEFAULT '0',
  `Linear_VerifyDate` date NOT NULL DEFAULT '1992-12-08',
  `Linear_calibStatus` varchar(500) DEFAULT 'NULL',
  `Linear_AllWeightboxID` varchar(1000) DEFAULT 'NULL',
  `Linear_AllWeightboxCert` varchar(1000) DEFAULT 'NULL',
  `Linear_AllWeightboxValidUpto` varchar(1000) DEFAULT 'NULL',
  `Linear_IsBinBalance` int(1) DEFAULT '0',
  `Linear_MassWeight` varchar(100) DEFAULT 'NULL',
  `Linear_CalbReason` varchar(300) DEFAULT NULL,
  `Linear_Remark` varchar(100) DEFAULT 'NULL',
  `Linear_CubicalName` varchar(100) DEFAULT 'NULL',
  `Linear_AllWeightboxCertDate` varchar(1000) DEFAULT 'NULL',
  PRIMARY KEY (`srNo`),
  KEY `srNo` (`srNo`)
) ENGINE=InnoDB AUTO_INCREMENT=24 DEFAULT CHARSET=latin1;

/*Data for the table `tbl_calibration_linearity_master_failed` */

insert  into `tbl_calibration_linearity_master_failed`(`srNo`,`Linear_RepNo`,`Linear_CalbDate`,`Linear_CalbTime`,`Linear_CalbTimeTo`,`Linear_BalID`,`Linear_BalSrNo`,`Linear_Make`,`Linear_Model`,`Linear_Unit`,`Linear_Dept`,`Linear_LeastCnt`,`Linear_MaxCap`,`Linear_MinCap`,`Linear_ZeroError`,`Linear_SpritLevel`,`Linear_GerneralCare`,`Linear_UserID`,`Linear_UserName`,`Linear_VerifyID`,`Linear_VerifyName`,`Linear_PrintNo`,`Linear_IsRecalib`,`Linear_Location`,`Linear_CubicalNo`,`Linear_Bal_MaxoptRange`,`Linear_Bal_MinoptRange`,`Linear_RoomNo`,`Linear_DueDate`,`Linear_Decimal_Point`,`Linear_StdWeight`,`Linear_NegTol`,`Linear_PosTol`,`Linear_VerifyDate`,`Linear_calibStatus`,`Linear_AllWeightboxID`,`Linear_AllWeightboxCert`,`Linear_AllWeightboxValidUpto`,`Linear_IsBinBalance`,`Linear_MassWeight`,`Linear_CalbReason`,`Linear_Remark`,`Linear_CubicalName`,`Linear_AllWeightboxCertDate`) values 
(1,1,'2025-09-13','09:42:33','09:42:33','BAL002','BL1209','Essae','HTR 220','gm','QC','0.001','320.000','0.001','\0','\0','\0','D','Dharmesh sakpal','13','Devendra',0,'\0','Compression',1,'NULL','NULL','NA','2025-10-02',0,'0.020,10.000,20.000,30.000,40.000','0.019,9.000,19.000,29.000,39.000','0.021,11.000,21.000,31.000,41.000','2025-09-13','Failed 3rd weight','WB001','10092025','2028-10-10',0,'NULL',NULL,'NULL','NULL','2025-09-10'),
(2,2,'2025-09-13','09:46:00','09:45:49','BAL002','BL1209','Essae','HTR 220','gm','QC','0.001','320.000','0.001','\0','\0','\0','D','Dharmesh sakpal','13','Devendra',0,'\0','Compression',1,'NULL','NULL','NA','2025-10-02',0,'0.020,10.000,20.000,30.000,40.000','0.019,9.000,19.000,29.000,39.000','0.021,11.000,21.000,31.000,41.000','2025-09-13','4th wt failed','WB001','10092025','2028-10-10',0,'NULL',NULL,'NULL','NULL','2025-09-10'),
(3,3,'2025-09-13','09:47:33','09:45:49','BAL002','BL1209','Essae','HTR 220','gm','QC','0.001','320.000','0.001','\0','\0','\0','D','Dharmesh sakpal','13','Devendra',0,'\0','Compression',1,'NULL','NULL','NA','2025-10-02',0,'0.020,10.000,20.000,30.000,40.000','0.019,9.000,19.000,29.000,39.000','0.021,11.000,21.000,31.000,41.000','2025-09-13','failed report','WB001','10092025','2028-10-10',0,'NULL',NULL,'NULL','NULL','2025-09-10'),
(4,4,'2025-09-13','09:48:26','09:45:49','BAL002','BL1209','Essae','HTR 220','gm','QC','0.001','320.000','0.001','\0','\0','\0','D','Dharmesh sakpal','13','Devendra',1,'\0','Compression',1,'NULL','NULL','NA','2025-10-02',0,'0.020,10.000,20.000,30.000,40.000','0.019,9.000,19.000,29.000,39.000','0.021,11.000,21.000,31.000,41.000','2025-09-13','not complies','WB001','10092025','2028-10-10',0,'NULL',NULL,'NULL','NULL','2025-09-10'),
(5,5,'2025-09-15','11:55:46','11:55:46','BAL002','BL1209','Essae','HTR 220','gm','NA','0.001','320.000','0.001','\0','\0','\0','D','Dharmesh sakpal','13','Devendra',0,'\0','COMPRESSION_1',1,'300.000','0.020','NA','2025-10-02',0,'0.020,10.000,20.000,30.000,40.000','0.019,9.000,19.000,29.000,39.000','0.021,11.000,21.000,31.000,41.000','2025-09-15','drthj','WB001','10092025','2028-10-10',0,'NULL',NULL,'Not Complies','NULL','2025-09-10'),
(6,6,'2025-09-15','12:06:14','12:06:02','BAL002','BL1209','Essae','HTR 220','gm','NA','0.001','320.000','0.001','\0','\0','\0','D','Dharmesh sakpal','13','Devendra',0,'\0','COMPRESSION_1',1,'300.000','0.020','NA','2025-10-02',0,'0.020,10.000,20.000,30.000,40.000','0.019,9.000,19.000,29.000,39.000','0.021,11.000,21.000,31.000,41.000','2025-09-15','erfghm','WB001','10092025','2028-10-10',0,'NULL',NULL,'Complies','NULL','2025-09-10'),
(7,7,'2025-09-15','12:08:11','12:06:02','BAL002','BL1209','Essae','HTR 220','gm','NA','0.001','320.000','0.001','\0','\0','\0','D','Dharmesh sakpal','13','Devendra',0,'\0','COMPRESSION_1',1,'300.000','0.020','NA','2025-10-02',0,'0.020,10.000,20.000,30.000,40.000','0.019,9.000,19.000,29.000,39.000','0.021,11.000,21.000,31.000,41.000','2025-09-15','dfghjm','WB001','10092025','2028-10-10',0,'NULL',NULL,'Complies','NULL','2025-09-10'),
(8,8,'2025-09-15','12:09:08','12:06:02','BAL002','BL1209','Essae','HTR 220','gm','NA','0.001','320.000','0.001','\0','\0','\0','D','Dharmesh sakpal','NULL','NULL',0,'\0','COMPRESSION_1',1,'300.000','0.020','NA','2025-10-02',0,'0.020,10.000,20.000,30.000,40.000','0.019,9.000,19.000,29.000,39.000','0.021,11.000,21.000,31.000,41.000','1992-12-08','NULL','WB001','10092025','2028-10-10',0,'NULL',NULL,'Complies','NULL','2025-09-10'),
(9,9,'2025-09-16','10:19:53','10:19:53','BAL002','BL1209','Essae','HTR 220','gm','QC','0.001','320.000','0.001','\0','\0','\0','D','Dharmesh sakpal','13','Devendra',0,'\0','COMPRESSION_1',1,'300.000','0.020','NA','2025-10-02',0,'0.020,10.000,20.000,30.000,40.000','0.019,9.000,19.000,29.000,39.000','0.021,11.000,21.000,31.000,41.000','2025-09-16','drtyukl','WB001','10092025','2028-10-10',0,'NULL',NULL,'Not Complies','NULL','2025-09-10'),
(10,10,'2025-09-16','10:21:15','10:21:02','BAL002','BL1209','Essae','HTR 220','gm','QC','0.001','320.000','0.001','\0','\0','\0','D','Dharmesh sakpal','13','Devendra',0,'\0','COMPRESSION_1',1,'300.000','0.020','NA','2025-10-02',0,'0.020,10.000,20.000,30.000,40.000','0.019,9.000,19.000,29.000,39.000','0.021,11.000,21.000,31.000,41.000','2025-09-16','erghm','WB001','10092025','2028-10-10',0,'NULL',NULL,'Complies','NULL','2025-09-10'),
(11,11,'2025-09-16','10:21:46','10:21:02','BAL002','BL1209','Essae','HTR 220','gm','QC','0.001','320.000','0.001','\0','\0','\0','D','Dharmesh sakpal','13','Devendra',0,'\0','COMPRESSION_1',1,'300.000','0.020','NA','2025-10-02',0,'0.020,10.000,20.000,30.000,40.000','0.019,9.000,19.000,29.000,39.000','0.021,11.000,21.000,31.000,41.000','2025-09-16','45yuk.','WB001','10092025','2028-10-10',0,'NULL',NULL,'Complies','NULL','2025-09-10'),
(12,12,'2025-09-17','17:11:34','17:11:40','BAL002','BL1209','Essae','HTR 220','gm','QC','0.001','320.000','0.001','\0','\0','\0','D','Dharmesh sakpal','13','Devendra',0,'\0','COMPRESSION_1',1,'300.000','0.020','NA','2025-10-02',0,'0.020,10.000,20.000,30.000,40.000','0.019,9.000,19.000,29.000,39.000','0.021,11.000,21.000,31.000,41.000','2025-09-17','qwertyj','WB001','10092025','2028-10-10',0,'NULL',NULL,'Not Complies','NULL','2025-09-10'),
(13,13,'2025-09-17','17:11:46','17:12:05','BAL002','BL1209','Essae','HTR 220','gm','QC','0.001','320.000','0.001','\0','\0','\0','D','Dharmesh sakpal','13','Devendra',0,'\0','COMPRESSION_1',1,'300.000','0.020','NA','2025-10-02',0,'0.020,10.000,20.000,30.000,40.000','0.019,9.000,19.000,29.000,39.000','0.021,11.000,21.000,31.000,41.000','2025-09-17','rtyuil','WB001','10092025','2028-10-10',0,'NULL',NULL,'Complies','NULL','2025-09-10'),
(14,14,'2025-09-17','17:11:46','17:12:24','BAL002','BL1209','Essae','HTR 220','gm','QC','0.001','320.000','0.001','\0','\0','\0','D','Dharmesh sakpal','13','Devendra',0,'\0','COMPRESSION_1',1,'300.000','0.020','NA','2025-10-02',0,'0.020,10.000,20.000,30.000,40.000','0.019,9.000,19.000,29.000,39.000','0.021,11.000,21.000,31.000,41.000','2025-09-17','dfb','WB001','10092025','2028-10-10',0,'NULL',NULL,'Complies','NULL','2025-09-10'),
(15,15,'2025-09-19','15:24:51','15:25:13','S023','0012','Essae','HTR 220','gm','QC','0.001','320.000','0.001','\0','\0','\0','21','shruti','NULL','NULL',0,'\0','COMPRESSION-2',2,'250.000','0.020','NA','2025-09-19',0,'0.020,64.000,160.000,256.000','0.015,63.915,159.990,255.915','0.025,64.320,160.250,256.220','1992-12-08','NULL','0001','01','2026-03-12',0,'NULL',NULL,'Not Complies','NULL','2025-09-19'),
(16,16,'2025-09-19','15:25:36','15:26:15','S023','0012','Essae','HTR 220','gm','QC','0.001','320.000','0.001','\0','\0','\0','21','shruti','NULL','NULL',0,'\0','COMPRESSION-2',2,'250.000','0.020','NA','2025-09-19',0,'0.020,64.000,160.000,256.000','0.015,63.915,159.990,255.915','0.025,64.320,160.250,256.220','1992-12-08','NULL','0001','01','2026-03-12',0,'NULL',NULL,'Not Complies','NULL','2025-09-19'),
(17,17,'2025-09-19','15:26:49','15:38:46','S023','0012','Essae','HTR 220','gm','QC','0.001','320.000','0.001','\0','\0','\0','21','shruti','NULL','NULL',0,'\0','COMPRESSION-2',2,'250.000','0.020','NA','2025-09-19',0,'0.020,64.000,160.000,256.000','0.015,63.915,159.990,255.915','0.025,64.320,160.250,256.220','1992-12-08','NULL','0001','01','2026-03-12',0,'NULL',NULL,'Complies','NULL','2025-09-19'),
(18,18,'2025-09-20','14:48:16','14:49:56','BALANCE_002','7890','Essae','HTR 220','gm','NA','0.001','320.000','0.001','\0','\0','\0','21','shruti','NULL','NULL',0,'\0','COMPRESSION-2',2,'250.000','0.020','NA','2025-09-20',0,'0.020,64.000,160.000,256.000','0.010,63.950,159.990,255.950','0.030,64.200,160.200,256.250','1992-12-08','NULL','0001','01','2026-03-12',0,'NULL',NULL,'Complies','NULL','2025-09-19'),
(19,19,'2025-09-20','14:48:16','14:52:49','BALANCE_002','7890','Essae','HTR 220','gm','NA','0.001','320.000','0.001','\0','\0','\0','21','shruti','NULL','NULL',0,'\0','COMPRESSION-2',2,'250.000','0.020','NA','2025-09-20',0,'0.020,64.000,160.000,256.000','0.010,63.950,159.990,255.950','0.030,64.200,160.200,256.250','1992-12-08','NULL','0001','01','2026-03-12',0,'NULL',NULL,'Complies','NULL','2025-09-19'),
(20,20,'2025-09-20','16:19:43','16:21:44','BALANCE_002','7890','Essae','HTR 220','gm','NA','0.001','320.000','0.001','\0','\0','\0','21','shruti','NULL','NULL',0,'\0','COMPRESSION-2',2,'250.000','0.020','NA','2025-09-29',0,'0.020,64.000,160.000,256.000','0.010,63.950,159.990,255.950','0.030,64.200,160.200,256.250','1992-12-08','NULL','SH24','100','2025-09-30',0,'NULL',NULL,'Complies','NULL','2025-09-20'),
(21,21,'2025-09-24','10:39:52','10:40:06','BAL003','1205BL','Essae','HTR 220','gm','QC','0.001','320.000','0.001','\0','\0','\0','D','Dharmesh sakpal','13','Devendra',0,'\0','COMPRESSION_1',1,'300.000','0.020','NA','2025-10-05',0,'0.020,10.000,20.000,30.000,40.000','0.019,9.000,19.000,29.000,39.000','0.021,11.000,21.000,31.000,41.000','2025-09-24','testrh','WB002','09092025','2028-10-17',0,'NULL',NULL,'Not Complies','NULL','2025-09-10'),
(22,22,'2025-09-24','10:40:36','10:43:47','BAL003','1205BL','Essae','HTR 220','gm','QC','0.001','320.000','0.001','\0','\0','\0','D','Dharmesh sakpal','13','Devendra',0,'\0','COMPRESSION_1',1,'300.000','0.020','NA','2025-10-05',0,'0.020,10.000,20.000,30.000,40.000','0.019,9.000,19.000,29.000,39.000','0.021,11.000,21.000,31.000,41.000','2025-09-24','test','WB002','09092025','2028-10-17',0,'NULL',NULL,'Complies','NULL','2025-09-10'),
(23,23,'2025-09-24','10:40:36','10:45:05','BAL003','1205BL','Essae','HTR 220','gm','QC','0.001','320.000','0.001','\0','\0','\0','D','Dharmesh sakpal','13','Devendra',0,'\0','COMPRESSION_1',1,'300.000','0.020','NA','2025-10-05',0,'0.020,10.000,20.000,30.000,40.000','0.019,9.000,19.000,29.000,39.000','0.021,11.000,21.000,31.000,41.000','2025-09-24','asdfb','WB002','09092025','2028-10-17',0,'NULL',NULL,'Complies','NULL','2025-09-10');

/*Table structure for table `tbl_calibration_linearity_master_incomplete` */


CREATE TABLE `tbl_calibration_linearity_master_incomplete` (
  `Linear_RepNo` int(11) NOT NULL,
  `Linear_CalbDate` date NOT NULL,
  `Linear_CalbTime` time NOT NULL,
  `Linear_CalbTimeTo` time DEFAULT NULL,
  `Linear_BalID` varchar(100) NOT NULL DEFAULT 'NULL',
  `Linear_BalSrNo` varchar(100) NOT NULL DEFAULT 'NULL',
  `Linear_Make` varchar(100) NOT NULL DEFAULT 'NULL',
  `Linear_Model` varchar(100) NOT NULL DEFAULT 'NULL',
  `Linear_Unit` varchar(5) NOT NULL DEFAULT 'NULL',
  `Linear_Dept` varchar(100) NOT NULL DEFAULT 'NULL',
  `Linear_LeastCnt` varchar(50) NOT NULL DEFAULT 'NULL',
  `Linear_MaxCap` varchar(50) NOT NULL DEFAULT 'NULL',
  `Linear_MinCap` varchar(50) NOT NULL DEFAULT 'NULL',
  `Linear_ZeroError` bit(1) NOT NULL DEFAULT b'0',
  `Linear_SpritLevel` bit(1) NOT NULL DEFAULT b'0',
  `Linear_GerneralCare` bit(1) NOT NULL DEFAULT b'0',
  `Linear_UserID` varchar(50) NOT NULL DEFAULT 'NULL',
  `Linear_UserName` varchar(250) NOT NULL DEFAULT 'NULL',
  `Linear_VerifyID` varchar(50) NOT NULL DEFAULT 'NULL',
  `Linear_VerifyName` varchar(250) NOT NULL DEFAULT 'NULL',
  `Linear_PrintNo` int(11) NOT NULL DEFAULT '0',
  `Linear_IsRecalib` bit(1) NOT NULL DEFAULT b'0',
  `Linear_Location` varchar(250) NOT NULL DEFAULT 'NULL',
  `Linear_CubicalNo` int(50) NOT NULL DEFAULT '0',
  `Linear_Bal_MaxoptRange` varchar(50) NOT NULL DEFAULT 'NULL',
  `Linear_Bal_MinoptRange` varchar(50) NOT NULL DEFAULT 'NULL',
  `Linear_RoomNo` varchar(50) NOT NULL DEFAULT '0',
  `Linear_DueDate` date NOT NULL DEFAULT '1992-12-08',
  `Linear_Decimal_Point` int(11) DEFAULT '0',
  `Linear_StdWeight` varchar(500) DEFAULT '0',
  `Linear_NegTol` varchar(500) DEFAULT '0',
  `Linear_PosTol` varchar(500) DEFAULT '0',
  `Linear_VerifyDate` date NOT NULL DEFAULT '1992-12-08',
  `Linear_calibStatus` varchar(500) DEFAULT 'NULL',
  `Linear_AllWeightboxID` varchar(1000) DEFAULT 'NULL',
  `Linear_AllWeightboxCert` varchar(1000) DEFAULT 'NULL',
  `Linear_AllWeightboxValidUpto` varchar(1000) DEFAULT 'NULL',
  `Linear_IsBinBalance` int(1) DEFAULT '0',
  `Linear_MassWeight` varchar(100) DEFAULT 'NULL',
  `Linear_CalbReason` varchar(300) DEFAULT NULL,
  `Linear_Remark` varchar(100) DEFAULT 'NULL',
  `Linear_CubicalName` varchar(100) DEFAULT 'NULL',
  `Linear_AllWeightboxCertDate` varchar(1000) DEFAULT 'NULL',
  KEY `Periodic_RepNo` (`Linear_RepNo`)
) ENGINE=InnoDB DEFAULT CHARSET=latin1;

/*Data for the table `tbl_calibration_linearity_master_incomplete` */

insert  into `tbl_calibration_linearity_master_incomplete`(`Linear_RepNo`,`Linear_CalbDate`,`Linear_CalbTime`,`Linear_CalbTimeTo`,`Linear_BalID`,`Linear_BalSrNo`,`Linear_Make`,`Linear_Model`,`Linear_Unit`,`Linear_Dept`,`Linear_LeastCnt`,`Linear_MaxCap`,`Linear_MinCap`,`Linear_ZeroError`,`Linear_SpritLevel`,`Linear_GerneralCare`,`Linear_UserID`,`Linear_UserName`,`Linear_VerifyID`,`Linear_VerifyName`,`Linear_PrintNo`,`Linear_IsRecalib`,`Linear_Location`,`Linear_CubicalNo`,`Linear_Bal_MaxoptRange`,`Linear_Bal_MinoptRange`,`Linear_RoomNo`,`Linear_DueDate`,`Linear_Decimal_Point`,`Linear_StdWeight`,`Linear_NegTol`,`Linear_PosTol`,`Linear_VerifyDate`,`Linear_calibStatus`,`Linear_AllWeightboxID`,`Linear_AllWeightboxCert`,`Linear_AllWeightboxValidUpto`,`Linear_IsBinBalance`,`Linear_MassWeight`,`Linear_CalbReason`,`Linear_Remark`,`Linear_CubicalName`,`Linear_AllWeightboxCertDate`) values 
(1,'2025-09-10','15:39:30',NULL,'Bal_23','11335','Essae','HTR 220','gm','QC','0.00100','320.000','0.001','\0','\0','\0','A','Abhishek','NULL','NULL',0,'\0','NULL',15,'NULL','NULL','NA','1970-01-01',0,'0.020,64.000,160.000,256.000','0.019,63.997,159.994,255.993','0.021,64.006,160.009,256.005','1992-12-08','NULL','WBI_01','12321','2026-10-14',0,'NULL',NULL,'Not Complies','NULL','2025-09-10'),
(3,'2025-09-10','15:54:51',NULL,'BAL001','Bl10092025','Essae','HTR 220','gm','QC','0.00100','320.000','0.001','\0','\0','\0','D','Dharmesh sakpal','NULL','NULL',0,'\0','NULL',1,'NULL','NULL','NA','2025-09-10',0,'0.020,10.000,20.000,30.000,40.000','0.019,9.000,19.000,29.000,39.000','0.021,11.000,21.000,31.000,41.000','1992-12-08','NULL','WB001','10092025','2028-10-10',0,'NULL',NULL,'Complies','NULL','2025-09-10'),
(5,'2025-09-11','09:20:00',NULL,'Bal_24','22331','Essae','HTR 220 E','gm','QC','0.00100','320.000','0.001','\0','\0','\0','a','Abhishek','NULL','NULL',0,'\0','NULL',15,'NULL','NULL','NA','1970-01-01',0,'0.020,64.000,160.000,256.000','0.019,63.994,159.993,255.992','0.022,64.007,160.008,256.009','1992-12-08','NULL','WBI_01','12321','2026-10-14',0,'NULL',NULL,'Not Complies','NULL','2025-09-10');

/*Table structure for table `tbl_calibration_linearity_master_temp` */


CREATE TABLE `tbl_calibration_linearity_master_temp` (
  `Linear_RepNo` int(11) NOT NULL,
  `Linear_CalbDate` date NOT NULL,
  `Linear_CalbTime` time NOT NULL,
  `Linear_CalbTimeTo` time DEFAULT NULL,
  `Linear_BalID` varchar(100) NOT NULL DEFAULT 'NULL',
  `Linear_BalSrNo` varchar(100) NOT NULL DEFAULT 'NULL',
  `Linear_Make` varchar(100) NOT NULL DEFAULT 'NULL',
  `Linear_Model` varchar(100) NOT NULL DEFAULT 'NULL',
  `Linear_Unit` varchar(5) NOT NULL DEFAULT 'NULL',
  `Linear_Dept` varchar(100) NOT NULL DEFAULT 'NULL',
  `Linear_LeastCnt` varchar(50) NOT NULL DEFAULT 'NULL',
  `Linear_MaxCap` varchar(50) NOT NULL DEFAULT 'NULL',
  `Linear_MinCap` varchar(50) NOT NULL DEFAULT 'NULL',
  `Linear_ZeroError` bit(1) NOT NULL DEFAULT b'0',
  `Linear_SpritLevel` bit(1) NOT NULL DEFAULT b'0',
  `Linear_GerneralCare` bit(1) NOT NULL DEFAULT b'0',
  `Linear_UserID` varchar(50) NOT NULL DEFAULT 'NULL',
  `Linear_UserName` varchar(250) NOT NULL DEFAULT 'NULL',
  `Linear_VerifyID` varchar(50) NOT NULL DEFAULT 'NULL',
  `Linear_VerifyName` varchar(250) NOT NULL DEFAULT 'NULL',
  `Linear_PrintNo` int(11) NOT NULL DEFAULT '0',
  `Linear_IsRecalib` bit(1) NOT NULL DEFAULT b'0',
  `Linear_Location` varchar(250) NOT NULL DEFAULT 'NULL',
  `Linear_CubicalNo` int(50) NOT NULL DEFAULT '0',
  `Linear_Bal_MaxoptRange` varchar(50) NOT NULL DEFAULT 'NULL',
  `Linear_Bal_MinoptRange` varchar(50) NOT NULL DEFAULT 'NULL',
  `Linear_RoomNo` varchar(50) NOT NULL DEFAULT '0',
  `Linear_DueDate` date NOT NULL DEFAULT '1992-12-08',
  `Linear_Decimal_Point` int(11) DEFAULT '0',
  `HMI_ID` varchar(50) DEFAULT '0',
  `Linear_calibStatus` varchar(500) DEFAULT 'NULL',
  `Linear_IsBinBalance` int(1) DEFAULT '0',
  `Linear_MassWeight` varchar(100) DEFAULT 'NULL',
  `Linear_VerifyDate` date NOT NULL DEFAULT '1992-12-08',
  `Linear_CalbReason` varchar(300) DEFAULT NULL,
  `Linear_Remark` varchar(100) DEFAULT 'NULL',
  `Linear_AllWeightboxCertDate` varchar(1000) DEFAULT 'NULL',
  `Linear_AllWeightboxID` varchar(1000) DEFAULT 'NULL',
  `Linear_AllWeightboxCert` varchar(1000) DEFAULT 'NULL',
  `Linear_AllWeightboxValidUpto` varchar(1000) DEFAULT NULL
) ENGINE=InnoDB DEFAULT CHARSET=latin1;

/*Data for the table `tbl_calibration_linearity_master_temp` */

insert  into `tbl_calibration_linearity_master_temp`(`Linear_RepNo`,`Linear_CalbDate`,`Linear_CalbTime`,`Linear_CalbTimeTo`,`Linear_BalID`,`Linear_BalSrNo`,`Linear_Make`,`Linear_Model`,`Linear_Unit`,`Linear_Dept`,`Linear_LeastCnt`,`Linear_MaxCap`,`Linear_MinCap`,`Linear_ZeroError`,`Linear_SpritLevel`,`Linear_GerneralCare`,`Linear_UserID`,`Linear_UserName`,`Linear_VerifyID`,`Linear_VerifyName`,`Linear_PrintNo`,`Linear_IsRecalib`,`Linear_Location`,`Linear_CubicalNo`,`Linear_Bal_MaxoptRange`,`Linear_Bal_MinoptRange`,`Linear_RoomNo`,`Linear_DueDate`,`Linear_Decimal_Point`,`HMI_ID`,`Linear_calibStatus`,`Linear_IsBinBalance`,`Linear_MassWeight`,`Linear_VerifyDate`,`Linear_CalbReason`,`Linear_Remark`,`Linear_AllWeightboxCertDate`,`Linear_AllWeightboxID`,`Linear_AllWeightboxCert`,`Linear_AllWeightboxValidUpto`) values 
(8,'2025-09-12','09:29:08','09:29:12','Bal_27','NULL','Essae','HTR 220 E','gm','QC','0.00100','320.000','0.001','\0','\0','\0','a','Abhishek','12','Sail',0,'\0','NULL',6,'NULL','NULL','NA','2025-10-01',0,'192.168.1.134','NULL',0,'NULL','2025-09-18',NULL,'Complies','2025-09-10','WBI_01,WBI_02','12321,11092025','14/10/2026,15/10/2026'),
(17,'2025-09-17','09:02:14','09:02:47','Bal_28','NULL','Essae','HTR 220 E','gm','QC','0.001','320.000','0.001','\0','\0','\0','a','Abhishek','D','Dharmesh sakpal',0,'\0','Dry Syrup 01',15,'250.000','0.020','NA','2025-10-01',0,'192.168.1.184','NULL',0,'NULL','2025-09-17',NULL,'Complies','2025-09-11','WBI_02','11092025','15/10/2026'),
(26,'2025-09-22','09:59:29','09:59:58','SHR05','NULL','Essae','HTR 220','gm','NA','0.001','320.000','0.001','\0','\0','\0','21','shruti','NULL','NULL',0,'\0','COMPRESSION-2',2,'250.000','0.020','NA','2025-09-30',0,'192.168.1.166','NULL',0,'NULL','1992-12-08',NULL,'Complies','2025-09-22','HM0524','1000','30/09/2025'),
(34,'2025-09-27','11:59:14','12:03:37','OQ1','NULL','Essae','HTR 220','gm','NA','0.001','320.000','0.001','\0','\0','\0','Tantra','Tantrasoft','021','Tejal',0,'\0','com1',3,'310.000','0.020','NA','2025-10-01',0,'192.168.1.145','NULL',0,'NULL','2025-09-27',NULL,'Complies','2025-09-26','WB1','456123','31/12/2025'),
(31,'2025-09-26','11:23:44','11:26:16','OQ1','NULL','Essae','HTR 220','gm','NA','0.001','320.000','0.001','\0','\0','\0','021','Tejal','11','Mangesh',0,'\0','com1',3,'310.000','0.020','NA','2025-10-01',0,'192.168.1.129','NULL',0,'NULL','2025-09-26',NULL,'Complies','2025-09-26','WB1','456123','31/12/2025'),
(37,'2025-10-04','11:48:35','11:50:34','QWE0524','NULL','Essae','HTR 220 E','gm','QC','0.001','320.000','0.001','\0','\0','\0','21','shruti','45','shruti',0,'\0','Capsule_01',4,'250.000','0.020','NA','2025-10-12',0,'192.168.1.157','NULL',0,'NULL','2025-10-04',NULL,'Complies','2025-09-19','0001','01','12/03/2026'),
(35,'2025-09-29','12:21:55','12:22:27','BAL2909','NULL','Essae','HTR 220','gm','QC','0.001','320.000','0.001','\0','\0','\0','D','Dharmesh sakpal','13','Devendra',0,'\0','QC_01',6,'300.000','0.020','NA','2025-10-24',0,'192.168.1.108','NULL',0,'NULL','2025-09-29',NULL,'Complies','2025-09-10','WB001,WB002','10092025,09092025','10/10/2028,17/10/2028');

/*Table structure for table `tbl_calibration_linearity_print` */


CREATE TABLE `tbl_calibration_linearity_print` (
  `RecNo` int(11) NOT NULL AUTO_INCREMENT,
  `BalanceID` varchar(50) NOT NULL DEFAULT 'NULL',
  `RepSrNo` int(11) NOT NULL DEFAULT '0',
  `PrintNo` int(11) NOT NULL DEFAULT '0',
  `Reason` varchar(300) NOT NULL DEFAULT 'NULL',
  `Title` varchar(20) NOT NULL DEFAULT 'NULL',
  `UserID` varchar(50) NOT NULL DEFAULT 'NULL',
  `UserName` varchar(100) NOT NULL DEFAULT 'NULL',
  `Print_Dt` date NOT NULL,
  `Print_Tm` time NOT NULL,
  `Incomplete` int(11) NOT NULL DEFAULT '0',
  PRIMARY KEY (`RecNo`)
) ENGINE=InnoDB AUTO_INCREMENT=5 DEFAULT CHARSET=latin1;

/*Data for the table `tbl_calibration_linearity_print` */

insert  into `tbl_calibration_linearity_print`(`RecNo`,`BalanceID`,`RepSrNo`,`PrintNo`,`Reason`,`Title`,`UserID`,`UserName`,`Print_Dt`,`Print_Tm`,`Incomplete`) values 
(1,'BAL002',4,1,'','PeriodicCalibration','13','Devendra','2025-09-13','10:46:06',0),
(2,'Bal_24',6,1,'','PeriodicCalibration','D','Dharmesh sakpal','2025-09-17','12:31:15',1),
(3,'Bal_28',17,1,'','PeriodicCalibration','D','Dharmesh sakpal','2025-09-18','10:18:10',1),
(4,'Bal_28',17,2,'','PeriodicCalibration','D','Dharmesh sakpal','2025-09-18','10:18:37',1);

/*Table structure for table `tbl_calibration_periodic_detail` */


CREATE TABLE `tbl_calibration_periodic_detail` (
  `Periodic_RepNo` int(11) NOT NULL DEFAULT '0',
  `Periodic_RecNo` int(11) NOT NULL DEFAULT '0',
  `Periodic_BalStdWt` varchar(50) NOT NULL DEFAULT 'NULL',
  `Periodic_BalNegTol` varchar(50) NOT NULL DEFAULT 'NULL',
  `Periodic_BalPosTol` varchar(50) NOT NULL DEFAULT 'NULL',
  `Periodic_ActualWt` varchar(50) NOT NULL DEFAULT 'NULL',
  `Periodic_StdWtBoxID` varchar(5000) NOT NULL DEFAULT 'NULL',
  `Periodic_StdWt` varchar(5000) NOT NULL DEFAULT 'NULL',
  `Periodic_WtIdentification` varchar(5000) NOT NULL DEFAULT 'NULL',
  `Periodic_WeightBox_certfctNo` varchar(5000) DEFAULT 'NULL',
  `PercentofCapacity` varchar(50) NOT NULL DEFAULT 'NULL',
  `Decimal_Point` int(11) DEFAULT NULL,
  `Periodic_ValDate` varchar(5000) DEFAULT NULL,
  `Periodic_Tolerance` varchar(50) DEFAULT 'NULL',
  KEY `RecNo` (`Periodic_RecNo`)
) ENGINE=InnoDB DEFAULT CHARSET=latin1;

/*Data for the table `tbl_calibration_periodic_detail` */

/*Table structure for table `tbl_calibration_periodic_detail_failed` */


CREATE TABLE `tbl_calibration_periodic_detail_failed` (
  `SrNo` int(11) NOT NULL AUTO_INCREMENT,
  `Periodic_RecNo` int(11) NOT NULL,
  `Periodic_RepNo` int(11) NOT NULL DEFAULT '0',
  `Periodic_BalStdWt` varchar(50) NOT NULL DEFAULT 'NULL',
  `Periodic_BalNegTol` varchar(50) NOT NULL DEFAULT 'NULL',
  `Periodic_BalPosTol` varchar(50) NOT NULL DEFAULT 'NULL',
  `Periodic_ActualWt` varchar(50) NOT NULL DEFAULT 'NULL',
  `Periodic_StdWtBoxID` varchar(5000) NOT NULL DEFAULT 'NULL',
  `Periodic_StdWt` varchar(5000) NOT NULL DEFAULT 'NULL',
  `Periodic_WtIdentification` varchar(5000) NOT NULL DEFAULT 'NULL',
  `Periodic_WeightBox_certfctNo` varchar(5000) DEFAULT 'NULL',
  `PercentofCapacity` varchar(50) NOT NULL DEFAULT 'NULL',
  `Decimal_Point` int(11) DEFAULT NULL,
  `Periodic_ValDate` varchar(5000) DEFAULT NULL,
  `Periodic_Tolerance` varchar(50) DEFAULT 'NULL',
  PRIMARY KEY (`SrNo`)
) ENGINE=InnoDB DEFAULT CHARSET=latin1;

/*Data for the table `tbl_calibration_periodic_detail_failed` */

/*Table structure for table `tbl_calibration_periodic_detail_incomplete` */


CREATE TABLE `tbl_calibration_periodic_detail_incomplete` (
  `Periodic_RepNo` int(11) NOT NULL DEFAULT '0',
  `Periodic_RecNo` int(11) NOT NULL DEFAULT '0',
  `Periodic_BalStdWt` varchar(50) NOT NULL DEFAULT 'NULL',
  `Periodic_BalNegTol` varchar(50) NOT NULL DEFAULT 'NULL',
  `Periodic_BalPosTol` varchar(50) NOT NULL DEFAULT 'NULL',
  `Periodic_ActualWt` varchar(50) NOT NULL DEFAULT 'NULL',
  `Periodic_StdWtBoxID` varchar(5000) NOT NULL DEFAULT 'NULL',
  `Periodic_StdWt` varchar(5000) NOT NULL DEFAULT 'NULL',
  `Periodic_WtIdentification` varchar(5000) NOT NULL DEFAULT 'NULL',
  `Periodic_WeightBox_certfctNo` varchar(5000) DEFAULT 'NULL',
  `PercentofCapacity` varchar(50) NOT NULL DEFAULT 'NULL',
  `Decimal_Point` int(11) DEFAULT NULL,
  `Periodic_ValDate` varchar(5000) DEFAULT NULL,
  `Periodic_Tolerance` varchar(50) DEFAULT 'NULL',
  KEY `RecNo` (`Periodic_RecNo`)
) ENGINE=InnoDB DEFAULT CHARSET=latin1;

/*Data for the table `tbl_calibration_periodic_detail_incomplete` */

/*Table structure for table `tbl_calibration_periodic_detail_temp` */


CREATE TABLE `tbl_calibration_periodic_detail_temp` (
  `Periodic_RepNo` int(11) NOT NULL DEFAULT '0',
  `Periodic_RecNo` int(11) NOT NULL DEFAULT '0',
  `Periodic_BalStdWt` varchar(10) NOT NULL,
  `Periodic_BalNegTol` varchar(10) NOT NULL,
  `Periodic_BalPosTol` varchar(10) NOT NULL,
  `Periodic_ActualWt` varchar(10) NOT NULL,
  `Periodic_StdWtBoxID` varchar(5000) NOT NULL DEFAULT 'NULL',
  `Periodic_StdWt` varchar(5000) NOT NULL DEFAULT 'NULL',
  `Periodic_WtIdentification` varchar(5000) NOT NULL DEFAULT 'NULL',
  `Periodic_WeightBox_certfctNo` varchar(5000) DEFAULT 'NULL',
  `PercentofCapacity` varchar(10) NOT NULL,
  `Decimal_Point` int(11) DEFAULT NULL,
  `Periodic_ValDate` varchar(5000) DEFAULT 'NULL',
  `HMI_ID` varchar(50) DEFAULT '0',
  `Periodic_BalTol` varchar(50) DEFAULT NULL,
  `Remark` varchar(50) DEFAULT NULL,
  `Periodic_Tolerance` varchar(50) DEFAULT 'NULL',
  KEY `RecNo` (`Periodic_RecNo`)
) ENGINE=InnoDB DEFAULT CHARSET=latin1;

/*Data for the table `tbl_calibration_periodic_detail_temp` */

/*Table structure for table `tbl_calibration_periodic_detail_vernier` */


CREATE TABLE `tbl_calibration_periodic_detail_vernier` (
  `Periodic_RepNo` int(11) NOT NULL DEFAULT '0',
  `Periodic_RecNo` int(11) NOT NULL DEFAULT '0',
  `Periodic_StdBlock` decimal(10,5) NOT NULL DEFAULT '0.00000',
  `Periodic_NegTol` decimal(10,5) NOT NULL DEFAULT '0.00000',
  `Periodic_PosTol` decimal(10,5) NOT NULL DEFAULT '0.00000',
  `Periodic_ActualWt` decimal(10,5) NOT NULL DEFAULT '0.00000',
  `Periodic_BlockboxID` varchar(5000) NOT NULL DEFAULT 'NULL',
  `Periodic_Block` varchar(5000) NOT NULL DEFAULT 'NULL',
  `Periodic_BlockIdentification` varchar(5000) NOT NULL DEFAULT 'NULL',
  `Periodic_BlockboxCert` varchar(5000) DEFAULT NULL,
  `Periodic_BlockboxValidUpto` varchar(5000) DEFAULT NULL,
  `PercentofCapacity` decimal(10,5) NOT NULL DEFAULT '0.00000',
  `Decimal_Point` int(11) DEFAULT NULL,
  KEY `RecNo` (`Periodic_RecNo`)
) ENGINE=InnoDB DEFAULT CHARSET=latin1;

/*Data for the table `tbl_calibration_periodic_detail_vernier` */

insert  into `tbl_calibration_periodic_detail_vernier`(`Periodic_RepNo`,`Periodic_RecNo`,`Periodic_StdBlock`,`Periodic_NegTol`,`Periodic_PosTol`,`Periodic_ActualWt`,`Periodic_BlockboxID`,`Periodic_Block`,`Periodic_BlockIdentification`,`Periodic_BlockboxCert`,`Periodic_BlockboxValidUpto`,`PercentofCapacity`,`Decimal_Point`) values 
(1,1,2.00000,1.50000,2.50000,2.00000,'VB01','2.00','','10092026','2028-10-10',0.00000,2),
(1,2,10.00000,9.00000,11.00000,10.00000,'VB01','10.00','','10092026','2028-10-10',0.00000,2),
(2,1,2.00000,1.50000,2.50000,2.00000,'VB01','2.00','','10092026','2028-10-10',0.00000,2),
(2,2,10.00000,9.00000,11.00000,10.00000,'VB01','10.00','','10092026','2028-10-10',0.00000,2),
(3,1,0.03000,0.02000,0.04000,0.03000,'BBI_01','0.03','','22331','2026-10-14',0.00000,2),
(3,2,100.00000,99.94000,100.07000,99.99000,'BBI_01','100.00','','22331','2026-10-14',0.00000,2),
(3,3,150.00000,149.95000,150.06000,150.01000,'VB01','150','','10092026','2028-10-10',0.00000,2),
(5,1,2.00000,1.50000,2.50000,2.00000,'VB01','2.00','','10092026','2028-10-10',0.00000,2),
(5,2,2.00000,1.50000,2.50000,2.00000,'VB01','2.00','','10092026','2028-10-10',0.00000,2),
(7,1,2.00000,1.50000,2.50000,2.00000,'VB01','2.00','','10092026','2028-10-10',0.00000,2),
(7,2,10.00000,9.00000,11.00000,10.00000,'VB01','10.00','','10092026','2028-10-10',0.00000,2),
(9,1,0.30000,0.10000,0.40000,0.30000,'VB021','0.30','','75489','2025-12-31',0.00000,2),
(9,2,15.00000,14.00000,16.00000,15.00000,'VB021','15','','75489','2025-12-31',0.00000,2),
(9,3,65.00000,60.00000,68.00000,65.00000,'VB021,VB021','60,5','','75489,75489','2025-12-31,2025-12-31',0.00000,2),
(11,1,5.00000,4.00000,6.00000,5.00000,'VB02','5.00','','23423','2027-06-09',0.00000,2),
(11,2,10.00000,9.00000,11.00000,10.00000,'VB02','10.00','','23423','2027-06-09',0.00000,2),
(13,1,0.30000,0.10000,0.40000,0.30000,'VB021','0.30','','75489','2025-12-31',0.00000,2),
(13,2,15.00000,14.00000,16.00000,15.00000,'VB021','15','','75489','2025-12-31',0.00000,2),
(13,3,65.00000,60.00000,68.00000,65.00000,'VB021,VB021','60,5','','75489,75489','2025-12-31,2025-12-31',0.00000,2);

/*Table structure for table `tbl_calibration_periodic_detail_vernier_incomplete` */


CREATE TABLE `tbl_calibration_periodic_detail_vernier_incomplete` (
  `Periodic_RepNo` int(11) NOT NULL DEFAULT '0',
  `Periodic_RecNo` int(11) NOT NULL DEFAULT '0',
  `Periodic_StdBlock` decimal(10,5) NOT NULL DEFAULT '0.00000',
  `Periodic_NegTol` decimal(10,5) NOT NULL DEFAULT '0.00000',
  `Periodic_PosTol` decimal(10,5) NOT NULL DEFAULT '0.00000',
  `Periodic_ActualWt` decimal(10,5) NOT NULL DEFAULT '0.00000',
  `Periodic_BlockboxID` varchar(5000) NOT NULL DEFAULT 'NULL',
  `Periodic_Block` varchar(5000) NOT NULL DEFAULT 'NULL',
  `Periodic_BlockIdentification` varchar(5000) NOT NULL DEFAULT 'NULL',
  `Periodic_BlockboxCert` varchar(5000) DEFAULT NULL,
  `Periodic_BlockboxValidUpto` varchar(5000) DEFAULT NULL,
  `PercentofCapacity` decimal(10,5) NOT NULL DEFAULT '0.00000',
  `Decimal_Point` int(11) DEFAULT NULL,
  KEY `RecNo` (`Periodic_RecNo`)
) ENGINE=InnoDB DEFAULT CHARSET=latin1;

/*Data for the table `tbl_calibration_periodic_detail_vernier_incomplete` */

insert  into `tbl_calibration_periodic_detail_vernier_incomplete`(`Periodic_RepNo`,`Periodic_RecNo`,`Periodic_StdBlock`,`Periodic_NegTol`,`Periodic_PosTol`,`Periodic_ActualWt`,`Periodic_BlockboxID`,`Periodic_Block`,`Periodic_BlockIdentification`,`Periodic_BlockboxCert`,`Periodic_BlockboxValidUpto`,`PercentofCapacity`,`Decimal_Point`) values 
(4,1,2.00000,1.50000,2.50000,2.00000,'VB01','2.00','','10092026','2028-10-10',0.00000,2),
(4,2,10.00000,9.00000,11.00000,12.00000,'VB01','10.00','','10092026','2028-10-10',0.00000,2),
(4,3,2.00000,1.50000,2.50000,2.00000,'VB01','2.00','','10092026','2028-10-10',0.00000,2),
(6,1,2.00000,1.50000,2.50000,2.00000,'VB01','2.00','','10092026','2028-10-10',0.00000,2),
(6,2,10.00000,9.00000,11.00000,12.00000,'VB01','10.00','','10092026','2028-10-10',0.00000,2),
(8,1,0.30000,0.10000,0.40000,0.30000,'VB021','0.30','','75489','2025-12-31',0.00000,2),
(8,2,15.00000,14.00000,16.00000,0.15000,'VB021','15','','75489','2025-12-31',0.00000,2),
(10,1,5.00000,4.00000,6.00000,5.00000,'VB02','5.00','','23423','2027-06-09',0.00000,2),
(10,2,10.00000,9.00000,11.00000,12.00000,'VB02','10.00','','23423','2027-06-09',0.00000,2),
(12,1,0.30000,0.10000,0.40000,30.00000,'VB021','0.30','','75489','2025-12-31',0.00000,2);

/*Table structure for table `tbl_calibration_periodic_detail_vernier_temp` */


CREATE TABLE `tbl_calibration_periodic_detail_vernier_temp` (
  `Periodic_RepNo` int(11) NOT NULL DEFAULT '0',
  `Periodic_RecNo` int(11) NOT NULL DEFAULT '0',
  `Periodic_StdBlock` varchar(10) NOT NULL,
  `Periodic_NegTol` varchar(10) NOT NULL,
  `Periodic_PosTol` varchar(10) NOT NULL,
  `Periodic_ActualWt` varchar(10) NOT NULL,
  `Periodic_BlockboxID` varchar(100) NOT NULL DEFAULT 'NULL',
  `Periodic_Block` varchar(100) NOT NULL DEFAULT 'NULL',
  `Periodic_BlockIdentification` varchar(100) NOT NULL DEFAULT 'NULL',
  `Periodic_BlockboxCert` varchar(500) DEFAULT 'NULL',
  `Periodic_BlockboxValidUpto` varchar(500) DEFAULT 'NULL',
  `PercentofCapacity` varchar(10) NOT NULL,
  `Decimal_Point` int(11) DEFAULT NULL,
  `HMI_ID` varchar(50) DEFAULT '0',
  KEY `RecNo` (`Periodic_RecNo`)
) ENGINE=InnoDB DEFAULT CHARSET=latin1;

/*Data for the table `tbl_calibration_periodic_detail_vernier_temp` */

insert  into `tbl_calibration_periodic_detail_vernier_temp`(`Periodic_RepNo`,`Periodic_RecNo`,`Periodic_StdBlock`,`Periodic_NegTol`,`Periodic_PosTol`,`Periodic_ActualWt`,`Periodic_BlockboxID`,`Periodic_Block`,`Periodic_BlockIdentification`,`Periodic_BlockboxCert`,`Periodic_BlockboxValidUpto`,`PercentofCapacity`,`Decimal_Point`,`HMI_ID`) values 
(3,1,'0.03','0.02','0.04','0.03','BBI_01','0.03','','22331','2026-10-14','0.00',2,'192.168.1.157'),
(3,2,'100.00','99.94','100.07','99.99','BBI_01','100.00','','22331','2026-10-14','0.00',2,'192.168.1.157'),
(3,3,'150.00','149.95','150.06','150.01','VB01','150','','10092026','2028-10-10','0.00',2,'192.168.1.157'),
(3,1,'0.03','0.02','0.04','0.03','BBI_01','0.03','','22331','2026-10-14','0.00',2,'192.168.1.134'),
(3,2,'100.00','99.94','100.07','99.99','BBI_01','100.00','','22331','2026-10-14','0.00',2,'192.168.1.134'),
(3,3,'150.00','149.95','150.06','150.01','VB01','150','','10092026','2028-10-10','0.00',2,'192.168.1.134'),
(3,1,'0.03','0.02','0.04','0.03','BBI_01','0.03','','22331','2026-10-14','0.00',2,'192.168.1.184'),
(3,2,'100.00','99.94','100.07','99.99','BBI_01','100.00','','22331','2026-10-14','0.00',2,'192.168.1.184'),
(3,3,'150.00','149.95','150.06','150.01','VB01','150','','10092026','2028-10-10','0.00',2,'192.168.1.184'),
(4,1,'2.00','1.50','2.50','2.00','VB01','2.00','','10092026','2028-10-10','0.00',2,'192.168.1.166'),
(4,2,'10.00','9.00','11.00','12.00','VB01','10.00','','10092026','2028-10-10','0.00',2,'192.168.1.166'),
(4,3,'2.00','1.50','2.50','2.00','VB01','2.00','','10092026','2028-10-10','0.00',2,'192.168.1.166'),
(9,1,'0.30','0.10','0.40','0.30','VB021','0.30','','75489','2025-12-31','0.00',2,'192.168.1.145'),
(9,2,'15.00','14.00','16.00','15.00','VB021','15','','75489','2025-12-31','0.00',2,'192.168.1.145'),
(9,3,'65.00','60.00','68.00','65.00','VB021,VB021','60,5','','75489,75489','2025-12-31,2025-12-31','0.00',2,'192.168.1.145'),
(7,1,'2.00','1.50','2.50','2.00','VB01','2.00','','10092026','2028-10-10','0.00',2,'192.168.1.129'),
(7,2,'10.00','9.00','11.00','10.00','VB01','10.00','','10092026','2028-10-10','0.00',2,'192.168.1.129'),
(13,1,'0.30','0.10','0.40','0.30','VB021','0.30','','75489','2025-12-31','0.00',2,'192.168.1.108'),
(13,2,'15.00','14.00','16.00','15.00','VB021','15','','75489','2025-12-31','0.00',2,'192.168.1.108'),
(13,3,'65.00','60.00','68.00','65.00','VB021,VB021','60,5','','75489,75489','2025-12-31,2025-12-31','0.00',2,'192.168.1.108');

/*Table structure for table `tbl_calibration_periodic_master` */


CREATE TABLE `tbl_calibration_periodic_master` (
  `Periodic_RepNo` int(11) NOT NULL,
  `Periodic_CalbDate` date NOT NULL,
  `Periodic_CalbTime` time NOT NULL,
  `Periodic_CalbTimeTo` time DEFAULT NULL,
  `Periodic_BalID` varchar(100) NOT NULL DEFAULT 'NULL',
  `Periodic_BalSrNo` varchar(100) NOT NULL DEFAULT 'NULL',
  `Periodic_Make` varchar(100) NOT NULL DEFAULT 'NULL',
  `Periodic_Model` varchar(100) NOT NULL DEFAULT 'NULL',
  `Periodic_Unit` varchar(5) NOT NULL DEFAULT 'NULL',
  `Periodic_Dept` varchar(100) NOT NULL DEFAULT 'NULL',
  `Periodic_LeastCnt` varchar(50) NOT NULL DEFAULT 'NULL',
  `Periodic_MaxCap` varchar(50) NOT NULL DEFAULT 'NULL',
  `Periodic_MinCap` varchar(50) NOT NULL DEFAULT 'NULL',
  `Periodic_ZeroError` bit(1) NOT NULL DEFAULT b'0',
  `Periodic_SpritLevel` bit(1) NOT NULL DEFAULT b'0',
  `Periodic_GerneralCare` bit(1) NOT NULL DEFAULT b'0',
  `Periodic_UserID` varchar(50) NOT NULL DEFAULT 'NULL',
  `Periodic_UserName` varchar(250) NOT NULL DEFAULT 'NULL',
  `Periodic_VerifyID` varchar(50) NOT NULL DEFAULT 'NULL',
  `Periodic_VerifyName` varchar(250) NOT NULL DEFAULT 'NULL',
  `Periodic_PrintNo` int(11) NOT NULL DEFAULT '0',
  `Periodic_IsRecalib` bit(1) NOT NULL DEFAULT b'0',
  `Periodic_Location` varchar(250) NOT NULL DEFAULT 'NULL',
  `Periodic_CubicalNo` int(50) NOT NULL DEFAULT '0',
  `Periodic_Bal_MaxoptRange` varchar(50) NOT NULL DEFAULT 'NULL',
  `Periodic_Bal_MinoptRange` varchar(50) NOT NULL DEFAULT 'NULL',
  `Periodic_RoomNo` varchar(50) NOT NULL DEFAULT '0',
  `Periodic_DueDate` date NOT NULL DEFAULT '1992-12-08',
  `Decimal_Point` int(11) DEFAULT '0',
  `Periodic_StdWeight` varchar(500) DEFAULT '0',
  `Periodic_NegTol` varchar(500) DEFAULT '0',
  `Periodic_PosTol` varchar(500) DEFAULT '0',
  `Perodic_VerifyDate` datetime DEFAULT '1992-12-08 00:00:00',
  `Periodic_calibStatus` varchar(500) DEFAULT 'Complies',
  `Periodic_AllWeightboxID` varchar(1000) DEFAULT 'NULL',
  `Periodic_AllWeightboxCert` varchar(1000) DEFAULT 'NULL',
  `Periodic_AllWeightboxValidUpto` varchar(1000) DEFAULT 'NULL',
  `Periodic_IsBinBalance` int(1) DEFAULT '0',
  `Periodic_MassWeight` varchar(100) DEFAULT 'NULL',
  `Periodic_CalbReason` varchar(300) DEFAULT NULL,
  `Periodic_Remark` varchar(100) DEFAULT 'NULL',
  `Periodic_CubicalName` varchar(100) DEFAULT 'NULL',
  `Periodic_AllWeightboxCertDate` varchar(1000) DEFAULT 'NULL'
) ENGINE=InnoDB DEFAULT CHARSET=latin1;

/*Data for the table `tbl_calibration_periodic_master` */

/*Table structure for table `tbl_calibration_periodic_master_failed` */


CREATE TABLE `tbl_calibration_periodic_master_failed` (
  `srNo` int(11) NOT NULL AUTO_INCREMENT,
  `Periodic_RepNo` int(11) DEFAULT NULL,
  `Periodic_CalbDate` date NOT NULL,
  `Periodic_CalbTime` time NOT NULL,
  `Periodic_CalbTimeTo` time DEFAULT NULL,
  `Periodic_BalID` varchar(100) NOT NULL DEFAULT 'NULL',
  `Periodic_BalSrNo` varchar(100) NOT NULL DEFAULT 'NULL',
  `Periodic_Make` varchar(100) NOT NULL DEFAULT 'NULL',
  `Periodic_Model` varchar(100) NOT NULL DEFAULT 'NULL',
  `Periodic_Unit` varchar(5) NOT NULL DEFAULT 'NULL',
  `Periodic_Dept` varchar(100) NOT NULL DEFAULT 'NULL',
  `Periodic_LeastCnt` varchar(50) NOT NULL DEFAULT 'NULL',
  `Periodic_MaxCap` varchar(50) NOT NULL DEFAULT 'NULL',
  `Periodic_MinCap` varchar(50) NOT NULL DEFAULT 'NULL',
  `Periodic_ZeroError` bit(1) NOT NULL DEFAULT b'0',
  `Periodic_SpritLevel` bit(1) NOT NULL DEFAULT b'0',
  `Periodic_GerneralCare` bit(1) NOT NULL DEFAULT b'0',
  `Periodic_UserID` varchar(50) NOT NULL DEFAULT 'NULL',
  `Periodic_UserName` varchar(250) NOT NULL DEFAULT 'NULL',
  `Periodic_VerifyID` varchar(50) NOT NULL DEFAULT 'NULL',
  `Periodic_VerifyName` varchar(250) NOT NULL DEFAULT 'NULL',
  `Periodic_PrintNo` int(11) NOT NULL DEFAULT '0',
  `Periodic_IsRecalib` bit(1) NOT NULL DEFAULT b'0',
  `Periodic_Location` varchar(250) DEFAULT 'NULL',
  `Periodic_CubicalNo` int(50) NOT NULL DEFAULT '0',
  `Periodic_Bal_MaxoptRange` varchar(50) NOT NULL DEFAULT 'NULL',
  `Periodic_Bal_MinoptRange` varchar(50) NOT NULL DEFAULT 'NULL',
  `Periodic_RoomNo` varchar(50) NOT NULL DEFAULT '0',
  `Periodic_DueDate` date NOT NULL DEFAULT '1992-12-08',
  `Decimal_Point` int(11) DEFAULT '0',
  `Periodic_StdWeight` varchar(500) DEFAULT '0',
  `Periodic_NegTol` varchar(500) DEFAULT '0',
  `Periodic_PosTol` varchar(500) DEFAULT '0',
  `Perodic_VerifyDate` datetime NOT NULL DEFAULT '1992-12-08 00:00:00',
  `Periodic_calibStatus` varchar(500) DEFAULT 'NULL',
  `Periodic_AllWeightboxID` varchar(1000) DEFAULT 'NULL',
  `Periodic_AllWeightboxCert` varchar(1000) DEFAULT 'NULL',
  `Periodic_AllWeightboxValidUpto` varchar(1000) DEFAULT 'NULL',
  `Periodic_IsBinBalance` int(1) DEFAULT '0',
  `Periodic_MassWeight` varchar(100) DEFAULT 'NULL',
  `Periodic_CalbReason` varchar(300) DEFAULT NULL,
  `Periodic_Remark` varchar(100) DEFAULT 'NULL',
  `Periodic_CubicalName` varchar(100) DEFAULT 'NULL',
  `Periodic_AllWeightboxCertDate` varchar(1000) DEFAULT 'NULL',
  PRIMARY KEY (`srNo`),
  KEY `srNo` (`srNo`)
) ENGINE=InnoDB DEFAULT CHARSET=latin1;

/*Data for the table `tbl_calibration_periodic_master_failed` */

/*Table structure for table `tbl_calibration_periodic_master_incomplete` */


CREATE TABLE `tbl_calibration_periodic_master_incomplete` (
  `Periodic_RepNo` int(11) NOT NULL,
  `Periodic_CalbDate` date NOT NULL,
  `Periodic_CalbTime` time NOT NULL,
  `Periodic_CalbTimeTo` time DEFAULT NULL,
  `Periodic_BalID` varchar(100) NOT NULL DEFAULT 'NULL',
  `Periodic_BalSrNo` varchar(100) NOT NULL DEFAULT 'NULL',
  `Periodic_Make` varchar(100) NOT NULL DEFAULT 'NULL',
  `Periodic_Model` varchar(100) NOT NULL DEFAULT 'NULL',
  `Periodic_Unit` varchar(5) NOT NULL DEFAULT 'NULL',
  `Periodic_Dept` varchar(100) NOT NULL DEFAULT 'NULL',
  `Periodic_LeastCnt` varchar(50) NOT NULL DEFAULT 'NULL',
  `Periodic_MaxCap` varchar(50) NOT NULL DEFAULT 'NULL',
  `Periodic_MinCap` varchar(50) NOT NULL DEFAULT 'NULL',
  `Periodic_ZeroError` bit(1) NOT NULL DEFAULT b'0',
  `Periodic_SpritLevel` bit(1) NOT NULL DEFAULT b'0',
  `Periodic_GerneralCare` bit(1) NOT NULL DEFAULT b'0',
  `Periodic_UserID` varchar(50) NOT NULL DEFAULT 'NULL',
  `Periodic_UserName` varchar(250) NOT NULL DEFAULT 'NULL',
  `Periodic_VerifyID` varchar(50) NOT NULL DEFAULT 'NULL',
  `Periodic_VerifyName` varchar(250) NOT NULL DEFAULT 'NULL',
  `Periodic_PrintNo` int(11) NOT NULL DEFAULT '0',
  `Periodic_IsRecalib` bit(1) NOT NULL DEFAULT b'0',
  `Periodic_Location` varchar(250) NOT NULL DEFAULT 'NULL',
  `Periodic_CubicalNo` int(50) NOT NULL DEFAULT '0',
  `Periodic_Bal_MaxoptRange` varchar(50) NOT NULL DEFAULT 'NULL',
  `Periodic_Bal_MinoptRange` varchar(50) NOT NULL DEFAULT 'NULL',
  `Periodic_RoomNo` varchar(50) NOT NULL DEFAULT '0',
  `Periodic_DueDate` date NOT NULL DEFAULT '1992-12-08',
  `Decimal_Point` int(11) DEFAULT '0',
  `Periodic_StdWeight` varchar(500) DEFAULT '0',
  `Periodic_NegTol` varchar(500) DEFAULT '0',
  `Periodic_PosTol` varchar(500) DEFAULT '0',
  `Perodic_VerifyDate` datetime DEFAULT '1992-12-08 00:00:00',
  `Periodic_calibStatus` varchar(500) DEFAULT 'NULL',
  `Periodic_AllWeightboxID` varchar(1000) DEFAULT 'NULL',
  `Periodic_AllWeightboxCert` varchar(1000) DEFAULT 'NULL',
  `Periodic_AllWeightboxValidUpto` varchar(1000) DEFAULT 'NULL',
  `Periodic_IsBinBalance` int(1) DEFAULT '0',
  `Periodic_MassWeight` varchar(100) DEFAULT 'NULL',
  `Periodic_CalbReason` varchar(300) DEFAULT NULL,
  `Periodic_Remark` varchar(100) DEFAULT 'NULL',
  `Periodic_CubicalName` varchar(100) DEFAULT 'NULL',
  `Periodic_AllWeightboxCertDate` varchar(1000) DEFAULT 'NULL',
  KEY `Periodic_RepNo` (`Periodic_RepNo`)
) ENGINE=InnoDB DEFAULT CHARSET=latin1;

/*Data for the table `tbl_calibration_periodic_master_incomplete` */

/*Table structure for table `tbl_calibration_periodic_master_temp` */


CREATE TABLE `tbl_calibration_periodic_master_temp` (
  `Periodic_RepNo` int(11) NOT NULL,
  `Periodic_CalbDate` date NOT NULL,
  `Periodic_CalbTime` time NOT NULL,
  `Periodic_CalbTimeTo` time DEFAULT NULL,
  `Periodic_BalID` varchar(100) NOT NULL DEFAULT 'NULL',
  `Periodic_BalSrNo` varchar(100) NOT NULL DEFAULT 'NULL',
  `Periodic_Make` varchar(100) NOT NULL DEFAULT 'NULL',
  `Periodic_Model` varchar(100) NOT NULL DEFAULT 'NULL',
  `Periodic_Unit` varchar(5) NOT NULL DEFAULT 'NULL',
  `Periodic_Dept` varchar(100) NOT NULL DEFAULT 'NULL',
  `Periodic_LeastCnt` varchar(50) NOT NULL DEFAULT 'NULL',
  `Periodic_MaxCap` varchar(50) NOT NULL DEFAULT 'NULL',
  `Periodic_MinCap` varchar(50) NOT NULL DEFAULT 'NULL',
  `Periodic_ZeroError` bit(1) NOT NULL DEFAULT b'0',
  `Periodic_SpritLevel` bit(1) NOT NULL DEFAULT b'0',
  `Periodic_GerneralCare` bit(1) NOT NULL DEFAULT b'0',
  `Periodic_UserID` varchar(50) NOT NULL DEFAULT 'NULL',
  `Periodic_UserName` varchar(250) NOT NULL DEFAULT 'NULL',
  `Periodic_VerifyID` varchar(50) NOT NULL DEFAULT 'NULL',
  `Periodic_VerifyName` varchar(250) NOT NULL DEFAULT 'NULL',
  `Periodic_PrintNo` int(11) NOT NULL DEFAULT '0',
  `Periodic_IsRecalib` bit(1) NOT NULL DEFAULT b'0',
  `Periodic_Location` varchar(250) NOT NULL DEFAULT 'NULL',
  `Periodic_CubicalNo` int(50) NOT NULL DEFAULT '0',
  `Periodic_Bal_MaxoptRange` varchar(50) NOT NULL DEFAULT 'NULL',
  `Periodic_Bal_MinoptRange` varchar(50) NOT NULL DEFAULT 'NULL',
  `Periodic_RoomNo` varchar(50) NOT NULL DEFAULT '0',
  `Periodic_DueDate` date NOT NULL DEFAULT '1992-12-08',
  `Decimal_Point` int(11) DEFAULT '0',
  `HMI_ID` varchar(50) DEFAULT '0',
  `calibStatus` varchar(500) DEFAULT 'NULL',
  `Periodic_IsBinBalance` int(1) DEFAULT '0',
  `Periodic_MassWeight` varchar(100) DEFAULT 'NULL',
  `Perodic_VerifyDate` datetime DEFAULT '1992-12-08 00:00:00',
  `Periodic_CalbReason` varchar(300) DEFAULT NULL,
  `Periodic_Remark` varchar(100) DEFAULT 'NULL',
  `Periodic_AllWeightboxCertDate` varchar(1000) DEFAULT 'NULL',
  `Periodic_AllWeightboxID` varchar(1000) DEFAULT 'NULL'
) ENGINE=InnoDB DEFAULT CHARSET=latin1;

/*Data for the table `tbl_calibration_periodic_master_temp` */

/*Table structure for table `tbl_calibration_periodic_master_vernier` */


CREATE TABLE `tbl_calibration_periodic_master_vernier` (
  `Periodic_RepNo` int(11) DEFAULT NULL,
  `Periodic_CalbDate` date NOT NULL DEFAULT '1992-12-08',
  `Periodic_CalbTime` time NOT NULL,
  `Periodic_VerID` varchar(100) NOT NULL DEFAULT 'NULL',
  `Periodic_VerSrNo` varchar(100) NOT NULL DEFAULT 'NULL',
  `Periodic_Make` varchar(100) NOT NULL DEFAULT 'NULL',
  `Periodic_Model` varchar(100) NOT NULL DEFAULT 'NULL',
  `Periodic_Unit` varchar(5) NOT NULL DEFAULT 'NULL',
  `Periodic_Dept` varchar(100) NOT NULL DEFAULT 'NULL',
  `Periodic_LeastCnt` decimal(10,5) NOT NULL DEFAULT '0.00000',
  `Periodic_MaxCap` decimal(10,5) NOT NULL DEFAULT '0.00000',
  `Periodic_MinCap` decimal(10,5) NOT NULL DEFAULT '0.00000',
  `Periodic_UserID` varchar(50) NOT NULL DEFAULT 'NULL',
  `Periodic_UserName` varchar(250) NOT NULL DEFAULT 'NULL',
  `Periodic_VerifyID` varchar(50) NOT NULL DEFAULT 'NULL',
  `Periodic_VerifyName` varchar(250) NOT NULL DEFAULT 'NULL',
  `Perodic_VerifyDate` date NOT NULL DEFAULT '1992-12-08',
  `Periodic_PrintNo` int(11) NOT NULL DEFAULT '0',
  `Periodic_IsRecalib` bit(1) NOT NULL DEFAULT b'0',
  `Periodic_Location` varchar(250) NOT NULL DEFAULT 'NULL',
  `Periodic_CubicalNo` int(50) NOT NULL DEFAULT '0',
  `Periodic_RoomNo` varchar(50) NOT NULL DEFAULT '0',
  `Periodic_DueDate` date NOT NULL DEFAULT '1992-12-08',
  `Decimal_Point` int(11) DEFAULT '0',
  `Periodic_StdBlock` varchar(500) DEFAULT '0',
  `Periodic_NegTol` varchar(500) DEFAULT '0',
  `Periodic_PosTol` varchar(500) DEFAULT '0',
  `Periodic_calibStatus` varchar(500) DEFAULT 'Complies',
  `Periodic_AllBlockboxID` varchar(1000) DEFAULT 'NULL',
  `Periodic_AllBlockboxCert` varchar(1000) DEFAULT 'NULL',
  `Periodic_AllBlockboxValidUpto` varchar(1000) DEFAULT 'NULL',
  `Periodic_Remark` varchar(1000) DEFAULT 'NULL',
  `Periodic_CubicalName` varchar(500) DEFAULT 'NULL',
  `Periodic_VerifyTime` time NOT NULL DEFAULT '00:00:00'
) ENGINE=InnoDB DEFAULT CHARSET=latin1;

/*Data for the table `tbl_calibration_periodic_master_vernier` */

insert  into `tbl_calibration_periodic_master_vernier`(`Periodic_RepNo`,`Periodic_CalbDate`,`Periodic_CalbTime`,`Periodic_VerID`,`Periodic_VerSrNo`,`Periodic_Make`,`Periodic_Model`,`Periodic_Unit`,`Periodic_Dept`,`Periodic_LeastCnt`,`Periodic_MaxCap`,`Periodic_MinCap`,`Periodic_UserID`,`Periodic_UserName`,`Periodic_VerifyID`,`Periodic_VerifyName`,`Perodic_VerifyDate`,`Periodic_PrintNo`,`Periodic_IsRecalib`,`Periodic_Location`,`Periodic_CubicalNo`,`Periodic_RoomNo`,`Periodic_DueDate`,`Decimal_Point`,`Periodic_StdBlock`,`Periodic_NegTol`,`Periodic_PosTol`,`Periodic_calibStatus`,`Periodic_AllBlockboxID`,`Periodic_AllBlockboxCert`,`Periodic_AllBlockboxValidUpto`,`Periodic_Remark`,`Periodic_CubicalName`,`Periodic_VerifyTime`) values 
(1,'2025-09-10','17:08:53','VR01','VR1009','Baker','VER_BK','mm','NA',0.01000,99.99000,0.01000,'D','Dharmesh sakpal','NULL','NULL','1992-12-08',0,'\0','NULL',1,'NA','2025-09-30',2,'2.00000,10.00000','1.50000,9.00000','2.50000,11.00000','Complies','VB01','10092026','2028-10-10','Complies','NULL','00:00:00'),
(2,'2025-09-15','11:34:42','VR01','VR1009','Baker','VER_BK','mm','NA',0.01000,99.99000,0.01000,'D','Dharmesh sakpal','13','Devendra','2025-09-24',0,'','COMPRESSION_1',1,'NA','2025-09-30',2,'2.00000,10.00000','1.50000,9.00000','2.50000,11.00000','Complies','VB01','10092026','2028-10-10','Complies','NULL','00:00:00'),
(3,'2025-09-15','14:03:48','Ver_23','12422','Baker','3321','mm','NA',0.02000,320.00000,0.02000,'21','shruti','D','NULL','1992-12-08',2,'\0','COMPRESSION-2',2,'NA','2025-10-01',2,'0.03000,100.00000,150.00000','0.02000,99.94000,149.95000','0.04000,100.07000,150.06000','Complies','BBI_01','22331','2026-10-14','Complies','NULL','00:00:00'),
(5,'2025-09-24','11:04:00','VR01','VR1009','Baker','VER_BK','mm','NA',0.01000,99.99000,0.01000,'D','Dharmesh sakpal','13','Devendra','2025-09-24',0,'','COMPRESSION_1',1,'NA','2025-09-30',2,'2.00000,10.00000','1.50000,9.00000','2.50000,11.00000','Complies','VB01','10092026','2028-10-10','Complies','NULL','00:00:00'),
(7,'2025-09-26','10:16:06','VR01','VR1009','Baker','VER_BK','mm','NA',0.01000,99.99000,0.01000,'D','Dharmesh sakpal','13','Devendra','2025-09-26',0,'','COMPRESSION_1',1,'NA','2025-09-30',2,'2.00000,10.00000','1.50000,9.00000','2.50000,11.00000','Complies','VB01','10092026','2028-10-10','Complies','NULL','10:16:20'),
(9,'2025-09-26','13:57:53','V001','003','Baker','ABCSD','mm','NA',0.01000,99.90000,0.01000,'a','Abhishek','021','Tejal','2025-09-26',0,'\0','com1',3,'NA','2025-10-04',2,'0.30000,15.00000,65.00000','0.10000,14.00000,60.00000','0.40000,16.00000,68.00000','Complies','VB021','75489','2025-12-31','Complies','NULL','14:13:22'),
(11,'2025-10-01','12:31:12','VER02','10095WER','Baker','IP 67','mm','NA',0.01000,99.99000,0.01000,'D','Dharmesh sakpal','13','Devendra','2025-10-01',0,'\0','Capsule_01',4,'NA','2025-10-26',2,'5.00000,10.00000','4.00000,9.00000','6.00000,11.00000','Complies','VB02','23423','2027-06-09','Complies','NULL','12:56:19'),
(13,'2025-10-04','10:28:11','V001','003','Baker','ABCSD','mm','NA',0.01000,99.90000,0.01000,'D','Dharmesh sakpal','13','Devendra','2025-10-04',0,'\0','capsule-02',5,'NA','2025-10-12',2,'0.30000,15.00000,65.00000','0.10000,14.00000,60.00000','0.40000,16.00000,68.00000','Complies','VB021','75489','2025-12-31','Complies','NULL','10:28:54');

/*Table structure for table `tbl_calibration_periodic_master_vernier_incomplete` */


CREATE TABLE `tbl_calibration_periodic_master_vernier_incomplete` (
  `Periodic_RepNo` int(11) NOT NULL AUTO_INCREMENT,
  `Periodic_CalbDate` date NOT NULL DEFAULT '1992-12-08',
  `Periodic_CalbTime` time NOT NULL,
  `Periodic_VerID` varchar(100) NOT NULL DEFAULT 'NULL',
  `Periodic_VerSrNo` varchar(100) NOT NULL DEFAULT 'NULL',
  `Periodic_Make` varchar(100) NOT NULL DEFAULT 'NULL',
  `Periodic_Model` varchar(100) NOT NULL DEFAULT 'NULL',
  `Periodic_Unit` varchar(5) NOT NULL DEFAULT 'NULL',
  `Periodic_Dept` varchar(100) NOT NULL DEFAULT 'NULL',
  `Periodic_LeastCnt` decimal(10,5) NOT NULL DEFAULT '0.00000',
  `Periodic_MaxCap` decimal(10,5) NOT NULL DEFAULT '0.00000',
  `Periodic_MinCap` decimal(10,5) NOT NULL DEFAULT '0.00000',
  `Periodic_UserID` varchar(50) NOT NULL DEFAULT 'NULL',
  `Periodic_UserName` varchar(250) NOT NULL DEFAULT 'NULL',
  `Periodic_VerifyID` varchar(50) NOT NULL DEFAULT 'NULL',
  `Periodic_VerifyName` varchar(250) NOT NULL DEFAULT 'NULL',
  `Perodic_VerifyDate` date NOT NULL DEFAULT '1992-12-08',
  `Periodic_PrintNo` int(11) NOT NULL DEFAULT '0',
  `Periodic_IsRecalib` bit(1) NOT NULL DEFAULT b'0',
  `Periodic_Location` varchar(250) NOT NULL DEFAULT 'NULL',
  `Periodic_CubicalNo` int(50) NOT NULL DEFAULT '0',
  `Periodic_RoomNo` varchar(50) NOT NULL DEFAULT '0',
  `Periodic_DueDate` date NOT NULL DEFAULT '1992-12-08',
  `Decimal_Point` int(11) DEFAULT '0',
  `Periodic_StdBlock` varchar(500) DEFAULT '0',
  `Periodic_NegTol` varchar(500) DEFAULT '0',
  `Periodic_PosTol` varchar(500) DEFAULT '0',
  `Periodic_calibStatus` varchar(500) DEFAULT 'Complies',
  `Periodic_AllBlockboxID` varchar(1000) DEFAULT 'NULL',
  `Periodic_AllBlockboxCert` varchar(1000) DEFAULT 'NULL',
  `Periodic_AllBlockboxValidUpto` varchar(1000) DEFAULT 'NULL',
  `Periodic_Remark` varchar(1000) DEFAULT 'NULL',
  `Periodic_CubicalName` varchar(500) DEFAULT 'NULL',
  `Periodic_VerifyTime` time NOT NULL DEFAULT '00:00:00',
  PRIMARY KEY (`Periodic_RepNo`),
  KEY `Periodic_RepNo` (`Periodic_RepNo`)
) ENGINE=InnoDB AUTO_INCREMENT=13 DEFAULT CHARSET=latin1;

/*Data for the table `tbl_calibration_periodic_master_vernier_incomplete` */

insert  into `tbl_calibration_periodic_master_vernier_incomplete`(`Periodic_RepNo`,`Periodic_CalbDate`,`Periodic_CalbTime`,`Periodic_VerID`,`Periodic_VerSrNo`,`Periodic_Make`,`Periodic_Model`,`Periodic_Unit`,`Periodic_Dept`,`Periodic_LeastCnt`,`Periodic_MaxCap`,`Periodic_MinCap`,`Periodic_UserID`,`Periodic_UserName`,`Periodic_VerifyID`,`Periodic_VerifyName`,`Perodic_VerifyDate`,`Periodic_PrintNo`,`Periodic_IsRecalib`,`Periodic_Location`,`Periodic_CubicalNo`,`Periodic_RoomNo`,`Periodic_DueDate`,`Decimal_Point`,`Periodic_StdBlock`,`Periodic_NegTol`,`Periodic_PosTol`,`Periodic_calibStatus`,`Periodic_AllBlockboxID`,`Periodic_AllBlockboxCert`,`Periodic_AllBlockboxValidUpto`,`Periodic_Remark`,`Periodic_CubicalName`,`Periodic_VerifyTime`) values 
(4,'2025-09-24','10:55:11','VR01','VR1009','Baker','VER_BK','mm','NA',0.01000,99.99000,0.01000,'D','Dharmesh sakpal','Tantra','Tantrasoft','2025-09-24',0,'','COMPRESSION_1',1,'NA','2025-09-24',2,'2.00000,10.00000','1.50000,9.00000','2.50000,11.00000','Complies','VB01','10092026','2028-10-10','test','NULL','00:00:00'),
(6,'2025-09-26','10:14:32','VR01','VR1009','Baker','VER_BK','mm','NA',0.01000,99.99000,0.01000,'D','Dharmesh sakpal','13','Devendra','2025-09-26',0,'','COMPRESSION_1',1,'NA','2025-09-26',2,'2.00000,10.00000','1.50000,9.00000','2.50000,11.00000','Complies','VB01','10092026','2028-10-10','2nd test failed','NULL','10:15:35'),
(8,'2025-09-26','13:48:09','V001','003','Baker','ABCSD','mm','NA',0.01000,99.90000,0.01000,'a','Abhishek','13','Devendra','1992-12-08',0,'\0','com1',3,'NA','2025-09-26',2,'0.30000,15.00000,65.00000','0.10000,14.00000,60.00000','0.40000,16.00000,68.00000','Complies','VB021','75489','2025-12-31','NULL','NULL','00:00:00'),
(10,'2025-10-01','12:28:01','VER02','10095WER','Baker','IP 67','mm','NA',0.01000,99.99000,0.01000,'D','Dharmesh sakpal','13','Devendra','2025-10-01',0,'\0','Capsule_01',4,'NA','2025-10-01',2,'5.00000,10.00000','4.00000,9.00000','6.00000,11.00000','Complies','VB02','23423','2027-06-09','test','NULL','12:30:50'),
(12,'2025-10-04','10:25:23','V001','003','Baker','ABCSD','mm','NA',0.01000,99.90000,0.01000,'D','Dharmesh sakpal','13','Devendra','2025-10-04',0,'\0','capsule-02',5,'NA','2025-10-04',2,'0.30000,15.00000,65.00000','0.10000,14.00000,60.00000','0.40000,16.00000,68.00000','Complies','VB021','75489','2025-12-31','fghnrth','NULL','10:25:55');

/*Table structure for table `tbl_calibration_periodic_master_vernier_temp` */


CREATE TABLE `tbl_calibration_periodic_master_vernier_temp` (
  `Periodic_RepNo` int(11) NOT NULL,
  `Periodic_CalbDate` date NOT NULL DEFAULT '1992-12-08',
  `Periodic_CalbTime` time NOT NULL,
  `Periodic_VerID` varchar(100) NOT NULL DEFAULT 'NULL',
  `Periodic_VerSrNo` varchar(100) NOT NULL DEFAULT 'NULL',
  `Periodic_Make` varchar(100) NOT NULL DEFAULT 'NULL',
  `Periodic_Model` varchar(100) NOT NULL DEFAULT 'NULL',
  `Periodic_Unit` varchar(5) NOT NULL DEFAULT 'NULL',
  `Periodic_Dept` varchar(100) NOT NULL DEFAULT 'NULL',
  `Periodic_LeastCnt` varchar(10) NOT NULL,
  `Periodic_MaxCap` varchar(10) NOT NULL,
  `Periodic_MinCap` varchar(10) NOT NULL,
  `Periodic_UserID` varchar(50) NOT NULL DEFAULT 'NULL',
  `Periodic_UserName` varchar(250) NOT NULL DEFAULT 'NULL',
  `Periodic_VerifyID` varchar(50) NOT NULL DEFAULT 'NULL',
  `Periodic_VerifyName` varchar(250) NOT NULL DEFAULT 'NULL',
  `Perodic_VerifyDate` date NOT NULL DEFAULT '1992-12-08',
  `Periodic_PrintNo` int(11) NOT NULL DEFAULT '0',
  `Periodic_IsRecalib` bit(1) NOT NULL DEFAULT b'0',
  `Periodic_Location` varchar(250) NOT NULL DEFAULT 'NULL',
  `Periodic_CubicalNo` int(50) NOT NULL DEFAULT '0',
  `Periodic_RoomNo` varchar(50) NOT NULL DEFAULT '0',
  `Periodic_DueDate` date NOT NULL DEFAULT '1992-12-08',
  `Decimal_Point` int(11) DEFAULT '0',
  `HMI_ID` varchar(50) DEFAULT '0',
  `calibStatus` varchar(500) DEFAULT 'NULL',
  `Periodic_VerifyTime` time NOT NULL DEFAULT '00:00:00'
) ENGINE=InnoDB DEFAULT CHARSET=latin1;

/*Data for the table `tbl_calibration_periodic_master_vernier_temp` */

insert  into `tbl_calibration_periodic_master_vernier_temp`(`Periodic_RepNo`,`Periodic_CalbDate`,`Periodic_CalbTime`,`Periodic_VerID`,`Periodic_VerSrNo`,`Periodic_Make`,`Periodic_Model`,`Periodic_Unit`,`Periodic_Dept`,`Periodic_LeastCnt`,`Periodic_MaxCap`,`Periodic_MinCap`,`Periodic_UserID`,`Periodic_UserName`,`Periodic_VerifyID`,`Periodic_VerifyName`,`Perodic_VerifyDate`,`Periodic_PrintNo`,`Periodic_IsRecalib`,`Periodic_Location`,`Periodic_CubicalNo`,`Periodic_RoomNo`,`Periodic_DueDate`,`Decimal_Point`,`HMI_ID`,`calibStatus`,`Periodic_VerifyTime`) values 
(3,'2025-09-15','14:03:48','Ver_23','12422','Baker','3321','mm','NA','0.02','320.00000','0.02000','21','shruti','NULL','NULL','1992-12-08',0,'\0','COMPRESSION-2',2,'NA','2025-10-01',2,'192.168.1.157','Complies','00:00:00'),
(3,'2025-09-15','14:03:48','Ver_23','12422','Baker','3321','mm','NA','0.02','320.00000','0.02000','21','shruti','NULL','NULL','1992-12-08',0,'\0','COMPRESSION-2',2,'NA','2025-10-01',2,'192.168.1.134','Complies','00:00:00'),
(3,'2025-09-15','14:03:48','Ver_23','12422','Baker','3321','mm','NA','0.02','320.00000','0.02000','21','shruti','D','NULL','1992-12-08',1,'\0','COMPRESSION-2',2,'NA','2025-10-01',2,'192.168.1.184','Complies','00:00:00'),
(4,'2025-09-24','10:55:11','VR01','VR1009','Baker','VER_BK','mm','NA','0.01','99.99000','0.01000','D','Dharmesh sakpal','Tantra','Tantrasoft','1992-12-08',0,'','COMPRESSION_1',1,'NA','2025-09-24',2,'192.168.1.166','test','00:00:00'),
(9,'2025-09-26','13:57:53','V001','003','Baker','ABCSD','mm','NA','0.01','99.90000','0.01000','a','Abhishek','021','Tejal','2025-09-26',0,'\0','com1',3,'NA','2025-10-04',2,'192.168.1.145','Complies','14:13:22'),
(7,'2025-09-26','10:16:06','VR01','VR1009','Baker','VER_BK','mm','NA','0.01','99.99000','0.01000','D','Dharmesh sakpal','13','Devendra','2025-09-26',0,'','COMPRESSION_1',1,'NA','2025-09-30',2,'192.168.1.129','Complies','10:16:20'),
(13,'2025-10-04','10:28:11','V001','003','Baker','ABCSD','mm','NA','0.01','99.90000','0.01000','D','Dharmesh sakpal','13','Devendra','2025-10-04',0,'\0','capsule-02',5,'NA','2025-10-12',2,'192.168.1.108','Complies','10:28:54');

/*Table structure for table `tbl_calibration_periodic_print` */


CREATE TABLE `tbl_calibration_periodic_print` (
  `RecNo` int(11) NOT NULL AUTO_INCREMENT,
  `BalanceID` varchar(50) NOT NULL DEFAULT 'NULL',
  `RepSrNo` int(11) NOT NULL DEFAULT '0',
  `PrintNo` int(11) NOT NULL DEFAULT '0',
  `Reason` varchar(300) NOT NULL DEFAULT 'NULL',
  `Title` varchar(20) NOT NULL DEFAULT 'NULL',
  `UserID` varchar(50) NOT NULL DEFAULT 'NULL',
  `UserName` varchar(100) NOT NULL DEFAULT 'NULL',
  `Print_Dt` date NOT NULL,
  `Print_Tm` time NOT NULL,
  `Incomplete` bit(1) NOT NULL DEFAULT b'0',
  PRIMARY KEY (`RecNo`)
) ENGINE=InnoDB DEFAULT CHARSET=latin1;

/*Data for the table `tbl_calibration_periodic_print` */

/*Table structure for table `tbl_calibration_periodic_vernier_print` */


CREATE TABLE `tbl_calibration_periodic_vernier_print` (
  `RecNo` int(11) NOT NULL AUTO_INCREMENT,
  `VernierID` varchar(50) NOT NULL DEFAULT 'NULL',
  `RepSrNo` int(11) NOT NULL DEFAULT '0',
  `PrintNo` int(11) NOT NULL DEFAULT '0',
  `Reason` varchar(300) NOT NULL DEFAULT 'NULL',
  `Title` varchar(20) NOT NULL DEFAULT 'NULL',
  `UserID` varchar(50) NOT NULL DEFAULT 'NULL',
  `UserName` varchar(100) NOT NULL DEFAULT 'NULL',
  `Print_Dt` date NOT NULL,
  `Print_Tm` time NOT NULL,
  `Incomplete` bit(1) NOT NULL DEFAULT b'0',
  PRIMARY KEY (`RecNo`)
) ENGINE=InnoDB AUTO_INCREMENT=3 DEFAULT CHARSET=latin1;

/*Data for the table `tbl_calibration_periodic_vernier_print` */

insert  into `tbl_calibration_periodic_vernier_print`(`RecNo`,`VernierID`,`RepSrNo`,`PrintNo`,`Reason`,`Title`,`UserID`,`UserName`,`Print_Dt`,`Print_Tm`,`Incomplete`) values 
(1,'Ver_23',3,1,'','PeriodicCalibration','D','Dharmesh sakpal','2025-09-17','12:33:53',''),
(2,'Ver_23',3,2,'anurag','PeriodicCalibration','D','Dharmesh sakpal','2025-09-17','12:47:23','');

/*Table structure for table `tbl_calibration_positional_detail` */


CREATE TABLE `tbl_calibration_positional_detail` (
  `Positional_RecNo` int(11) NOT NULL,
  `Positional_RepNo` int(11) NOT NULL DEFAULT '0',
  `Positional_BalStdWt` decimal(10,5) NOT NULL DEFAULT '0.00000',
  `Positional_BalNegTol` decimal(10,5) NOT NULL DEFAULT '0.00000',
  `Positional_BalPosTol` decimal(10,5) NOT NULL DEFAULT '0.00000',
  `Positional_ActualWt` decimal(10,5) NOT NULL DEFAULT '0.00000',
  `Positional_StdWtID` varchar(150) NOT NULL DEFAULT 'NULL',
  `Positional_StdWt` varchar(100) NOT NULL DEFAULT 'NULL',
  `Positional_WtIdentification` varchar(100) NOT NULL DEFAULT 'NULL',
  `Positional_WeightBox_certfctNo` varchar(500) DEFAULT 'NULL',
  `PercentofCapacity` decimal(10,5) NOT NULL DEFAULT '0.00000',
  `Positional_STDWGT_Position` varchar(50) DEFAULT NULL,
  `Positional_WgtKept` int(11) NOT NULL
) ENGINE=InnoDB DEFAULT CHARSET=latin1;

/*Data for the table `tbl_calibration_positional_detail` */

/*Table structure for table `tbl_calibration_positional_detail_failed` */


CREATE TABLE `tbl_calibration_positional_detail_failed` (
  `Positional_RecNo` int(11) NOT NULL,
  `Positional_RepNo` int(11) NOT NULL DEFAULT '0',
  `Positional_BalStdWt` decimal(10,5) NOT NULL DEFAULT '0.00000',
  `Positional_BalNegTol` decimal(10,5) NOT NULL DEFAULT '0.00000',
  `Positional_BalPosTol` decimal(10,5) NOT NULL DEFAULT '0.00000',
  `Positional_ActualWt` decimal(10,5) NOT NULL DEFAULT '0.00000',
  `Positional_StdWtID` varchar(150) NOT NULL DEFAULT 'NULL',
  `Positional_StdWt` varchar(100) NOT NULL DEFAULT 'NULL',
  `Positional_WtIdentification` varchar(100) NOT NULL DEFAULT 'NULL',
  `Positional_WeightBox_certfctNo` varchar(500) DEFAULT 'NULL',
  `PercentofCapacity` decimal(10,5) NOT NULL DEFAULT '0.00000'
) ENGINE=InnoDB DEFAULT CHARSET=latin1;

/*Data for the table `tbl_calibration_positional_detail_failed` */

/*Table structure for table `tbl_calibration_positional_detail_incomplete` */


CREATE TABLE `tbl_calibration_positional_detail_incomplete` (
  `Positional_RecNo` int(11) NOT NULL,
  `Positional_RepNo` int(11) NOT NULL DEFAULT '0',
  `Positional_BalStdWt` decimal(10,5) NOT NULL DEFAULT '0.00000',
  `Positional_BalNegTol` decimal(10,5) NOT NULL DEFAULT '0.00000',
  `Positional_BalPosTol` decimal(10,5) NOT NULL DEFAULT '0.00000',
  `Positional_ActualWt` decimal(10,5) NOT NULL DEFAULT '0.00000',
  `Positional_StdWtID` varchar(150) NOT NULL DEFAULT 'NULL',
  `Positional_StdWt` varchar(100) NOT NULL DEFAULT 'NULL',
  `Positional_WtIdentification` varchar(100) NOT NULL DEFAULT 'NULL',
  `Positional_WeightBox_certfctNo` varchar(500) DEFAULT 'NULL',
  `PercentofCapacity` decimal(10,5) NOT NULL DEFAULT '0.00000'
) ENGINE=InnoDB DEFAULT CHARSET=latin1;

/*Data for the table `tbl_calibration_positional_detail_incomplete` */

/*Table structure for table `tbl_calibration_positional_master` */


CREATE TABLE `tbl_calibration_positional_master` (
  `Positional_RepNo` int(11) NOT NULL,
  `Positional_CalbDate` date NOT NULL,
  `Positional_CalbTime` time NOT NULL,
  `Positional_BalID` varchar(100) NOT NULL DEFAULT 'NULL',
  `Positional_BalSrNo` varchar(100) NOT NULL DEFAULT 'NULL',
  `Positional_Make` varchar(100) NOT NULL DEFAULT 'NULL',
  `Positional_Model` varchar(100) NOT NULL DEFAULT 'NULL',
  `Positional_Unit` varchar(5) NOT NULL DEFAULT 'NULL',
  `Positional_Dept` varchar(100) NOT NULL DEFAULT 'NULL',
  `Positional_LeastCnt` decimal(10,5) NOT NULL DEFAULT '0.00000',
  `Positional_MaxCap` decimal(10,5) NOT NULL DEFAULT '0.00000',
  `Positional_MinCap` decimal(10,5) NOT NULL DEFAULT '0.00000',
  `Positional_ZeroError` bit(1) NOT NULL DEFAULT b'0',
  `Positional_SpritLevel` bit(1) NOT NULL DEFAULT b'0',
  `Positional_GerneralCare` bit(1) NOT NULL DEFAULT b'0',
  `Positional_UserID` varchar(50) NOT NULL DEFAULT 'NULL',
  `Positional_UserName` varchar(250) NOT NULL DEFAULT 'NULL',
  `Positional_Location` varchar(250) NOT NULL DEFAULT 'NULL',
  `Positional_RoomNo` int(50) NOT NULL DEFAULT '0',
  `Decimal_Point` int(11) DEFAULT '0',
  `Positional_DueDate` date NOT NULL DEFAULT '1992-12-08',
  `Positional_AllWeightboxID` varchar(1000) DEFAULT 'NULL',
  `Positional_AllWeightboxCert` varchar(1000) DEFAULT 'NULL',
  `Positional_AllWeightboxValidUpto` varchar(1000) DEFAULT 'NULL',
  `Positional_PrintNo` int(11) DEFAULT '0',
  `Positional_IsBinBalance` int(1) DEFAULT '0'
) ENGINE=InnoDB DEFAULT CHARSET=latin1;

/*Data for the table `tbl_calibration_positional_master` */

/*Table structure for table `tbl_calibration_positional_master_failed` */


CREATE TABLE `tbl_calibration_positional_master_failed` (
  `Positional_RepNo` int(11) NOT NULL,
  `Positional_CalbDate` date NOT NULL,
  `Positional_CalbTime` time NOT NULL,
  `Positional_BalID` varchar(100) NOT NULL DEFAULT 'NULL',
  `Positional_BalSrNo` varchar(100) NOT NULL DEFAULT 'NULL',
  `Positional_Make` varchar(100) NOT NULL DEFAULT 'NULL',
  `Positional_Model` varchar(100) NOT NULL DEFAULT 'NULL',
  `Positional_Unit` varchar(5) NOT NULL DEFAULT 'NULL',
  `Positional_Dept` varchar(100) NOT NULL DEFAULT 'NULL',
  `Positional_LeastCnt` decimal(10,5) NOT NULL DEFAULT '0.00000',
  `Positional_MaxCap` decimal(10,5) NOT NULL DEFAULT '0.00000',
  `Positional_MinCap` decimal(10,5) NOT NULL DEFAULT '0.00000',
  `Positional_ZeroError` bit(1) NOT NULL DEFAULT b'0',
  `Positional_SpritLevel` bit(1) NOT NULL DEFAULT b'0',
  `Positional_GerneralCare` bit(1) NOT NULL DEFAULT b'0',
  `Positional_UserID` varchar(50) NOT NULL DEFAULT 'NULL',
  `Positional_UserName` varchar(250) NOT NULL DEFAULT 'NULL',
  `Positional_Location` varchar(250) NOT NULL DEFAULT 'NULL',
  `Positional_RoomNo` int(50) NOT NULL DEFAULT '0',
  `Decimal_Point` int(11) DEFAULT '0',
  `Positional_DueDate` date NOT NULL DEFAULT '1992-12-08',
  `Positional_AllWeightboxID` varchar(1000) DEFAULT 'NULL',
  `Positional_AllWeightboxCert` varchar(1000) DEFAULT 'NULL',
  `Positional_AllWeightboxValidUpto` varchar(1000) DEFAULT 'NULL',
  `Positional_IsBinBalance` int(1) DEFAULT '0'
) ENGINE=InnoDB DEFAULT CHARSET=latin1;

/*Data for the table `tbl_calibration_positional_master_failed` */

/*Table structure for table `tbl_calibration_positional_master_incomplete` */


CREATE TABLE `tbl_calibration_positional_master_incomplete` (
  `Positional_RepNo` int(11) NOT NULL,
  `Positional_CalbDate` date NOT NULL,
  `Positional_CalbTime` time NOT NULL,
  `Positional_BalID` varchar(100) NOT NULL DEFAULT 'NULL',
  `Positional_BalSrNo` varchar(100) NOT NULL DEFAULT 'NULL',
  `Positional_Make` varchar(100) NOT NULL DEFAULT 'NULL',
  `Positional_Model` varchar(100) NOT NULL DEFAULT 'NULL',
  `Positional_Unit` varchar(5) NOT NULL DEFAULT 'NULL',
  `Positional_Dept` varchar(100) NOT NULL DEFAULT 'NULL',
  `Positional_LeastCnt` decimal(10,5) NOT NULL DEFAULT '0.00000',
  `Positional_MaxCap` decimal(10,5) NOT NULL DEFAULT '0.00000',
  `Positional_MinCap` decimal(10,5) NOT NULL DEFAULT '0.00000',
  `Positional_ZeroError` bit(1) NOT NULL DEFAULT b'0',
  `Positional_SpritLevel` bit(1) NOT NULL DEFAULT b'0',
  `Positional_GerneralCare` bit(1) NOT NULL DEFAULT b'0',
  `Positional_UserID` varchar(50) NOT NULL DEFAULT 'NULL',
  `Positional_UserName` varchar(250) NOT NULL DEFAULT 'NULL',
  `Positional_Location` varchar(250) NOT NULL DEFAULT 'NULL',
  `Positional_RoomNo` int(50) NOT NULL DEFAULT '0',
  `Decimal_Point` int(11) DEFAULT '0',
  `Positional_DueDate` date NOT NULL DEFAULT '1992-12-08',
  `Positional_AllWeightboxID` varchar(1000) DEFAULT 'NULL',
  `Positional_AllWeightboxCert` varchar(1000) DEFAULT 'NULL',
  `Positional_AllWeightboxValidUpto` varchar(1000) DEFAULT 'NULL',
  `Positional_IsBinBalance` int(1) DEFAULT '0'
) ENGINE=InnoDB DEFAULT CHARSET=latin1;

/*Data for the table `tbl_calibration_positional_master_incomplete` */

/*Table structure for table `tbl_calibration_repetability_detail` */


CREATE TABLE `tbl_calibration_repetability_detail` (
  `Repet_RecNo` int(11) NOT NULL,
  `Repet_RepNo` int(11) NOT NULL DEFAULT '0',
  `Repet_BalStdWt` decimal(10,5) NOT NULL DEFAULT '0.00000',
  `Repet_BalNegTol` decimal(10,5) NOT NULL DEFAULT '0.00000',
  `Repet_BalPosTol` decimal(10,5) NOT NULL DEFAULT '0.00000',
  `Repet_ActualWt` decimal(10,5) NOT NULL DEFAULT '0.00000',
  `Repet_StdWtID` varchar(150) NOT NULL DEFAULT 'NULL',
  `Repet_StdWt` varchar(100) NOT NULL DEFAULT 'NULL',
  `Repet_WtIdentification` varchar(100) NOT NULL DEFAULT 'NULL',
  `Repet_WeightBox_certfctNo` varchar(500) NOT NULL DEFAULT 'NULL',
  `PercentofCapacity` varchar(11) NOT NULL DEFAULT '0',
  `Repet_ValDate` varchar(500) DEFAULT 'NULL',
  `D` varchar(150) DEFAULT 'NULL',
  `D_Square` varchar(150) DEFAULT 'NULL',
  `Repet_Tolerance` varchar(50) DEFAULT 'NULL'
) ENGINE=InnoDB DEFAULT CHARSET=latin1;

/*Data for the table `tbl_calibration_repetability_detail` */

/*Table structure for table `tbl_calibration_repetability_detail_failed` */


CREATE TABLE `tbl_calibration_repetability_detail_failed` (
  `SrNo` int(11) NOT NULL AUTO_INCREMENT,
  `Repet_RecNo` int(11) DEFAULT NULL,
  `Repet_RepNo` int(11) NOT NULL DEFAULT '0',
  `Repet_BalStdWt` decimal(10,5) NOT NULL DEFAULT '0.00000',
  `Repet_BalNegTol` decimal(10,5) NOT NULL DEFAULT '0.00000',
  `Repet_BalPosTol` decimal(10,5) NOT NULL DEFAULT '0.00000',
  `Repet_ActualWt` decimal(10,5) NOT NULL DEFAULT '0.00000',
  `Repet_StdWtID` varchar(150) NOT NULL DEFAULT 'NULL',
  `Repet_StdWt` varchar(100) NOT NULL DEFAULT 'NULL',
  `Repet_WtIdentification` varchar(100) NOT NULL DEFAULT 'NULL',
  `Repet_WeightBox_certfctNo` varchar(500) DEFAULT 'NULL',
  `PercentofCapacity` varchar(11) NOT NULL DEFAULT '0',
  `Repet_ValDate` varchar(500) DEFAULT 'NULL',
  `D` varchar(150) DEFAULT 'NULL',
  `D_Square` varchar(150) DEFAULT 'NULL',
  `Repet_Tolerance` varchar(50) DEFAULT 'NULL',
  PRIMARY KEY (`SrNo`)
) ENGINE=InnoDB DEFAULT CHARSET=latin1;

/*Data for the table `tbl_calibration_repetability_detail_failed` */

/*Table structure for table `tbl_calibration_repetability_detail_incomplete` */


CREATE TABLE `tbl_calibration_repetability_detail_incomplete` (
  `Repet_RecNo` int(11) NOT NULL,
  `Repet_RepNo` int(11) NOT NULL DEFAULT '0',
  `Repet_BalStdWt` decimal(10,5) NOT NULL DEFAULT '0.00000',
  `Repet_BalNegTol` decimal(10,5) NOT NULL DEFAULT '0.00000',
  `Repet_BalPosTol` decimal(10,5) NOT NULL DEFAULT '0.00000',
  `Repet_ActualWt` decimal(10,5) NOT NULL DEFAULT '0.00000',
  `Repet_StdWtID` varchar(150) NOT NULL DEFAULT 'NULL',
  `Repet_StdWt` varchar(100) NOT NULL DEFAULT 'NULL',
  `Repet_WtIdentification` varchar(100) NOT NULL DEFAULT 'NULL',
  `Repet_WeightBox_certfctNo` varchar(500) DEFAULT 'NULL',
  `PercentofCapacity` varchar(11) NOT NULL DEFAULT '0',
  `Repet_ValDate` varchar(500) DEFAULT 'NULL',
  `D` varchar(150) DEFAULT 'NULL',
  `D_Square` varchar(150) DEFAULT 'NULL',
  `Repet_Tolerance` varchar(50) DEFAULT 'NULL',
  KEY `Repet_RecNo` (`Repet_RecNo`)
) ENGINE=InnoDB DEFAULT CHARSET=latin1;

/*Data for the table `tbl_calibration_repetability_detail_incomplete` */

/*Table structure for table `tbl_calibration_repetability_detail_temp` */


CREATE TABLE `tbl_calibration_repetability_detail_temp` (
  `Repet_RecNo` int(11) NOT NULL,
  `Repet_RepNo` int(11) NOT NULL DEFAULT '0',
  `Repet_BalStdWt` varchar(10) NOT NULL,
  `Repet_BalNegTol` varchar(10) NOT NULL,
  `Repet_BalPosTol` varchar(10) NOT NULL,
  `Repet_ActualWt` varchar(10) NOT NULL,
  `Repet_StdWtID` varchar(150) NOT NULL DEFAULT 'NULL',
  `Repet_StdWt` varchar(100) NOT NULL DEFAULT 'NULL',
  `Repet_WtIdentification` varchar(100) NOT NULL DEFAULT 'NULL',
  `Repet_WeightBox_certfctNo` varchar(500) NOT NULL DEFAULT 'NULL',
  `PercentofCapacity` varchar(11) NOT NULL DEFAULT '0',
  `Repet_ValDate` varchar(500) DEFAULT 'NULL',
  `Repet_Remark` varchar(500) DEFAULT 'NULL',
  `HMI_ID` int(3) DEFAULT '0',
  `d` varchar(150) DEFAULT 'NULL',
  `dsquare` varchar(150) DEFAULT 'NULL',
  `Repet_Tolerance` varchar(50) DEFAULT 'NULL'
) ENGINE=InnoDB DEFAULT CHARSET=latin1;

/*Data for the table `tbl_calibration_repetability_detail_temp` */

/*Table structure for table `tbl_calibration_repetability_master` */


CREATE TABLE `tbl_calibration_repetability_master` (
  `Repet_RepNo` int(11) NOT NULL,
  `Repet_CalbDate` date NOT NULL,
  `Repet_CalbTime` time NOT NULL,
  `Repet_BalID` varchar(100) NOT NULL DEFAULT 'NULL',
  `Repet_BalSrNo` varchar(100) NOT NULL DEFAULT 'NULL',
  `Repet_Make` varchar(100) NOT NULL DEFAULT 'NULL',
  `Repet_Model` varchar(100) NOT NULL DEFAULT 'NULL',
  `Repet_Unit` varchar(5) NOT NULL DEFAULT 'NULL',
  `Repet_Dept` varchar(100) NOT NULL DEFAULT 'NULL',
  `Repet_LeastCnt` decimal(10,5) NOT NULL DEFAULT '0.00000',
  `Repet_MaxCap` decimal(10,5) NOT NULL DEFAULT '0.00000',
  `Repet_MinCap` decimal(10,5) NOT NULL DEFAULT '0.00000',
  `Repet_ZeroError` bit(1) NOT NULL DEFAULT b'0',
  `Repet_SpritLevel` bit(1) NOT NULL DEFAULT b'0',
  `Repet_GerneralCare` bit(1) NOT NULL DEFAULT b'0',
  `Repet_UserID` varchar(50) NOT NULL DEFAULT 'NULL',
  `Repet_UserName` varchar(250) NOT NULL DEFAULT 'NULL',
  `Repet_Location` varchar(250) NOT NULL DEFAULT 'NULL',
  `Repet_RoomNo` varchar(50) NOT NULL DEFAULT '0',
  `Decimal_Point` int(11) DEFAULT '0',
  `Repet_StdWeight` varchar(500) DEFAULT '0',
  `Repet_NegTol` varchar(500) DEFAULT '0',
  `Repet_PosTol` varchar(500) DEFAULT '0',
  `Repet_DueDate` date NOT NULL DEFAULT '1992-12-08',
  `Repet_PrintNo` int(11) DEFAULT '0',
  `Repet_VerifyID` varchar(50) DEFAULT 'NULL',
  `Repet_VerifyName` varchar(250) DEFAULT 'NULL',
  `Repet_VerifyDate` datetime DEFAULT '1992-12-08 00:00:00',
  `Repet_AllWeightboxID` varchar(1000) DEFAULT 'NULL',
  `Repet_AllWeightboxCert` varchar(1000) DEFAULT 'NULL',
  `Repet_AllWeightboxValidUpto` varchar(1000) DEFAULT 'NULL',
  `Repet_IsBinBalance` int(1) DEFAULT '0',
  `Repet_MassWeight` varchar(100) DEFAULT 'NULL',
  `Repet_Actual_Average` varchar(150) DEFAULT 'NULL',
  `Repet_DSquare_Average` varchar(150) DEFAULT 'NULL',
  `Repet_X` varchar(150) DEFAULT 'NULL',
  `Repet_SD` varchar(150) DEFAULT 'NULL',
  `Repet_AllWeightboxCertDate` varchar(1000) DEFAULT 'NULL'
) ENGINE=InnoDB DEFAULT CHARSET=latin1;

/*Data for the table `tbl_calibration_repetability_master` */

/*Table structure for table `tbl_calibration_repetability_master_failed` */


CREATE TABLE `tbl_calibration_repetability_master_failed` (
  `SrNo` int(11) NOT NULL AUTO_INCREMENT,
  `Repet_RepNo` int(11) DEFAULT NULL,
  `Repet_CalbDate` date NOT NULL,
  `Repet_CalbTime` time NOT NULL,
  `Repet_BalID` varchar(100) NOT NULL DEFAULT 'NULL',
  `Repet_BalSrNo` varchar(100) NOT NULL DEFAULT 'NULL',
  `Repet_Make` varchar(100) NOT NULL DEFAULT 'NULL',
  `Repet_Model` varchar(100) NOT NULL DEFAULT 'NULL',
  `Repet_Unit` varchar(5) NOT NULL DEFAULT 'NULL',
  `Repet_Dept` varchar(100) NOT NULL DEFAULT 'NULL',
  `Repet_LeastCnt` decimal(10,5) NOT NULL DEFAULT '0.00000',
  `Repet_MaxCap` decimal(10,5) NOT NULL DEFAULT '0.00000',
  `Repet_MinCap` decimal(10,5) NOT NULL DEFAULT '0.00000',
  `Repet_ZeroError` bit(1) NOT NULL DEFAULT b'0',
  `Repet_SpritLevel` bit(1) NOT NULL DEFAULT b'0',
  `Repet_GerneralCare` bit(1) NOT NULL DEFAULT b'0',
  `Repet_UserID` varchar(50) NOT NULL DEFAULT 'NULL',
  `Repet_UserName` varchar(250) NOT NULL DEFAULT 'NULL',
  `Repet_Location` varchar(250) NOT NULL DEFAULT 'NULL',
  `Repet_RoomNo` varchar(50) NOT NULL DEFAULT '0',
  `Decimal_Point` int(11) DEFAULT '0',
  `Repet_StdWeight` varchar(500) DEFAULT '0',
  `Repet_NegTol` varchar(500) DEFAULT '0',
  `Repet_PosTol` varchar(500) DEFAULT '0',
  `Repet_DueDate` date NOT NULL DEFAULT '1992-12-08',
  `Repet_PrintNo` int(11) DEFAULT NULL,
  `Repet_VerifyID` varchar(50) DEFAULT NULL,
  `Repet_VerifyName` varchar(50) DEFAULT NULL,
  `Repet_VerifyDate` datetime DEFAULT '1992-12-08 00:00:00',
  `Repet_AllWeightboxID` varchar(1000) DEFAULT 'NULL',
  `Repet_AllWeightboxCert` varchar(1000) DEFAULT 'NULL',
  `Repet_AllWeightboxValidUpto` varchar(1000) DEFAULT 'NULL',
  `Repet_IsBinBalance` int(1) DEFAULT '0',
  `Repet_MassWeight` varchar(100) DEFAULT 'NULL',
  `Repet_Actual_Average` varchar(150) DEFAULT 'NULL',
  `Repet_DSquare_Average` varchar(150) DEFAULT 'NULL',
  `Repet_X` varchar(150) DEFAULT 'NULL',
  `Repet_SD` varchar(150) DEFAULT 'NULL',
  `Repet_AllWeightboxCertDate` varchar(1000) DEFAULT 'NULL',
  PRIMARY KEY (`SrNo`)
) ENGINE=InnoDB DEFAULT CHARSET=latin1;

/*Data for the table `tbl_calibration_repetability_master_failed` */

/*Table structure for table `tbl_calibration_repetability_master_incomplete` */


CREATE TABLE `tbl_calibration_repetability_master_incomplete` (
  `Repet_RepNo` int(11) NOT NULL,
  `Repet_CalbDate` date NOT NULL,
  `Repet_CalbTime` time NOT NULL,
  `Repet_BalID` varchar(100) NOT NULL DEFAULT 'NULL',
  `Repet_BalSrNo` varchar(100) NOT NULL DEFAULT 'NULL',
  `Repet_Make` varchar(100) NOT NULL DEFAULT 'NULL',
  `Repet_Model` varchar(100) NOT NULL DEFAULT 'NULL',
  `Repet_Unit` varchar(5) NOT NULL DEFAULT 'NULL',
  `Repet_Dept` varchar(100) NOT NULL DEFAULT 'NULL',
  `Repet_LeastCnt` decimal(10,5) NOT NULL DEFAULT '0.00000',
  `Repet_MaxCap` decimal(10,5) NOT NULL DEFAULT '0.00000',
  `Repet_MinCap` decimal(10,5) NOT NULL DEFAULT '0.00000',
  `Repet_ZeroError` bit(1) NOT NULL DEFAULT b'0',
  `Repet_SpritLevel` bit(1) NOT NULL DEFAULT b'0',
  `Repet_GerneralCare` bit(1) NOT NULL DEFAULT b'0',
  `Repet_UserID` varchar(50) NOT NULL DEFAULT 'NULL',
  `Repet_UserName` varchar(250) NOT NULL DEFAULT 'NULL',
  `Repet_Location` varchar(250) NOT NULL DEFAULT 'NULL',
  `Repet_RoomNo` varchar(50) NOT NULL DEFAULT '0',
  `Decimal_Point` int(11) DEFAULT '0',
  `Repet_StdWeight` varchar(500) DEFAULT '0',
  `Repet_NegTol` varchar(500) DEFAULT '0',
  `Repet_PosTol` varchar(500) DEFAULT '0',
  `Repet_DueDate` date NOT NULL DEFAULT '1992-12-08',
  `Repet_PrintNo` int(11) DEFAULT NULL,
  `Repet_VerifyID` varchar(50) DEFAULT NULL,
  `Repet_VerifyName` varchar(250) DEFAULT NULL,
  `Repet_VerifyDate` datetime DEFAULT '1992-12-08 00:00:00',
  `Repet_AllWeightboxID` varchar(1000) DEFAULT 'NULL',
  `Repet_AllWeightboxCert` varchar(1000) DEFAULT 'NULL',
  `Repet_AllWeightboxValidUpto` varchar(1000) DEFAULT 'NULL',
  `Repet_IsBinBalance` int(1) DEFAULT '0',
  `Repet_MassWeight` varchar(100) DEFAULT 'NULL',
  `Repet_Actual_Average` varchar(150) DEFAULT 'NULL',
  `Repet_DSquare_Average` varchar(150) DEFAULT 'NULL',
  `Repet_X` varchar(150) DEFAULT 'NULL',
  `Repet_SD` varchar(150) DEFAULT 'NULL',
  `Repet_AllWeightboxCertDate` varchar(1000) DEFAULT 'NULL',
  KEY `Repet_RepNo` (`Repet_RepNo`)
) ENGINE=InnoDB DEFAULT CHARSET=latin1;

/*Data for the table `tbl_calibration_repetability_master_incomplete` */

/*Table structure for table `tbl_calibration_repetability_master_temp` */


CREATE TABLE `tbl_calibration_repetability_master_temp` (
  `Repet_RepNo` int(11) NOT NULL,
  `Repet_CalbDate` date NOT NULL,
  `Repet_CalbTime` time NOT NULL,
  `Repet_BalID` varchar(100) NOT NULL DEFAULT 'NULL',
  `Repet_BalSrNo` varchar(100) NOT NULL DEFAULT 'NULL',
  `Repet_Make` varchar(100) NOT NULL DEFAULT 'NULL',
  `Repet_Model` varchar(100) NOT NULL DEFAULT 'NULL',
  `Repet_Unit` varchar(5) NOT NULL DEFAULT 'NULL',
  `Repet_Dept` varchar(100) NOT NULL DEFAULT 'NULL',
  `Repet_LeastCnt` varchar(10) NOT NULL,
  `Repet_MaxCap` varchar(10) NOT NULL,
  `Repet_MinCap` varchar(10) NOT NULL,
  `Repet_ZeroError` bit(1) NOT NULL DEFAULT b'0',
  `Repet_SpritLevel` bit(1) NOT NULL DEFAULT b'0',
  `Repet_GerneralCare` bit(1) NOT NULL DEFAULT b'0',
  `Repet_UserID` varchar(50) NOT NULL DEFAULT 'NULL',
  `Repet_UserName` varchar(250) NOT NULL DEFAULT 'NULL',
  `Repet_Location` varchar(250) NOT NULL DEFAULT 'NULL',
  `Repet_RoomNo` varchar(50) NOT NULL DEFAULT '0',
  `Decimal_Point` int(11) DEFAULT '0',
  `Repet_DueDate` date NOT NULL DEFAULT '1992-12-08',
  `Repet_PrintNo` int(11) DEFAULT '0',
  `Repet_VerifyID` varchar(50) DEFAULT 'NULL',
  `Repet_VerifyName` varchar(250) DEFAULT 'NULL',
  `Repet_VerifyDate` datetime DEFAULT '1992-12-08 00:00:00',
  `HMI_ID` int(3) DEFAULT '0',
  `Repet_IsBinBalance` int(1) DEFAULT '0',
  `Repet_MassWeight` varchar(100) DEFAULT 'NULL',
  `Repet_Actual_Average` varchar(150) DEFAULT 'NULL',
  `Repet_DSquare_Average` varchar(150) DEFAULT 'NULL',
  `Repet_X` varchar(150) DEFAULT 'NULL',
  `Repet_SD` varchar(150) DEFAULT 'NULL',
  `Repet_AllWeightboxCertDate` varchar(1000) DEFAULT 'NULL',
  `Repet_AllWeightboxID` varchar(1000) DEFAULT 'NULL'
) ENGINE=InnoDB DEFAULT CHARSET=latin1;

/*Data for the table `tbl_calibration_repetability_master_temp` */

/*Table structure for table `tbl_calibration_sequnce` */


CREATE TABLE `tbl_calibration_sequnce` (
  `P` int(11) NOT NULL DEFAULT '0',
  `U` int(11) NOT NULL DEFAULT '0',
  `R` int(11) NOT NULL DEFAULT '0',
  `E` int(11) NOT NULL DEFAULT '0',
  `L` int(11) NOT NULL DEFAULT '0',
  `V` int(11) NOT NULL DEFAULT '0'
) ENGINE=InnoDB DEFAULT CHARSET=latin1;

/*Data for the table `tbl_calibration_sequnce` */

insert  into `tbl_calibration_sequnce`(`P`,`U`,`R`,`E`,`L`,`V`) values 
(0,3,0,2,1,0);

/*Table structure for table `tbl_calibration_status` */


CREATE TABLE `tbl_calibration_status` (
  `Cubicle` int(11) NOT NULL AUTO_INCREMENT,
  `date` date DEFAULT '1992-12-08',
  `BalID` varchar(50) COLLATE utf8_unicode_ci DEFAULT 'NULL',
  `D` int(11) NOT NULL DEFAULT '0' COMMENT 'Daily',
  `P` int(11) NOT NULL DEFAULT '0' COMMENT 'Periodic',
  `E` int(11) NOT NULL DEFAULT '0' COMMENT 'Eccentricity',
  `R` int(11) NOT NULL DEFAULT '0' COMMENT 'Repeatability',
  `U` int(11) NOT NULL DEFAULT '0' COMMENT 'Uncertainty',
  `L` int(11) NOT NULL DEFAULT '0' COMMENT 'Linearity ',
  `V` int(11) NOT NULL DEFAULT '0' COMMENT 'Positional Variation',
  `Sequence` varchar(20) COLLATE utf8_unicode_ci NOT NULL DEFAULT 'P,U,R,E',
  `RepNo` int(11) NOT NULL DEFAULT '0' COMMENT 'Periodic_RepNo',
  `Sys_Area` varchar(100) COLLATE utf8_unicode_ci DEFAULT 'NULL',
  `Sys_CubicName` varchar(100) COLLATE utf8_unicode_ci DEFAULT 'NULL',
  PRIMARY KEY (`Cubicle`)
) ENGINE=InnoDB AUTO_INCREMENT=17 DEFAULT CHARSET=utf8 COLLATE=utf8_unicode_ci;

/*Data for the table `tbl_calibration_status` */

insert  into `tbl_calibration_status`(`Cubicle`,`date`,`BalID`,`D`,`P`,`E`,`R`,`U`,`L`,`V`,`Sequence`,`RepNo`,`Sys_Area`,`Sys_CubicName`) values 
(1,'1992-12-08','4545',0,0,0,0,0,0,0,'P,U,R,E',28,'Compression','COMPRESSION_1'),
(2,'1992-12-08','None',0,0,0,0,0,0,0,'P,U,R,E',36,'Compression','COMPRESSION-2'),
(3,'1992-12-08','OQ1',0,0,0,0,0,0,0,'P,U,R,E',34,'Compression','com1'),
(4,'1992-12-08','QWE0524',0,0,0,0,0,0,0,'P,U,R,E',37,'Capsule Filling','Capsule_01'),
(5,'1992-12-08','SHR05',0,0,0,0,0,0,0,'P,U,R,E',0,'Capsule Filling','capsule-02'),
(6,'1992-12-08','None',0,0,0,0,0,0,0,'P,U,R,E',35,'QC','QC_01'),
(7,'1992-12-08','Bal_26',0,0,0,0,0,0,0,'P,U,R,E',7,'IPQA','IPQA Balance'),
(8,'1992-12-08','NULL',0,0,0,0,0,0,0,'P,U,R,E',0,'IPQA','IPQC VER'),
(9,'1992-12-08','NULL',0,0,0,0,0,0,0,'P,U,R,E',0,'IPQA','IPQA DT'),
(10,'1992-12-08','NULL',0,0,0,0,0,0,0,'P,U,R,E',0,'IPQA','IPQA FRI'),
(11,'1992-12-08','BAL002',0,0,0,0,0,0,0,'P,U,R,E',0,'IPQA','IPQA_BAL_5'),
(12,'1992-12-08','Bal_23',0,0,0,0,0,0,0,'P,U,R,E',0,'IPQA','IPQA1'),
(13,'1992-12-08','NULL',0,0,0,0,0,0,0,'P,U,R,E',0,'IPQA','NULL'),
(14,'1992-12-08','NULL',0,0,0,0,0,0,0,'P,U,R,E',0,'IPQA','NULL'),
(15,'1992-12-08','Bal_28',0,0,0,0,0,0,0,'P,U,R,E',17,'Dry Syrup','Dry Syrup 01'),
(16,'1992-12-08','NULL',0,0,0,0,0,0,0,'P,U,R,E',0,'Dry Syrup','NULL');

/*Table structure for table `tbl_calibration_status_bin` */


CREATE TABLE `tbl_calibration_status_bin` (
  `Cubicle` int(11) NOT NULL AUTO_INCREMENT,
  `date` date DEFAULT '1992-12-08',
  `BalID` varchar(50) COLLATE utf8_unicode_ci DEFAULT 'NULL',
  `D` bit(1) NOT NULL DEFAULT b'0' COMMENT 'Daily',
  `P` bit(1) NOT NULL DEFAULT b'0' COMMENT 'Periodic',
  `E` bit(1) NOT NULL DEFAULT b'0' COMMENT 'Eccentricity',
  `R` bit(1) NOT NULL DEFAULT b'0' COMMENT 'Repeatability',
  `U` bit(1) NOT NULL DEFAULT b'0' COMMENT 'Uncertainty',
  `L` bit(1) NOT NULL DEFAULT b'0' COMMENT 'Linearity ',
  `V` bit(1) NOT NULL DEFAULT b'0' COMMENT 'Positional Variation',
  `Sequence` varchar(20) COLLATE utf8_unicode_ci NOT NULL DEFAULT 'P,U,R,E',
  `RepNo` int(11) NOT NULL DEFAULT '0' COMMENT 'Periodic_RepNo',
  `Sys_Area` varchar(100) COLLATE utf8_unicode_ci DEFAULT 'NULL',
  `Sys_CubicName` varchar(100) COLLATE utf8_unicode_ci DEFAULT 'NULL',
  PRIMARY KEY (`Cubicle`)
) ENGINE=InnoDB AUTO_INCREMENT=17 DEFAULT CHARSET=utf8 COLLATE=utf8_unicode_ci;

/*Data for the table `tbl_calibration_status_bin` */

insert  into `tbl_calibration_status_bin`(`Cubicle`,`date`,`BalID`,`D`,`P`,`E`,`R`,`U`,`L`,`V`,`Sequence`,`RepNo`,`Sys_Area`,`Sys_CubicName`) values 
(1,'1992-12-08','NULL','\0','\0','\0','\0','\0','\0','\0','P,U,R,E',0,'Compression','COMPRESSION_1'),
(2,'1992-12-08','NULL','\0','\0','\0','\0','\0','\0','\0','P,U,R,E',0,'Compression','COMPRESSION-2'),
(3,'1992-12-08','NULL','\0','\0','\0','\0','\0','\0','\0','P,U,R,E',0,'Compression','com1'),
(4,'1992-12-08','NULL','\0','\0','\0','\0','\0','\0','\0','P,U,R,E',0,'Capsule Filling','Capsule_01'),
(5,'1992-12-08','NULL','\0','\0','\0','\0','\0','\0','\0','P,U,R,E',0,'Capsule Filling','capsule-02'),
(6,'1992-12-08','NULL','\0','\0','\0','\0','\0','\0','\0','P,U,R,E',0,'QC','QC_01'),
(7,'1992-12-08','NULL','\0','\0','\0','\0','\0','\0','\0','P,U,R,E',0,'IPQA','IPQA Balance'),
(8,'1992-12-08','NULL','\0','\0','\0','\0','\0','\0','\0','P,U,R,E',0,'IPQA','IPQC VER'),
(9,'1992-12-08','NULL','\0','\0','\0','\0','\0','\0','\0','P,U,R,E',0,'IPQA','IPQA DT'),
(10,'1992-12-08','NULL','\0','\0','\0','\0','\0','\0','\0','P,U,R,E',0,'IPQA','IPQA FRI'),
(11,'1992-12-08','NULL','\0','\0','\0','\0','\0','\0','\0','P,U,R,E',0,'IPQA','IPQA_BAL_5'),
(12,'1992-12-08','NULL','\0','\0','\0','\0','\0','\0','\0','P,U,R,E',0,'IPQA','IPQA1'),
(13,'1992-12-08','NULL','\0','\0','\0','\0','\0','\0','\0','P,U,R,E',0,'IPQA','NULL'),
(14,'1992-12-08','NULL','\0','\0','\0','\0','\0','\0','\0','P,U,R,E',0,'IPQA','NULL'),
(15,'1992-12-08','NULL','\0','\0','\0','\0','\0','\0','\0','P,U,R,E',0,'Dry Syrup','Dry Syrup 01'),
(16,'1992-12-08','NULL','\0','\0','\0','\0','\0','\0','\0','P,U,R,E',0,'Dry Syrup','NULL');

/*Table structure for table `tbl_calibration_uncertinity_detail` */


CREATE TABLE `tbl_calibration_uncertinity_detail` (
  `Uncertinity_RecNo` int(11) NOT NULL,
  `Uncertinity_RepNo` int(11) NOT NULL DEFAULT '0',
  `Uncertinity_BalStdWt` varchar(100) DEFAULT NULL,
  `Uncertinity_BalNegTol` varchar(100) DEFAULT NULL,
  `Uncertinity_BalPosTol` varchar(100) DEFAULT NULL,
  `Uncertinity_ActualWt` varchar(100) DEFAULT NULL,
  `Uncertinity_StdWtID` varchar(150) NOT NULL DEFAULT 'NULL',
  `Uncertinity_StdWt` varchar(100) NOT NULL DEFAULT 'NULL',
  `Uncertinity_WtIdentification` varchar(100) NOT NULL DEFAULT 'NULL',
  `Uncertinity_WeightBox_certfctNo` varchar(500) DEFAULT 'NULL',
  `PercentofCapacity` varchar(11) NOT NULL DEFAULT '0',
  `Uncertinity_ValDate` varchar(500) NOT NULL DEFAULT 'NULL',
  `D` varchar(150) DEFAULT 'NULL',
  `D_Square` varchar(150) DEFAULT 'NULL',
  `Uncertinity_Tolerance` varchar(50) DEFAULT 'NULL'
) ENGINE=InnoDB DEFAULT CHARSET=latin1;

/*Data for the table `tbl_calibration_uncertinity_detail` */

insert  into `tbl_calibration_uncertinity_detail`(`Uncertinity_RecNo`,`Uncertinity_RepNo`,`Uncertinity_BalStdWt`,`Uncertinity_BalNegTol`,`Uncertinity_BalPosTol`,`Uncertinity_ActualWt`,`Uncertinity_StdWtID`,`Uncertinity_StdWt`,`Uncertinity_WtIdentification`,`Uncertinity_WeightBox_certfctNo`,`PercentofCapacity`,`Uncertinity_ValDate`,`D`,`D_Square`,`Uncertinity_Tolerance`) values 
(1,2,'64.00000','63.99700','64.00600','64.00000','WBI_01','64','','12321','0.00000','2026-10-14','NULL','NULL','- 0.003 + 0.006'),
(2,2,'64.00000','63.99700','64.00600','64.00000','WBI_01','64','','12321','0.00000','2026-10-14','NULL','NULL','- 0.003 + 0.006'),
(3,2,'64.00000','63.99700','64.00600','64.00000','WBI_01','64','','12321','0.00000','2026-10-14','NULL','NULL','- 0.003 + 0.006'),
(4,2,'64.00000','63.99700','64.00600','64.00000','WBI_01','64','','12321','0.00000','2026-10-14','NULL','NULL','- 0.003 + 0.006'),
(5,2,'64.00000','63.99700','64.00600','64.00000','WBI_01','64','','12321','0.00000','2026-10-14','NULL','NULL','- 0.003 + 0.006'),
(6,2,'64.00000','63.99700','64.00600','64.00000','WBI_01','64','','12321','0.00000','2026-10-14','NULL','NULL','- 0.003 + 0.006'),
(7,2,'64.00000','63.99700','64.00600','64.00000','WBI_01','64','','12321','0.00000','2026-10-14','NULL','NULL','- 0.003 + 0.006'),
(8,2,'64.00000','63.99700','64.00600','64.00000','WBI_01','64','','12321','0.00000','2026-10-14','NULL','NULL','- 0.003 + 0.006'),
(9,2,'64.00000','63.99700','64.00600','64.00000','WBI_01','64','','12321','0.00000','2026-10-14','NULL','NULL','- 0.003 + 0.006'),
(10,2,'64.00000','63.99700','64.00600','64.00000','WBI_01','64','','12321','0.00000','2026-10-14','NULL','NULL','- 0.003 + 0.006'),
(1,4,'10.00000','9.00000','11.00000','10.00000','WB001','10.000','','10092025','0.00000','2028-10-10','NULL','NULL','± 1.000'),
(2,4,'10.00000','9.00000','11.00000','10.00000','WB001','10.000','','10092025','0.00000','2028-10-10','NULL','NULL','± 1.000'),
(3,4,'10.00000','9.00000','11.00000','10.00000','WB001','10.000','','10092025','0.00000','2028-10-10','NULL','NULL','± 1.000'),
(4,4,'10.00000','9.00000','11.00000','10.00000','WB001','10.000','','10092025','0.00000','2028-10-10','NULL','NULL','± 1.000'),
(5,4,'10.00000','9.00000','11.00000','10.00000','WB001','10.000','','10092025','0.00000','2028-10-10','NULL','NULL','± 1.000'),
(6,4,'10.00000','9.00000','11.00000','10.00000','WB001','10.000','','10092025','0.00000','2028-10-10','NULL','NULL','± 1.000'),
(7,4,'10.00000','9.00000','11.00000','10.00000','WB001','10.000','','10092025','0.00000','2028-10-10','NULL','NULL','± 1.000'),
(8,4,'10.00000','9.00000','11.00000','10.00000','WB001','10.000','','10092025','0.00000','2028-10-10','NULL','NULL','± 1.000'),
(9,4,'10.00000','9.00000','11.00000','10.00000','WB001','10.000','','10092025','0.00000','2028-10-10','NULL','NULL','± 1.000'),
(10,4,'10.00000','9.00000','11.00000','10.00000','WB001','10.000','','10092025','0.00000','2028-10-10','NULL','NULL','± 1.000'),
(1,6,'64.00000','63.99400','64.00700','64.00000','WBI_01','64','','12321','0.00000','2026-10-14','NULL','NULL','- 0.006 + 0.007'),
(2,6,'64.00000','63.99400','64.00700','64.00000','WBI_01','64','','12321','0.00000','2026-10-14','NULL','NULL','- 0.006 + 0.007'),
(3,6,'64.00000','63.99400','64.00700','64.00000','WBI_01','64','','12321','0.00000','2026-10-14','NULL','NULL','- 0.006 + 0.007'),
(4,6,'64.00000','63.99400','64.00700','64.00000','WBI_01','64','','12321','0.00000','2026-10-14','NULL','NULL','- 0.006 + 0.007'),
(5,6,'64.00000','63.99400','64.00700','64.00000','WBI_01','64','','12321','0.00000','2026-10-14','NULL','NULL','- 0.006 + 0.007'),
(6,6,'64.00000','63.99400','64.00700','64.00000','WBI_01','64','','12321','0.00000','2026-10-14','NULL','NULL','- 0.006 + 0.007'),
(7,6,'64.00000','63.99400','64.00700','64.00000','WBI_01','64','','12321','0.00000','2026-10-14','NULL','NULL','- 0.006 + 0.007'),
(8,6,'64.00000','63.99400','64.00700','64.00000','WBI_01','64','','12321','0.00000','2026-10-14','NULL','NULL','- 0.006 + 0.007'),
(9,6,'64.00000','63.99400','64.00700','64.00000','WBI_01','64','','12321','0.00000','2026-10-14','NULL','NULL','- 0.006 + 0.007'),
(10,6,'64.00000','63.99400','64.00700','64.00000','WBI_01','64','','12321','0.00000','2026-10-14','NULL','NULL','- 0.006 + 0.007'),
(1,7,'100.00000','99.99500','100.00200','100.00000','WBI_02','100','','11092025','0.00000','2026-10-15','NULL','NULL','- 0.005 + 0.002'),
(2,7,'100.00000','99.99500','100.00200','100.00000','WBI_02','100','','11092025','0.00000','2026-10-15','NULL','NULL','- 0.005 + 0.002'),
(3,7,'100.00000','99.99500','100.00200','100.00000','WBI_02','100','','11092025','0.00000','2026-10-15','NULL','NULL','- 0.005 + 0.002'),
(4,7,'100.00000','99.99500','100.00200','100.00000','WBI_02','100','','11092025','0.00000','2026-10-15','NULL','NULL','- 0.005 + 0.002'),
(5,7,'100.00000','99.99500','100.00200','100.00000','WBI_02','100','','11092025','0.00000','2026-10-15','NULL','NULL','- 0.005 + 0.002'),
(6,7,'100.00000','99.99500','100.00200','100.00000','WBI_02','100','','11092025','0.00000','2026-10-15','NULL','NULL','- 0.005 + 0.002'),
(7,7,'100.00000','99.99500','100.00200','100.00000','WBI_02','100','','11092025','0.00000','2026-10-15','NULL','NULL','- 0.005 + 0.002'),
(8,7,'100.00000','99.99500','100.00200','100.00000','WBI_02','100','','11092025','0.00000','2026-10-15','NULL','NULL','- 0.005 + 0.002'),
(9,7,'100.00000','99.99500','100.00200','100.00000','WBI_02','100','','11092025','0.00000','2026-10-15','NULL','NULL','- 0.005 + 0.002'),
(10,7,'100.00000','99.99500','100.00200','100.00000','WBI_02','100','','11092025','0.00000','2026-10-15','NULL','NULL','- 0.005 + 0.002'),
(1,8,'160.00000','159.99500','160.00600','160.00000','WBI_02','160','','11092025','0.00000','2026-10-15','NULL','NULL','- 0.005 + 0.006'),
(2,8,'160.00000','159.99500','160.00600','160.00000','WBI_02','160','','11092025','0.00000','2026-10-15','NULL','NULL','- 0.005 + 0.006'),
(3,8,'160.00000','159.99500','160.00600','160.00000','WBI_02','160','','11092025','0.00000','2026-10-15','NULL','NULL','- 0.005 + 0.006'),
(4,8,'160.00000','159.99500','160.00600','160.00000','WBI_02','160','','11092025','0.00000','2026-10-15','NULL','NULL','- 0.005 + 0.006'),
(5,8,'160.00000','159.99500','160.00600','160.00000','WBI_02','160','','11092025','0.00000','2026-10-15','NULL','NULL','- 0.005 + 0.006'),
(6,8,'160.00000','159.99500','160.00600','160.00000','WBI_02','160','','11092025','0.00000','2026-10-15','NULL','NULL','- 0.005 + 0.006'),
(7,8,'160.00000','159.99500','160.00600','160.00000','WBI_02','160','','11092025','0.00000','2026-10-15','NULL','NULL','- 0.005 + 0.006'),
(8,8,'160.00000','159.99500','160.00600','160.00000','WBI_02','160','','11092025','0.00000','2026-10-15','NULL','NULL','- 0.005 + 0.006'),
(9,8,'160.00000','159.99500','160.00600','160.00000','WBI_02','160','','11092025','0.00000','2026-10-15','NULL','NULL','- 0.005 + 0.006'),
(10,8,'160.00000','159.99500','160.00600','160.00000','WBI_02','160','','11092025','0.00000','2026-10-15','NULL','NULL','- 0.005 + 0.006'),
(1,9,'20.00000','19.00000','21.00000','20.00000','WB001','20.000','','10092025','0.00000','2028-10-10','NULL','NULL','± 1.000'),
(2,9,'20.00000','19.00000','21.00000','20.00000','WB001','20.000','','10092025','0.00000','2028-10-10','NULL','NULL','± 1.000'),
(3,9,'20.00000','19.00000','21.00000','20.00000','WB001','20.000','','10092025','0.00000','2028-10-10','NULL','NULL','± 1.000'),
(4,9,'20.00000','19.00000','21.00000','20.00000','WB001','20.000','','10092025','0.00000','2028-10-10','NULL','NULL','± 1.000'),
(5,9,'20.00000','19.00000','21.00000','20.00000','WB001','20.000','','10092025','0.00000','2028-10-10','NULL','NULL','± 1.000'),
(6,9,'20.00000','19.00000','21.00000','20.00000','WB001','20.000','','10092025','0.00000','2028-10-10','NULL','NULL','± 1.000'),
(7,9,'20.00000','19.00000','21.00000','20.00000','WB001','20.000','','10092025','0.00000','2028-10-10','NULL','NULL','± 1.000'),
(8,9,'20.00000','19.00000','21.00000','20.00000','WB001','20.000','','10092025','0.00000','2028-10-10','NULL','NULL','± 1.000'),
(9,9,'20.00000','19.00000','21.00000','20.00000','WB001','20.000','','10092025','0.00000','2028-10-10','NULL','NULL','± 1.000'),
(10,9,'20.00000','19.00000','21.00000','20.00000','WB001','20.000','','10092025','0.00000','2028-10-10','NULL','NULL','± 1.000'),
(1,11,'20.00000','19.00000','21.00000','20.00000','WB001','20.000','','10092025','0.00000','2028-10-10','NULL','NULL','± 1.000'),
(2,11,'20.00000','19.00000','21.00000','20.00000','WB001','20.000','','10092025','0.00000','2028-10-10','NULL','NULL','± 1.000'),
(3,11,'20.00000','19.00000','21.00000','20.00000','WB001','20.000','','10092025','0.00000','2028-10-10','NULL','NULL','± 1.000'),
(4,11,'20.00000','19.00000','21.00000','20.00000','WB001','20.000','','10092025','0.00000','2028-10-10','NULL','NULL','± 1.000'),
(5,11,'20.00000','19.00000','21.00000','20.00000','WB001','20.000','','10092025','0.00000','2028-10-10','NULL','NULL','± 1.000'),
(6,11,'20.00000','19.00000','21.00000','20.00000','WB001','20.000','','10092025','0.00000','2028-10-10','NULL','NULL','± 1.000'),
(7,11,'20.00000','19.00000','21.00000','20.00000','WB001','20.000','','10092025','0.00000','2028-10-10','NULL','NULL','± 1.000'),
(8,11,'20.00000','19.00000','21.00000','20.00000','WB001','20.000','','10092025','0.00000','2028-10-10','NULL','NULL','± 1.000'),
(9,11,'20.00000','19.00000','21.00000','20.00000','WB001','20.000','','10092025','0.00000','2028-10-10','NULL','NULL','± 1.000'),
(10,11,'20.00000','19.00000','21.00000','20.00000','WB001','20.000','','10092025','0.00000','2028-10-10','NULL','NULL','± 1.000'),
(1,12,'64.000','63.994','64.007','64.000','WBI_01','64','','12321','0.00000','2026-10-14','NULL','NULL','- 0.006 + 0.007'),
(2,12,'64.000','63.994','64.007','64.000','WBI_01','64','','12321','0.00000','2026-10-14','NULL','NULL','- 0.006 + 0.007'),
(3,12,'64.000','63.994','64.007','64.000','WBI_01','64','','12321','0.00000','2026-10-14','NULL','NULL','- 0.006 + 0.007'),
(4,12,'64.000','63.994','64.007','64.000','WBI_01','64','','12321','0.00000','2026-10-14','NULL','NULL','- 0.006 + 0.007'),
(5,12,'64.000','63.994','64.007','64.000','WBI_01','64','','12321','0.00000','2026-10-14','NULL','NULL','- 0.006 + 0.007'),
(6,12,'64.000','63.994','64.007','64.000','WBI_01','64','','12321','0.00000','2026-10-14','NULL','NULL','- 0.006 + 0.007'),
(7,12,'64.000','63.994','64.007','64.000','WBI_01','64','','12321','0.00000','2026-10-14','NULL','NULL','- 0.006 + 0.007'),
(8,12,'64.000','63.994','64.007','64.000','WBI_01','64','','12321','0.00000','2026-10-14','NULL','NULL','- 0.006 + 0.007'),
(9,12,'64.000','63.994','64.007','64.000','WBI_01','64','','12321','0.00000','2026-10-14','NULL','NULL','- 0.006 + 0.007'),
(10,12,'64.000','63.994','64.007','64.000','WBI_01','64','','12321','0.00000','2026-10-14','NULL','NULL','- 0.006 + 0.007'),
(1,14,'20.000','19.000','21.000','20.000','WB001','20.000','','10092025','0.00000','2028-10-10','NULL','NULL','± 1.000'),
(2,14,'20.000','19.000','21.000','20.000','WB001','20.000','','10092025','0.00000','2028-10-10','NULL','NULL','± 1.000'),
(3,14,'20.000','19.000','21.000','20.000','WB001','20.000','','10092025','0.00000','2028-10-10','NULL','NULL','± 1.000'),
(4,14,'20.000','19.000','21.000','20.000','WB001','20.000','','10092025','0.00000','2028-10-10','NULL','NULL','± 1.000'),
(5,14,'20.000','19.000','21.000','20.000','WB001','20.000','','10092025','0.00000','2028-10-10','NULL','NULL','± 1.000'),
(6,14,'20.000','19.000','21.000','20.000','WB001','20.000','','10092025','0.00000','2028-10-10','NULL','NULL','± 1.000'),
(7,14,'20.000','19.000','21.000','20.000','WB001','20.000','','10092025','0.00000','2028-10-10','NULL','NULL','± 1.000'),
(8,14,'20.000','19.000','21.000','20.000','WB001','20.000','','10092025','0.00000','2028-10-10','NULL','NULL','± 1.000'),
(9,14,'20.000','19.000','21.000','20.000','WB001','20.000','','10092025','0.00000','2028-10-10','NULL','NULL','± 1.000'),
(10,14,'20.000','19.000','21.000','20.000','WB001','20.000','','10092025','0.00000','2028-10-10','NULL','NULL','± 1.000'),
(1,16,'20.000','19.000','21.000','20.000','WB001','20.000','','10092025','0.00000','2028-10-10','NULL','NULL','± 1.000'),
(2,16,'20.000','19.000','21.000','20.000','WB001','20.000','','10092025','0.00000','2028-10-10','NULL','NULL','± 1.000'),
(3,16,'20.000','19.000','21.000','20.000','WB001','20.000','','10092025','0.00000','2028-10-10','NULL','NULL','± 1.000'),
(4,16,'20.000','19.000','21.000','20.000','WB001','20.000','','10092025','0.00000','2028-10-10','NULL','NULL','± 1.000'),
(5,16,'20.000','19.000','21.000','20.000','WB001','20.000','','10092025','0.00000','2028-10-10','NULL','NULL','± 1.000'),
(6,16,'20.000','19.000','21.000','20.000','WB001','20.000','','10092025','0.00000','2028-10-10','NULL','NULL','± 1.000'),
(7,16,'20.000','19.000','21.000','21.000','WB001','20.000','','10092025','0.00000','2028-10-10','NULL','NULL','± 1.000'),
(8,16,'20.000','19.000','21.000','21.000','WB001','20.000','','10092025','0.00000','2028-10-10','NULL','NULL','± 1.000'),
(9,16,'20.000','19.000','21.000','20.000','WB001','20.000','','10092025','0.00000','2028-10-10','NULL','NULL','± 1.000'),
(10,16,'20.000','19.000','21.000','20.000','WB001','20.000','','10092025','0.00000','2028-10-10','NULL','NULL','± 1.000'),
(1,17,'64.000','63.998','64.009','64.000','WBI_02','64','','11092025','0.00000','2026-10-15','NULL','NULL','- 0.002 + 0.009'),
(2,17,'64.000','63.998','64.009','64.000','WBI_02','64','','11092025','0.00000','2026-10-15','NULL','NULL','- 0.002 + 0.009'),
(3,17,'64.000','63.998','64.009','64.000','WBI_02','64','','11092025','0.00000','2026-10-15','NULL','NULL','- 0.002 + 0.009'),
(4,17,'64.000','63.998','64.009','64.000','WBI_02','64','','11092025','0.00000','2026-10-15','NULL','NULL','- 0.002 + 0.009'),
(5,17,'64.000','63.998','64.009','64.000','WBI_02','64','','11092025','0.00000','2026-10-15','NULL','NULL','- 0.002 + 0.009'),
(6,17,'64.000','63.998','64.009','64.000','WBI_02','64','','11092025','0.00000','2026-10-15','NULL','NULL','- 0.002 + 0.009'),
(7,17,'64.000','63.998','64.009','64.000','WBI_02','64','','11092025','0.00000','2026-10-15','NULL','NULL','- 0.002 + 0.009'),
(8,17,'64.000','63.998','64.009','64.000','WBI_02','64','','11092025','0.00000','2026-10-15','NULL','NULL','- 0.002 + 0.009'),
(9,17,'64.000','63.998','64.009','64.000','WBI_02','64','','11092025','0.00000','2026-10-15','NULL','NULL','- 0.002 + 0.009'),
(10,17,'64.000','63.998','64.009','64.000','WBI_02','64','','11092025','0.00000','2026-10-15','NULL','NULL','- 0.002 + 0.009'),
(1,19,'20.000','19.000','21.000','20.000','WB001','20.000','','10092025','0.00000','2028-10-10','NULL','NULL','± 1.000'),
(2,19,'20.000','19.000','21.000','20.000','WB001','20.000','','10092025','0.00000','2028-10-10','NULL','NULL','± 1.000'),
(3,19,'20.000','19.000','21.000','20.000','WB001','20.000','','10092025','0.00000','2028-10-10','NULL','NULL','± 1.000'),
(4,19,'20.000','19.000','21.000','20.000','WB001','20.000','','10092025','0.00000','2028-10-10','NULL','NULL','± 1.000'),
(5,19,'20.000','19.000','21.000','20.000','WB001','20.000','','10092025','0.00000','2028-10-10','NULL','NULL','± 1.000'),
(6,19,'20.000','19.000','21.000','20.000','WB001','20.000','','10092025','0.00000','2028-10-10','NULL','NULL','± 1.000'),
(7,19,'20.000','19.000','21.000','20.000','WB001','20.000','','10092025','0.00000','2028-10-10','NULL','NULL','± 1.000'),
(8,19,'20.000','19.000','21.000','20.000','WB001','20.000','','10092025','0.00000','2028-10-10','NULL','NULL','± 1.000'),
(9,19,'20.000','19.000','21.000','20.000','WB001','20.000','','10092025','0.00000','2028-10-10','NULL','NULL','± 1.000'),
(10,19,'20.000','19.000','21.000','20.000','WB001','20.000','','10092025','0.00000','2028-10-10','NULL','NULL','± 1.000'),
(1,22,'160.000','159.990','160.250','160.000','0001','160.00','','01','0.00000','2026-03-12','NULL','NULL','- 0.010 + 0.250'),
(2,22,'160.000','159.990','160.250','159.999','0001','160.00','','01','0.00000','2026-03-12','NULL','NULL','- 0.010 + 0.250'),
(3,22,'160.000','159.990','160.250','160.200','0001','160.00','','01','0.00000','2026-03-12','NULL','NULL','- 0.010 + 0.250'),
(4,22,'160.000','159.990','160.250','160.221','0001','160.00','','01','0.00000','2026-03-12','NULL','NULL','- 0.010 + 0.250'),
(5,22,'160.000','159.990','160.250','159.992','0001','160.00','','01','0.00000','2026-03-12','NULL','NULL','- 0.010 + 0.250'),
(6,22,'160.000','159.990','160.250','159.993','0001','160.00','','01','0.00000','2026-03-12','NULL','NULL','- 0.010 + 0.250'),
(7,22,'160.000','159.990','160.250','159.997','0001','160.00','','01','0.00000','2026-03-12','NULL','NULL','- 0.010 + 0.250'),
(8,22,'160.000','159.990','160.250','159.998','0001','160.00','','01','0.00000','2026-03-12','NULL','NULL','- 0.010 + 0.250'),
(9,22,'160.000','159.990','160.250','160.240','0001','160.00','','01','0.00000','2026-03-12','NULL','NULL','- 0.010 + 0.250'),
(10,22,'160.000','159.990','160.250','160.233','0001','160.00','','01','0.00000','2026-03-12','NULL','NULL','- 0.010 + 0.250'),
(1,23,'10.000','9.000','11.000','10.000','WB002','10.000','','09092025','0.00000','2028-10-17','NULL','NULL','± 1.000'),
(2,23,'10.000','9.000','11.000','10.000','WB002','10.000','','09092025','0.00000','2028-10-17','NULL','NULL','± 1.000'),
(3,23,'10.000','9.000','11.000','10.000','WB002','10.000','','09092025','0.00000','2028-10-17','NULL','NULL','± 1.000'),
(4,23,'10.000','9.000','11.000','10.000','WB002','10.000','','09092025','0.00000','2028-10-17','NULL','NULL','± 1.000'),
(5,23,'10.000','9.000','11.000','10.000','WB002','10.000','','09092025','0.00000','2028-10-17','NULL','NULL','± 1.000'),
(6,23,'10.000','9.000','11.000','10.000','WB002','10.000','','09092025','0.00000','2028-10-17','NULL','NULL','± 1.000'),
(7,23,'10.000','9.000','11.000','10.000','WB002','10.000','','09092025','0.00000','2028-10-17','NULL','NULL','± 1.000'),
(8,23,'10.000','9.000','11.000','10.000','WB002','10.000','','09092025','0.00000','2028-10-17','NULL','NULL','± 1.000'),
(9,23,'10.000','9.000','11.000','10.000','WB002','10.000','','09092025','0.00000','2028-10-17','NULL','NULL','± 1.000'),
(10,23,'10.000','9.000','11.000','10.000','WB002','10.000','','09092025','0.00000','2028-10-17','NULL','NULL','± 1.000'),
(1,24,'64.000','63.950','64.200','64.111','0505,0505,0505,0505','30,20,10,4','','0022,0022,0022,0022','0.00000','2025-09-29,2025-09-29,2025-09-29,2025-09-29','NULL','NULL','- 0.050 + 0.200'),
(2,24,'64.000','63.950','64.200','63.954','0505,0505,0505,0505','30,20,10,4','','0022,0022,0022,0022','0.00000','2025-09-29,2025-09-29,2025-09-29,2025-09-29','NULL','NULL','- 0.050 + 0.200'),
(3,24,'64.000','63.950','64.200','64.200','0505,0505,0505,0505','30,20,10,4','','0022,0022,0022,0022','0.00000','2025-09-29,2025-09-29,2025-09-29,2025-09-29','NULL','NULL','- 0.050 + 0.200'),
(4,24,'64.000','63.950','64.200','63.985','0505,0505,0505,0505','30,20,10,4','','0022,0022,0022,0022','0.00000','2025-09-29,2025-09-29,2025-09-29,2025-09-29','NULL','NULL','- 0.050 + 0.200'),
(5,24,'64.000','63.950','64.200','64.140','0505,0505,0505,0505','30,20,10,4','','0022,0022,0022,0022','0.00000','2025-09-29,2025-09-29,2025-09-29,2025-09-29','NULL','NULL','- 0.050 + 0.200'),
(6,24,'64.000','63.950','64.200','64.159','0505,0505,0505,0505','30,20,10,4','','0022,0022,0022,0022','0.00000','2025-09-29,2025-09-29,2025-09-29,2025-09-29','NULL','NULL','- 0.050 + 0.200'),
(7,24,'64.000','63.950','64.200','63.962','0505,0505,0505,0505','30,20,10,4','','0022,0022,0022,0022','0.00000','2025-09-29,2025-09-29,2025-09-29,2025-09-29','NULL','NULL','- 0.050 + 0.200'),
(8,24,'64.000','63.950','64.200','63.983','0505,0505,0505,0505','30,20,10,4','','0022,0022,0022,0022','0.00000','2025-09-29,2025-09-29,2025-09-29,2025-09-29','NULL','NULL','- 0.050 + 0.200'),
(9,24,'64.000','63.950','64.200','64.000','0505,0505,0505,0505','30,20,10,4','','0022,0022,0022,0022','0.00000','2025-09-29,2025-09-29,2025-09-29,2025-09-29','NULL','NULL','- 0.050 + 0.200'),
(10,24,'64.000','63.950','64.200','63.975','0505,0505,0505,0505','30,20,10,4','','0022,0022,0022,0022','0.00000','2025-09-29,2025-09-29,2025-09-29,2025-09-29','NULL','NULL','- 0.050 + 0.200'),
(1,25,'64.000','63.950','64.200','63.999','SH24','64','','100','0.00000','2025-09-30','NULL','NULL','- 0.050 + 0.200'),
(2,25,'64.000','63.950','64.200','64.100','SH24','64','','100','0.00000','2025-09-30','NULL','NULL','- 0.050 + 0.200'),
(3,25,'64.000','63.950','64.200','64.010','SH24','64','','100','0.00000','2025-09-30','NULL','NULL','- 0.050 + 0.200'),
(4,25,'64.000','63.950','64.200','63.982','SH24','64','','100','0.00000','2025-09-30','NULL','NULL','- 0.050 + 0.200'),
(5,25,'64.000','63.950','64.200','63.968','SH24','64','','100','0.00000','2025-09-30','NULL','NULL','- 0.050 + 0.200'),
(6,25,'64.000','63.950','64.200','63.977','SH24','64','','100','0.00000','2025-09-30','NULL','NULL','- 0.050 + 0.200'),
(7,25,'64.000','63.950','64.200','64.108','SH24','64','','100','0.00000','2025-09-30','NULL','NULL','- 0.050 + 0.200'),
(8,25,'64.000','63.950','64.200','63.984','SH24','64','','100','0.00000','2025-09-30','NULL','NULL','- 0.050 + 0.200'),
(9,25,'64.000','63.950','64.200','63.999','SH24','64','','100','0.00000','2025-09-30','NULL','NULL','- 0.050 + 0.200'),
(10,25,'64.000','63.950','64.200','64.108','SH24','64','','100','0.00000','2025-09-30','NULL','NULL','- 0.050 + 0.200'),
(1,28,'10.000','9.000','11.000','10.000','WB002','10.000','','09092025','0.00000','2028-10-17','NULL','NULL','± 1.000'),
(2,28,'10.000','9.000','11.000','10.000','WB002','10.000','','09092025','0.00000','2028-10-17','NULL','NULL','± 1.000'),
(3,28,'10.000','9.000','11.000','10.000','WB002','10.000','','09092025','0.00000','2028-10-17','NULL','NULL','± 1.000'),
(4,28,'10.000','9.000','11.000','10.000','WB002','10.000','','09092025','0.00000','2028-10-17','NULL','NULL','± 1.000'),
(5,28,'10.000','9.000','11.000','10.000','WB002','10.000','','09092025','0.00000','2028-10-17','NULL','NULL','± 1.000'),
(6,28,'10.000','9.000','11.000','10.000','WB002','10.000','','09092025','0.00000','2028-10-17','NULL','NULL','± 1.000'),
(7,28,'10.000','9.000','11.000','10.000','WB002','10.000','','09092025','0.00000','2028-10-17','NULL','NULL','± 1.000'),
(8,28,'10.000','9.000','11.000','10.000','WB002','10.000','','09092025','0.00000','2028-10-17','NULL','NULL','± 1.000'),
(9,28,'10.000','9.000','11.000','10.000','WB002','10.000','','09092025','0.00000','2028-10-17','NULL','NULL','± 1.000'),
(10,28,'10.000','9.000','11.000','10.000','WB002','10.000','','09092025','0.00000','2028-10-17','NULL','NULL','± 1.000'),
(1,29,'64.000','63.800','64.200','63.800','SHM02,SHM02,SHM02','30,20,14','','1025,1025,1025','0.00000','2034-02-22,2034-02-22,2034-02-22','NULL','NULL','± 0.200'),
(2,29,'64.000','63.800','64.200','64.100','SHM02,SHM02,SHM02','30,20,14','','1025,1025,1025','0.00000','2034-02-22,2034-02-22,2034-02-22','NULL','NULL','± 0.200'),
(3,29,'64.000','63.800','64.200','64.150','SHM02,SHM02,SHM02','30,20,14','','1025,1025,1025','0.00000','2034-02-22,2034-02-22,2034-02-22','NULL','NULL','± 0.200'),
(4,29,'64.000','63.800','64.200','64.103','SHM02,SHM02,SHM02','30,20,14','','1025,1025,1025','0.00000','2034-02-22,2034-02-22,2034-02-22','NULL','NULL','± 0.200'),
(5,29,'64.000','63.800','64.200','64.010','SHM02,SHM02,SHM02','30,20,14','','1025,1025,1025','0.00000','2034-02-22,2034-02-22,2034-02-22','NULL','NULL','± 0.200'),
(6,29,'64.000','63.800','64.200','63.850','SHM02,SHM02,SHM02','30,20,14','','1025,1025,1025','0.00000','2034-02-22,2034-02-22,2034-02-22','NULL','NULL','± 0.200'),
(7,29,'64.000','63.800','64.200','63.999','SHM02,SHM02,SHM02','30,20,14','','1025,1025,1025','0.00000','2034-02-22,2034-02-22,2034-02-22','NULL','NULL','± 0.200'),
(8,29,'64.000','63.800','64.200','63.800','SHM02,SHM02,SHM02','30,20,14','','1025,1025,1025','0.00000','2034-02-22,2034-02-22,2034-02-22','NULL','NULL','± 0.200'),
(9,29,'64.000','63.800','64.200','63.801','SHM02,SHM02,SHM02','30,20,14','','1025,1025,1025','0.00000','2034-02-22,2034-02-22,2034-02-22','NULL','NULL','± 0.200'),
(10,29,'64.000','63.800','64.200','64.199','SHM02,SHM02,SHM02','30,20,14','','1025,1025,1025','0.00000','2034-02-22,2034-02-22,2034-02-22','NULL','NULL','± 0.200'),
(1,30,'256.000','250.000','300.000','256.000','WB-001,WB-001,WB-001','200,50,6','','12546,12546,12546','0.00000','2027-12-01,2027-12-01,2027-12-01','NULL','NULL','- 6.000 + 44.000'),
(2,30,'256.000','250.000','300.000','256.000','WB-001,WB-001,WB-001','200,50,6','','12546,12546,12546','0.00000','2027-12-01,2027-12-01,2027-12-01','NULL','NULL','- 6.000 + 44.000'),
(3,30,'256.000','250.000','300.000','256.000','WB-001,WB-001,WB-001','200,50,6','','12546,12546,12546','0.00000','2027-12-01,2027-12-01,2027-12-01','NULL','NULL','- 6.000 + 44.000'),
(4,30,'256.000','250.000','300.000','256.000','WB-001,WB-001,WB-001','200,50,6','','12546,12546,12546','0.00000','2027-12-01,2027-12-01,2027-12-01','NULL','NULL','- 6.000 + 44.000'),
(5,30,'256.000','250.000','300.000','256.000','WB-001,WB-001,WB-001','200,50,6','','12546,12546,12546','0.00000','2027-12-01,2027-12-01,2027-12-01','NULL','NULL','- 6.000 + 44.000'),
(6,30,'256.000','250.000','300.000','256.000','WB-001,WB-001,WB-001','200,50,6','','12546,12546,12546','0.00000','2027-12-01,2027-12-01,2027-12-01','NULL','NULL','- 6.000 + 44.000'),
(7,30,'256.000','250.000','300.000','256.000','WB-001,WB-001,WB-001','200,50,6','','12546,12546,12546','0.00000','2027-12-01,2027-12-01,2027-12-01','NULL','NULL','- 6.000 + 44.000'),
(8,30,'256.000','250.000','300.000','256.000','WB-001,WB-001,WB-001','200,50,6','','12546,12546,12546','0.00000','2027-12-01,2027-12-01,2027-12-01','NULL','NULL','- 6.000 + 44.000'),
(9,30,'256.000','250.000','300.000','256.000','WB-001,WB-001,WB-001','200,50,6','','12546,12546,12546','0.00000','2027-12-01,2027-12-01,2027-12-01','NULL','NULL','- 6.000 + 44.000'),
(10,30,'256.000','250.000','300.000','256.000','WB-001,WB-001,WB-001','200,50,6','','12546,12546,12546','0.00000','2027-12-01,2027-12-01,2027-12-01','NULL','NULL','- 6.000 + 44.000'),
(1,31,'64.000','60.000','68.000','64.000','WB1,WB1,WB1','30,20,14','','456123,456123,456123','0.00000','2025-12-31,2025-12-31,2025-12-31','NULL','NULL','± 4.000'),
(2,31,'64.000','60.000','68.000','64.000','WB1,WB1,WB1','30,20,14','','456123,456123,456123','0.00000','2025-12-31,2025-12-31,2025-12-31','NULL','NULL','± 4.000'),
(3,31,'64.000','60.000','68.000','64.000','WB1,WB1,WB1','30,20,14','','456123,456123,456123','0.00000','2025-12-31,2025-12-31,2025-12-31','NULL','NULL','± 4.000'),
(4,31,'64.000','60.000','68.000','64.000','WB1,WB1,WB1','30,20,14','','456123,456123,456123','0.00000','2025-12-31,2025-12-31,2025-12-31','NULL','NULL','± 4.000'),
(5,31,'64.000','60.000','68.000','64.000','WB1,WB1,WB1','30,20,14','','456123,456123,456123','0.00000','2025-12-31,2025-12-31,2025-12-31','NULL','NULL','± 4.000'),
(6,31,'64.000','60.000','68.000','64.000','WB1,WB1,WB1','30,20,14','','456123,456123,456123','0.00000','2025-12-31,2025-12-31,2025-12-31','NULL','NULL','± 4.000'),
(7,31,'64.000','60.000','68.000','64.000','WB1,WB1,WB1','30,20,14','','456123,456123,456123','0.00000','2025-12-31,2025-12-31,2025-12-31','NULL','NULL','± 4.000'),
(8,31,'64.000','60.000','68.000','64.000','WB1,WB1,WB1','30,20,14','','456123,456123,456123','0.00000','2025-12-31,2025-12-31,2025-12-31','NULL','NULL','± 4.000'),
(9,31,'64.000','60.000','68.000','64.000','WB1,WB1,WB1','30,20,14','','456123,456123,456123','0.00000','2025-12-31,2025-12-31,2025-12-31','NULL','NULL','± 4.000'),
(10,31,'64.000','60.000','68.000','64.000','WB1,WB1,WB1','30,20,14','','456123,456123,456123','0.00000','2025-12-31,2025-12-31,2025-12-31','NULL','NULL','± 4.000'),
(1,32,'64.000','60.000','68.000','67.000','WB1,WB1,WB1','30,20,14','','456123,456123,456123','0.00000','2025-12-31,2025-12-31,2025-12-31','NULL','NULL','± 4.000'),
(2,32,'64.000','60.000','68.000','67.000','WB1,WB1,WB1','30,20,14','','456123,456123,456123','0.00000','2025-12-31,2025-12-31,2025-12-31','NULL','NULL','± 4.000'),
(3,32,'64.000','60.000','68.000','67.000','WB1,WB1,WB1','30,20,14','','456123,456123,456123','0.00000','2025-12-31,2025-12-31,2025-12-31','NULL','NULL','± 4.000'),
(4,32,'64.000','60.000','68.000','67.000','WB1,WB1,WB1','30,20,14','','456123,456123,456123','0.00000','2025-12-31,2025-12-31,2025-12-31','NULL','NULL','± 4.000'),
(5,32,'64.000','60.000','68.000','67.000','WB1,WB1,WB1','30,20,14','','456123,456123,456123','0.00000','2025-12-31,2025-12-31,2025-12-31','NULL','NULL','± 4.000'),
(6,32,'64.000','60.000','68.000','67.000','WB1,WB1,WB1','30,20,14','','456123,456123,456123','0.00000','2025-12-31,2025-12-31,2025-12-31','NULL','NULL','± 4.000'),
(7,32,'64.000','60.000','68.000','67.000','WB1,WB1,WB1','30,20,14','','456123,456123,456123','0.00000','2025-12-31,2025-12-31,2025-12-31','NULL','NULL','± 4.000'),
(8,32,'64.000','60.000','68.000','67.000','WB1,WB1,WB1','30,20,14','','456123,456123,456123','0.00000','2025-12-31,2025-12-31,2025-12-31','NULL','NULL','± 4.000'),
(9,32,'64.000','60.000','68.000','67.000','WB1,WB1,WB1','30,20,14','','456123,456123,456123','0.00000','2025-12-31,2025-12-31,2025-12-31','NULL','NULL','± 4.000'),
(10,32,'64.000','60.000','68.000','67.000','WB1,WB1,WB1','30,20,14','','456123,456123,456123','0.00000','2025-12-31,2025-12-31,2025-12-31','NULL','NULL','± 4.000'),
(1,33,'64.000','60.000','68.000','66.000','WB1,WB1,WB1','30,20,14','','456123,456123,456123','0.00000','2025-12-31,2025-12-31,2025-12-31','NULL','NULL','± 4.000'),
(2,33,'64.000','60.000','68.000','66.000','WB1,WB1,WB1','30,20,14','','456123,456123,456123','0.00000','2025-12-31,2025-12-31,2025-12-31','NULL','NULL','± 4.000'),
(3,33,'64.000','60.000','68.000','66.000','WB1,WB1,WB1','30,20,14','','456123,456123,456123','0.00000','2025-12-31,2025-12-31,2025-12-31','NULL','NULL','± 4.000'),
(4,33,'64.000','60.000','68.000','66.000','WB1,WB1,WB1','30,20,14','','456123,456123,456123','0.00000','2025-12-31,2025-12-31,2025-12-31','NULL','NULL','± 4.000'),
(5,33,'64.000','60.000','68.000','66.000','WB1,WB1,WB1','30,20,14','','456123,456123,456123','0.00000','2025-12-31,2025-12-31,2025-12-31','NULL','NULL','± 4.000'),
(6,33,'64.000','60.000','68.000','66.000','WB1,WB1,WB1','30,20,14','','456123,456123,456123','0.00000','2025-12-31,2025-12-31,2025-12-31','NULL','NULL','± 4.000'),
(7,33,'64.000','60.000','68.000','66.000','WB1,WB1,WB1','30,20,14','','456123,456123,456123','0.00000','2025-12-31,2025-12-31,2025-12-31','NULL','NULL','± 4.000'),
(8,33,'64.000','60.000','68.000','66.000','WB1,WB1,WB1','30,20,14','','456123,456123,456123','0.00000','2025-12-31,2025-12-31,2025-12-31','NULL','NULL','± 4.000'),
(9,33,'64.000','60.000','68.000','66.000','WB1,WB1,WB1','30,20,14','','456123,456123,456123','0.00000','2025-12-31,2025-12-31,2025-12-31','NULL','NULL','± 4.000'),
(10,33,'64.000','60.000','68.000','66.000','WB1,WB1,WB1','30,20,14','','456123,456123,456123','0.00000','2025-12-31,2025-12-31,2025-12-31','NULL','NULL','± 4.000'),
(1,34,'64.000','60.000','68.000','64.011','WB1,WB1,WB1','30,20,14','','456123,456123,456123','0.00000','2025-12-31,2025-12-31,2025-12-31','NULL','NULL','± 4.000'),
(2,34,'64.000','60.000','68.000','65.011','WB1,WB1,WB1','30,20,14','','456123,456123,456123','0.00000','2025-12-31,2025-12-31,2025-12-31','NULL','NULL','± 4.000'),
(3,34,'64.000','60.000','68.000','68.000','WB1,WB1,WB1','30,20,14','','456123,456123,456123','0.00000','2025-12-31,2025-12-31,2025-12-31','NULL','NULL','± 4.000'),
(4,34,'64.000','60.000','68.000','64.030','WB1,WB1,WB1','30,20,14','','456123,456123,456123','0.00000','2025-12-31,2025-12-31,2025-12-31','NULL','NULL','± 4.000'),
(5,34,'64.000','60.000','68.000','64.040','WB1,WB1,WB1','30,20,14','','456123,456123,456123','0.00000','2025-12-31,2025-12-31,2025-12-31','NULL','NULL','± 4.000'),
(6,34,'64.000','60.000','68.000','64.048','WB1,WB1,WB1','30,20,14','','456123,456123,456123','0.00000','2025-12-31,2025-12-31,2025-12-31','NULL','NULL','± 4.000'),
(7,34,'64.000','60.000','68.000','66.048','WB1,WB1,WB1','30,20,14','','456123,456123,456123','0.00000','2025-12-31,2025-12-31,2025-12-31','NULL','NULL','± 4.000'),
(8,34,'64.000','60.000','68.000','63.048','WB1,WB1,WB1','30,20,14','','456123,456123,456123','0.00000','2025-12-31,2025-12-31,2025-12-31','NULL','NULL','± 4.000'),
(9,34,'64.000','60.000','68.000','63.038','WB1,WB1,WB1','30,20,14','','456123,456123,456123','0.00000','2025-12-31,2025-12-31,2025-12-31','NULL','NULL','± 4.000'),
(10,34,'64.000','60.000','68.000','65.000','WB1,WB1,WB1','30,20,14','','456123,456123,456123','0.00000','2025-12-31,2025-12-31,2025-12-31','NULL','NULL','± 4.000'),
(1,35,'0.020','0.019','0.021','0.020','WB001','0.020','','10092025','0.00000','2028-10-10','NULL','NULL','± 0.001'),
(2,35,'0.020','0.019','0.021','0.020','WB001','0.020','','10092025','0.00000','2028-10-10','NULL','NULL','± 0.001'),
(3,35,'0.020','0.019','0.021','0.020','WB001','0.020','','10092025','0.00000','2028-10-10','NULL','NULL','± 0.001'),
(4,35,'0.020','0.019','0.021','0.020','WB001','0.020','','10092025','0.00000','2028-10-10','NULL','NULL','± 0.001'),
(5,35,'0.020','0.019','0.021','0.020','WB001','0.020','','10092025','0.00000','2028-10-10','NULL','NULL','± 0.001'),
(6,35,'0.020','0.019','0.021','0.020','WB001','0.020','','10092025','0.00000','2028-10-10','NULL','NULL','± 0.001'),
(7,35,'0.020','0.019','0.021','0.020','WB001','0.020','','10092025','0.00000','2028-10-10','NULL','NULL','± 0.001'),
(8,35,'0.020','0.019','0.021','0.020','WB001','0.020','','10092025','0.00000','2028-10-10','NULL','NULL','± 0.001'),
(9,35,'0.020','0.019','0.021','0.020','WB001','0.020','','10092025','0.00000','2028-10-10','NULL','NULL','± 0.001'),
(10,35,'0.020','0.019','0.021','0.020','WB001','0.020','','10092025','0.00000','2028-10-10','NULL','NULL','± 0.001'),
(1,37,'64.000','63.800','64.200','64.000','0001','64.00','','01','0.00000','2026-03-12','NULL','NULL','± 0.200'),
(2,37,'64.000','63.800','64.200','64.111','0001','64.00','','01','0.00000','2026-03-12','NULL','NULL','± 0.200'),
(3,37,'64.000','63.800','64.200','64.101','0001','64.00','','01','0.00000','2026-03-12','NULL','NULL','± 0.200'),
(4,37,'64.000','63.800','64.200','64.150','0001','64.00','','01','0.00000','2026-03-12','NULL','NULL','± 0.200'),
(5,37,'64.000','63.800','64.200','63.990','0001','64.00','','01','0.00000','2026-03-12','NULL','NULL','± 0.200'),
(6,37,'64.000','63.800','64.200','63.999','0001','64.00','','01','0.00000','2026-03-12','NULL','NULL','± 0.200'),
(7,37,'64.000','63.800','64.200','63.850','0001','64.00','','01','0.00000','2026-03-12','NULL','NULL','± 0.200'),
(8,37,'64.000','63.800','64.200','63.800','0001','64.00','','01','0.00000','2026-03-12','NULL','NULL','± 0.200'),
(9,37,'64.000','63.800','64.200','63.805','0001','64.00','','01','0.00000','2026-03-12','NULL','NULL','± 0.200'),
(10,37,'64.000','63.800','64.200','63.807','0001','64.00','','01','0.00000','2026-03-12','NULL','NULL','± 0.200');

/*Table structure for table `tbl_calibration_uncertinity_detail_failed` */


CREATE TABLE `tbl_calibration_uncertinity_detail_failed` (
  `SrNo` int(11) NOT NULL AUTO_INCREMENT,
  `Uncertinity_RecNo` int(11) DEFAULT NULL,
  `Uncertinity_RepNo` int(11) NOT NULL DEFAULT '0',
  `Uncertinity_BalStdWt` varchar(100) DEFAULT NULL,
  `Uncertinity_BalNegTol` varchar(100) DEFAULT NULL,
  `Uncertinity_BalPosTol` varchar(100) DEFAULT NULL,
  `Uncertinity_ActualWt` varchar(100) DEFAULT NULL,
  `Uncertinity_StdWtID` varchar(100) NOT NULL DEFAULT 'NULL',
  `Uncertinity_StdWt` varchar(100) NOT NULL DEFAULT 'NULL',
  `Uncertinity_WtIdentification` varchar(100) NOT NULL DEFAULT 'NULL',
  `Uncertinity_WeightBox_certfctNo` varchar(500) DEFAULT 'NULL',
  `PercentofCapacity` varchar(11) NOT NULL DEFAULT '0',
  `Uncertinity_ValDate` varchar(500) NOT NULL DEFAULT 'NULL',
  `D` varchar(150) DEFAULT 'NULL',
  `D_Square` varchar(150) DEFAULT 'NULL',
  `Uncertinity_Tolerance` varchar(50) DEFAULT 'NULL',
  PRIMARY KEY (`SrNo`)
) ENGINE=InnoDB AUTO_INCREMENT=46 DEFAULT CHARSET=latin1;

/*Data for the table `tbl_calibration_uncertinity_detail_failed` */

insert  into `tbl_calibration_uncertinity_detail_failed`(`SrNo`,`Uncertinity_RecNo`,`Uncertinity_RepNo`,`Uncertinity_BalStdWt`,`Uncertinity_BalNegTol`,`Uncertinity_BalPosTol`,`Uncertinity_ActualWt`,`Uncertinity_StdWtID`,`Uncertinity_StdWt`,`Uncertinity_WtIdentification`,`Uncertinity_WeightBox_certfctNo`,`PercentofCapacity`,`Uncertinity_ValDate`,`D`,`D_Square`,`Uncertinity_Tolerance`) values 
(1,1,3,'20.00000','19.00000','21.00000','0.02000','WB001','20.000','','10092025','0.00000','2028-10-10','NULL','NULL','± 1.000'),
(2,1,4,'20.00000','19.00000','21.00000','20.00000','WB001','20.000','','10092025','0.00000','2028-10-10','NULL','NULL','± 1.000'),
(3,2,4,'20.00000','19.00000','21.00000','20.00000','WB001','20.000','','10092025','0.00000','2028-10-10','NULL','NULL','± 1.000'),
(4,3,4,'20.00000','19.00000','21.00000','20.00000','WB001','20.000','','10092025','0.00000','2028-10-10','NULL','NULL','± 1.000'),
(5,4,4,'20.00000','19.00000','21.00000','20.00000','WB001','20.000','','10092025','0.00000','2028-10-10','NULL','NULL','± 1.000'),
(6,5,4,'20.00000','19.00000','21.00000','20.00000','WB001','20.000','','10092025','0.00000','2028-10-10','NULL','NULL','± 1.000'),
(7,6,4,'20.00000','19.00000','21.00000','20.00000','WB001','20.000','','10092025','0.00000','2028-10-10','NULL','NULL','± 1.000'),
(8,7,4,'20.00000','19.00000','21.00000','25.00000','WB001','20.000','','10092025','0.00000','2028-10-10','NULL','NULL','± 1.000'),
(9,1,7,'20.000','19.000','21.000','20.000','WB001','20.000','','10092025','0.00000','2028-10-10','NULL','NULL','± 1.000'),
(10,2,7,'20.000','19.000','21.000','20.000','WB001','20.000','','10092025','0.00000','2028-10-10','NULL','NULL','± 1.000'),
(11,3,7,'20.000','19.000','21.000','20.000','WB001','20.000','','10092025','0.00000','2028-10-10','NULL','NULL','± 1.000'),
(12,4,7,'20.000','19.000','21.000','20.000','WB001','20.000','','10092025','0.00000','2028-10-10','NULL','NULL','± 1.000'),
(13,5,7,'20.000','19.000','21.000','20.000','WB001','20.000','','10092025','0.00000','2028-10-10','NULL','NULL','± 1.000'),
(14,6,7,'20.000','19.000','21.000','20.000','WB001','20.000','','10092025','0.00000','2028-10-10','NULL','NULL','± 1.000'),
(15,7,7,'20.000','19.000','21.000','23.000','WB001','20.000','','10092025','0.00000','2028-10-10','NULL','NULL','± 1.000'),
(16,1,8,'20.000','19.000','21.000','20.000','WB001','20.000','','10092025','0.00000','2028-10-10','NULL','NULL','± 1.000'),
(17,2,8,'20.000','19.000','21.000','23.000','WB001','20.000','','10092025','0.00000','2028-10-10','NULL','NULL','± 1.000'),
(18,1,11,'20.000','19.000','21.000','20.000','WB001','20.000','','10092025','0.00000','2028-10-10','NULL','NULL','± 1.000'),
(19,2,11,'20.000','19.000','21.000','20.000','WB001','20.000','','10092025','0.00000','2028-10-10','NULL','NULL','± 1.000'),
(20,3,11,'20.000','19.000','21.000','20.000','WB001','20.000','','10092025','0.00000','2028-10-10','NULL','NULL','± 1.000'),
(21,4,11,'20.000','19.000','21.000','20.000','WB001','20.000','','10092025','0.00000','2028-10-10','NULL','NULL','± 1.000'),
(22,5,11,'20.000','19.000','21.000','20.000','WB001','20.000','','10092025','0.00000','2028-10-10','NULL','NULL','± 1.000'),
(23,6,11,'20.000','19.000','21.000','20.000','WB001','20.000','','10092025','0.00000','2028-10-10','NULL','NULL','± 1.000'),
(24,7,11,'20.000','19.000','21.000','20.000','WB001','20.000','','10092025','0.00000','2028-10-10','NULL','NULL','± 1.000'),
(25,8,11,'20.000','19.000','21.000','20.000','WB001','20.000','','10092025','0.00000','2028-10-10','NULL','NULL','± 1.000'),
(26,9,11,'20.000','19.000','21.000','22.000','WB001','20.000','','10092025','0.00000','2028-10-10','NULL','NULL','± 1.000'),
(27,1,14,'20.000','19.000','21.000','20.000','WB001','20.000','','10092025','0.00000','2028-10-10','NULL','NULL','± 1.000'),
(28,2,14,'20.000','19.000','21.000','20.000','WB001','20.000','','10092025','0.00000','2028-10-10','NULL','NULL','± 1.000'),
(29,3,14,'20.000','19.000','21.000','20.000','WB001','20.000','','10092025','0.00000','2028-10-10','NULL','NULL','± 1.000'),
(30,4,14,'20.000','19.000','21.000','20.000','WB001','20.000','','10092025','0.00000','2028-10-10','NULL','NULL','± 1.000'),
(31,5,14,'20.000','19.000','21.000','20.000','WB001','20.000','','10092025','0.00000','2028-10-10','NULL','NULL','± 1.000'),
(32,6,14,'20.000','19.000','21.000','20.000','WB001','20.000','','10092025','0.00000','2028-10-10','NULL','NULL','± 1.000'),
(33,7,14,'20.000','19.000','21.000','27.000','WB001','20.000','','10092025','0.00000','2028-10-10','NULL','NULL','± 1.000'),
(34,1,17,'160.000','159.990','160.250','16.000','0001','160.00','','01','0.00000','2026-03-12','NULL','NULL','- 0.010 + 0.250'),
(35,1,19,'64.000','63.950','64.200','63.954','0505,0505,0505,0505','30,20,10,4','','0022,0022,0022,0022','0.00000','2025-09-29,2025-09-29,2025-09-29,2025-09-29','NULL','NULL','- 0.050 + 0.200'),
(36,2,19,'64.000','63.950','64.200','64.140','0505,0505,0505,0505','30,20,10,4','','0022,0022,0022,0022','0.00000','2025-09-29,2025-09-29,2025-09-29,2025-09-29','NULL','NULL','- 0.050 + 0.200'),
(37,3,19,'64.000','63.950','64.200','64.157','0505,0505,0505,0505','30,20,10,4','','0022,0022,0022,0022','0.00000','2025-09-29,2025-09-29,2025-09-29,2025-09-29','NULL','NULL','- 0.050 + 0.200'),
(38,4,19,'64.000','63.950','64.200','64.198','0505,0505,0505,0505','30,20,10,4','','0022,0022,0022,0022','0.00000','2025-09-29,2025-09-29,2025-09-29,2025-09-29','NULL','NULL','- 0.050 + 0.200'),
(39,5,19,'64.000','63.950','64.200','63.998','0505,0505,0505,0505','30,20,10,4','','0022,0022,0022,0022','0.00000','2025-09-29,2025-09-29,2025-09-29,2025-09-29','NULL','NULL','- 0.050 + 0.200'),
(40,6,19,'64.000','63.950','64.200','64.000','0505,0505,0505,0505','30,20,10,4','','0022,0022,0022,0022','0.00000','2025-09-29,2025-09-29,2025-09-29,2025-09-29','NULL','NULL','- 0.050 + 0.200'),
(41,7,19,'64.000','63.950','64.200','63.111','0505,0505,0505,0505','30,20,10,4','','0022,0022,0022,0022','0.00000','2025-09-29,2025-09-29,2025-09-29,2025-09-29','NULL','NULL','- 0.050 + 0.200'),
(42,1,23,'10.000','9.000','11.000','10.000','WB002','10.000','','09092025','0.00000','2028-10-17','NULL','NULL','± 1.000'),
(43,2,23,'10.000','9.000','11.000','10.000','WB002','10.000','','09092025','0.00000','2028-10-17','NULL','NULL','± 1.000'),
(44,3,23,'10.000','9.000','11.000','10.000','WB002','10.000','','09092025','0.00000','2028-10-17','NULL','NULL','± 1.000'),
(45,4,23,'10.000','9.000','11.000','15.000','WB002','10.000','','09092025','0.00000','2028-10-17','NULL','NULL','± 1.000');

/*Table structure for table `tbl_calibration_uncertinity_detail_incomplete` */


CREATE TABLE `tbl_calibration_uncertinity_detail_incomplete` (
  `Uncertinity_RecNo` int(11) NOT NULL,
  `Uncertinity_RepNo` int(11) NOT NULL DEFAULT '0',
  `Uncertinity_BalStdWt` varchar(100) DEFAULT NULL,
  `Uncertinity_BalNegTol` varchar(100) DEFAULT NULL,
  `Uncertinity_BalPosTol` varchar(100) DEFAULT NULL,
  `Uncertinity_ActualWt` varchar(100) DEFAULT NULL,
  `Uncertinity_StdWtID` varchar(150) NOT NULL DEFAULT 'NULL',
  `Uncertinity_StdWt` varchar(100) NOT NULL DEFAULT 'NULL',
  `Uncertinity_WtIdentification` varchar(100) NOT NULL DEFAULT 'NULL',
  `Uncertinity_WeightBox_certfctNo` varchar(500) DEFAULT 'NULL',
  `PercentofCapacity` varchar(11) NOT NULL DEFAULT '0',
  `Uncertinity_ValDate` varchar(500) DEFAULT 'NULL',
  `D` varchar(150) DEFAULT 'NULL',
  `D_Square` varchar(150) DEFAULT 'NULL',
  `Uncertinity_Tolerance` varchar(50) DEFAULT 'NULL',
  KEY `Uncertinity_RecNo` (`Uncertinity_RecNo`)
) ENGINE=InnoDB DEFAULT CHARSET=latin1;

/*Data for the table `tbl_calibration_uncertinity_detail_incomplete` */

/*Table structure for table `tbl_calibration_uncertinity_detail_temp` */


CREATE TABLE `tbl_calibration_uncertinity_detail_temp` (
  `Uncertinity_RecNo` int(11) NOT NULL,
  `Uncertinity_RepNo` int(11) DEFAULT '0',
  `Uncertinity_BalStdWt` varchar(10) DEFAULT NULL,
  `Uncertinity_BalNegTol` varchar(10) DEFAULT NULL,
  `Uncertinity_BalPosTol` varchar(10) DEFAULT NULL,
  `Uncertinity_ActualWt` varchar(10) DEFAULT NULL,
  `Uncertinity_StdWtID` varchar(150) DEFAULT 'NULL',
  `Uncertinity_StdWt` varchar(100) DEFAULT 'NULL',
  `Uncertinity_WtIdentification` varchar(100) DEFAULT 'NULL',
  `Uncertinity_WeightBox_certfctNo` varchar(500) DEFAULT NULL,
  `PercentofCapacity` varchar(11) DEFAULT '0',
  `Uncertinity_ValDate` varchar(500) DEFAULT 'NULL',
  `HMI_ID` varchar(50) DEFAULT '0',
  `Uncertinity_Remark` varchar(500) DEFAULT 'NULL',
  `d` varchar(150) DEFAULT 'NULL',
  `dsquare` varchar(150) DEFAULT 'NULL',
  `Uncertinity_Tolerance` varchar(50) DEFAULT 'NULL'
) ENGINE=InnoDB DEFAULT CHARSET=latin1;

/*Data for the table `tbl_calibration_uncertinity_detail_temp` */

insert  into `tbl_calibration_uncertinity_detail_temp`(`Uncertinity_RecNo`,`Uncertinity_RepNo`,`Uncertinity_BalStdWt`,`Uncertinity_BalNegTol`,`Uncertinity_BalPosTol`,`Uncertinity_ActualWt`,`Uncertinity_StdWtID`,`Uncertinity_StdWt`,`Uncertinity_WtIdentification`,`Uncertinity_WeightBox_certfctNo`,`PercentofCapacity`,`Uncertinity_ValDate`,`HMI_ID`,`Uncertinity_Remark`,`d`,`dsquare`,`Uncertinity_Tolerance`) values 
(1,8,'160.00000','159.99500','160.00600','160.00000','NULL','NULL','NULL',NULL,'0','2026-10-15','192.168.1.134','NULL','NULL','NULL','- 0.005 + 0.006'),
(2,8,'160.00000','159.99500','160.00600','160.00000','NULL','NULL','NULL',NULL,'0','2026-10-15','192.168.1.134','NULL','NULL','NULL','- 0.005 + 0.006'),
(3,8,'160.00000','159.99500','160.00600','160.00000','NULL','NULL','NULL',NULL,'0','2026-10-15','192.168.1.134','NULL','NULL','NULL','- 0.005 + 0.006'),
(4,8,'160.00000','159.99500','160.00600','160.00000','NULL','NULL','NULL',NULL,'0','2026-10-15','192.168.1.134','NULL','NULL','NULL','- 0.005 + 0.006'),
(5,8,'160.00000','159.99500','160.00600','160.00000','NULL','NULL','NULL',NULL,'0','2026-10-15','192.168.1.134','NULL','NULL','NULL','- 0.005 + 0.006'),
(6,8,'160.00000','159.99500','160.00600','160.00000','NULL','NULL','NULL',NULL,'0','2026-10-15','192.168.1.134','NULL','NULL','NULL','- 0.005 + 0.006'),
(7,8,'160.00000','159.99500','160.00600','160.00000','NULL','NULL','NULL',NULL,'0','2026-10-15','192.168.1.134','NULL','NULL','NULL','- 0.005 + 0.006'),
(8,8,'160.00000','159.99500','160.00600','160.00000','NULL','NULL','NULL',NULL,'0','2026-10-15','192.168.1.134','NULL','NULL','NULL','- 0.005 + 0.006'),
(9,8,'160.00000','159.99500','160.00600','160.00000','NULL','NULL','NULL',NULL,'0','2026-10-15','192.168.1.134','NULL','NULL','NULL','- 0.005 + 0.006'),
(10,8,'160.00000','159.99500','160.00600','160.00000','NULL','NULL','NULL',NULL,'0','2026-10-15','192.168.1.134','NULL','NULL','NULL','- 0.005 + 0.006'),
(1,17,'64.000','63.998','64.009','64.000','NULL','NULL','NULL',NULL,'0','2026-10-15','192.168.1.184','NULL','NULL','NULL','- 0.002 + 0.009'),
(2,17,'64.000','63.998','64.009','64.000','NULL','NULL','NULL',NULL,'0','2026-10-15','192.168.1.184','NULL','NULL','NULL','- 0.002 + 0.009'),
(3,17,'64.000','63.998','64.009','64.000','NULL','NULL','NULL',NULL,'0','2026-10-15','192.168.1.184','NULL','NULL','NULL','- 0.002 + 0.009'),
(4,17,'64.000','63.998','64.009','64.000','NULL','NULL','NULL',NULL,'0','2026-10-15','192.168.1.184','NULL','NULL','NULL','- 0.002 + 0.009'),
(5,17,'64.000','63.998','64.009','64.000','NULL','NULL','NULL',NULL,'0','2026-10-15','192.168.1.184','NULL','NULL','NULL','- 0.002 + 0.009'),
(6,17,'64.000','63.998','64.009','64.000','NULL','NULL','NULL',NULL,'0','2026-10-15','192.168.1.184','NULL','NULL','NULL','- 0.002 + 0.009'),
(7,17,'64.000','63.998','64.009','64.000','NULL','NULL','NULL',NULL,'0','2026-10-15','192.168.1.184','NULL','NULL','NULL','- 0.002 + 0.009'),
(8,17,'64.000','63.998','64.009','64.000','NULL','NULL','NULL',NULL,'0','2026-10-15','192.168.1.184','NULL','NULL','NULL','- 0.002 + 0.009'),
(9,17,'64.000','63.998','64.009','64.000','NULL','NULL','NULL',NULL,'0','2026-10-15','192.168.1.184','NULL','NULL','NULL','- 0.002 + 0.009'),
(10,17,'64.000','63.998','64.009','64.000','NULL','NULL','NULL',NULL,'0','2026-10-15','192.168.1.184','NULL','NULL','NULL','- 0.002 + 0.009'),
(1,34,'64.000','60.000','68.000','64.011','NULL','NULL','NULL',NULL,'0','2025-12-31,2025-12-31,2025-12-31','192.168.1.145','NULL','NULL','NULL','± 4.000'),
(2,34,'64.000','60.000','68.000','65.011','NULL','NULL','NULL',NULL,'0','2025-12-31,2025-12-31,2025-12-31','192.168.1.145','NULL','NULL','NULL','± 4.000'),
(3,34,'64.000','60.000','68.000','68.000','NULL','NULL','NULL',NULL,'0','2025-12-31,2025-12-31,2025-12-31','192.168.1.145','NULL','NULL','NULL','± 4.000'),
(4,34,'64.000','60.000','68.000','64.030','NULL','NULL','NULL',NULL,'0','2025-12-31,2025-12-31,2025-12-31','192.168.1.145','NULL','NULL','NULL','± 4.000'),
(5,34,'64.000','60.000','68.000','64.040','NULL','NULL','NULL',NULL,'0','2025-12-31,2025-12-31,2025-12-31','192.168.1.145','NULL','NULL','NULL','± 4.000'),
(6,34,'64.000','60.000','68.000','64.048','NULL','NULL','NULL',NULL,'0','2025-12-31,2025-12-31,2025-12-31','192.168.1.145','NULL','NULL','NULL','± 4.000'),
(7,34,'64.000','60.000','68.000','66.048','NULL','NULL','NULL',NULL,'0','2025-12-31,2025-12-31,2025-12-31','192.168.1.145','NULL','NULL','NULL','± 4.000'),
(8,34,'64.000','60.000','68.000','63.048','NULL','NULL','NULL',NULL,'0','2025-12-31,2025-12-31,2025-12-31','192.168.1.145','NULL','NULL','NULL','± 4.000'),
(9,34,'64.000','60.000','68.000','63.038','NULL','NULL','NULL',NULL,'0','2025-12-31,2025-12-31,2025-12-31','192.168.1.145','NULL','NULL','NULL','± 4.000'),
(10,34,'64.000','60.000','68.000','65.000','NULL','NULL','NULL',NULL,'0','2025-12-31,2025-12-31,2025-12-31','192.168.1.145','NULL','NULL','NULL','± 4.000'),
(1,31,'64.000','60.000','68.000','64.000','NULL','NULL','NULL',NULL,'0','2025-12-31,2025-12-31,2025-12-31','192.168.1.129','NULL','NULL','NULL','± 4.000'),
(2,31,'64.000','60.000','68.000','64.000','NULL','NULL','NULL',NULL,'0','2025-12-31,2025-12-31,2025-12-31','192.168.1.129','NULL','NULL','NULL','± 4.000'),
(3,31,'64.000','60.000','68.000','64.000','NULL','NULL','NULL',NULL,'0','2025-12-31,2025-12-31,2025-12-31','192.168.1.129','NULL','NULL','NULL','± 4.000'),
(4,31,'64.000','60.000','68.000','64.000','NULL','NULL','NULL',NULL,'0','2025-12-31,2025-12-31,2025-12-31','192.168.1.129','NULL','NULL','NULL','± 4.000'),
(5,31,'64.000','60.000','68.000','64.000','NULL','NULL','NULL',NULL,'0','2025-12-31,2025-12-31,2025-12-31','192.168.1.129','NULL','NULL','NULL','± 4.000'),
(6,31,'64.000','60.000','68.000','64.000','NULL','NULL','NULL',NULL,'0','2025-12-31,2025-12-31,2025-12-31','192.168.1.129','NULL','NULL','NULL','± 4.000'),
(7,31,'64.000','60.000','68.000','64.000','NULL','NULL','NULL',NULL,'0','2025-12-31,2025-12-31,2025-12-31','192.168.1.129','NULL','NULL','NULL','± 4.000'),
(8,31,'64.000','60.000','68.000','64.000','NULL','NULL','NULL',NULL,'0','2025-12-31,2025-12-31,2025-12-31','192.168.1.129','NULL','NULL','NULL','± 4.000'),
(9,31,'64.000','60.000','68.000','64.000','NULL','NULL','NULL',NULL,'0','2025-12-31,2025-12-31,2025-12-31','192.168.1.129','NULL','NULL','NULL','± 4.000'),
(10,31,'64.000','60.000','68.000','64.000','NULL','NULL','NULL',NULL,'0','2025-12-31,2025-12-31,2025-12-31','192.168.1.129','NULL','NULL','NULL','± 4.000'),
(1,37,'64.000','63.800','64.200','64.000','NULL','NULL','NULL',NULL,'0','2026-03-12','192.168.1.157','NULL','NULL','NULL','± 0.200'),
(2,37,'64.000','63.800','64.200','64.111','NULL','NULL','NULL',NULL,'0','2026-03-12','192.168.1.157','NULL','NULL','NULL','± 0.200'),
(3,37,'64.000','63.800','64.200','64.101','NULL','NULL','NULL',NULL,'0','2026-03-12','192.168.1.157','NULL','NULL','NULL','± 0.200'),
(4,37,'64.000','63.800','64.200','64.150','NULL','NULL','NULL',NULL,'0','2026-03-12','192.168.1.157','NULL','NULL','NULL','± 0.200'),
(5,37,'64.000','63.800','64.200','63.990','NULL','NULL','NULL',NULL,'0','2026-03-12','192.168.1.157','NULL','NULL','NULL','± 0.200'),
(6,37,'64.000','63.800','64.200','63.999','NULL','NULL','NULL',NULL,'0','2026-03-12','192.168.1.157','NULL','NULL','NULL','± 0.200'),
(7,37,'64.000','63.800','64.200','63.850','NULL','NULL','NULL',NULL,'0','2026-03-12','192.168.1.157','NULL','NULL','NULL','± 0.200'),
(8,37,'64.000','63.800','64.200','63.800','NULL','NULL','NULL',NULL,'0','2026-03-12','192.168.1.157','NULL','NULL','NULL','± 0.200'),
(9,37,'64.000','63.800','64.200','63.805','NULL','NULL','NULL',NULL,'0','2026-03-12','192.168.1.157','NULL','NULL','NULL','± 0.200'),
(10,37,'64.000','63.800','64.200','63.807','NULL','NULL','NULL',NULL,'0','2026-03-12','192.168.1.157','NULL','NULL','NULL','± 0.200'),
(1,35,'0.020','0.019','0.021','0.020','NULL','NULL','NULL',NULL,'0','2028-10-10','192.168.1.108','NULL','NULL','NULL','± 0.001'),
(2,35,'0.020','0.019','0.021','0.020','NULL','NULL','NULL',NULL,'0','2028-10-10','192.168.1.108','NULL','NULL','NULL','± 0.001'),
(3,35,'0.020','0.019','0.021','0.020','NULL','NULL','NULL',NULL,'0','2028-10-10','192.168.1.108','NULL','NULL','NULL','± 0.001'),
(4,35,'0.020','0.019','0.021','0.020','NULL','NULL','NULL',NULL,'0','2028-10-10','192.168.1.108','NULL','NULL','NULL','± 0.001'),
(5,35,'0.020','0.019','0.021','0.020','NULL','NULL','NULL',NULL,'0','2028-10-10','192.168.1.108','NULL','NULL','NULL','± 0.001'),
(6,35,'0.020','0.019','0.021','0.020','NULL','NULL','NULL',NULL,'0','2028-10-10','192.168.1.108','NULL','NULL','NULL','± 0.001'),
(7,35,'0.020','0.019','0.021','0.020','NULL','NULL','NULL',NULL,'0','2028-10-10','192.168.1.108','NULL','NULL','NULL','± 0.001'),
(8,35,'0.020','0.019','0.021','0.020','NULL','NULL','NULL',NULL,'0','2028-10-10','192.168.1.108','NULL','NULL','NULL','± 0.001'),
(9,35,'0.020','0.019','0.021','0.020','NULL','NULL','NULL',NULL,'0','2028-10-10','192.168.1.108','NULL','NULL','NULL','± 0.001'),
(10,35,'0.020','0.019','0.021','0.020','NULL','NULL','NULL',NULL,'0','2028-10-10','192.168.1.108','NULL','NULL','NULL','± 0.001');

/*Table structure for table `tbl_calibration_uncertinity_master` */


CREATE TABLE `tbl_calibration_uncertinity_master` (
  `Uncertinity_RepNo` int(11) NOT NULL,
  `Uncertinity_CalbDate` date NOT NULL,
  `Uncertinity_CalbTime` time NOT NULL,
  `Uncertinity_CalbTimeTo` time DEFAULT NULL,
  `Uncertinity_BalID` varchar(100) NOT NULL DEFAULT 'NULL',
  `Uncertinity_BalSrNo` varchar(100) NOT NULL DEFAULT 'NULL',
  `Uncertinity_Make` varchar(100) NOT NULL DEFAULT 'NULL',
  `Uncertinity_Model` varchar(100) NOT NULL DEFAULT 'NULL',
  `Uncertinity_Unit` varchar(5) NOT NULL DEFAULT 'NULL',
  `Uncertinity_Dept` varchar(100) NOT NULL DEFAULT 'NULL',
  `Uncertinity_LeastCnt` decimal(10,5) NOT NULL DEFAULT '0.00000',
  `Uncertinity_MaxCap` decimal(10,5) NOT NULL DEFAULT '0.00000',
  `Uncertinity_MinCap` decimal(10,5) NOT NULL DEFAULT '0.00000',
  `Uncertinity_ZeroError` bit(1) NOT NULL DEFAULT b'0',
  `Uncertinity_SpritLevel` bit(1) NOT NULL DEFAULT b'0',
  `Uncertinity_GerneralCare` bit(1) NOT NULL DEFAULT b'0',
  `Uncertinity_UserID` varchar(50) NOT NULL DEFAULT 'NULL',
  `Uncertinity_UserName` varchar(250) NOT NULL DEFAULT 'NULL',
  `Uncertinity_DueDate` date NOT NULL DEFAULT '1992-12-08',
  `Uncertinity_Location` varchar(250) DEFAULT 'NULL',
  `Uncertinity_RoomNo` varchar(50) NOT NULL DEFAULT '0',
  `Decimal_Point` int(11) DEFAULT '0',
  `Uncertinity_StdWeight` varchar(500) DEFAULT '0',
  `Uncertinity_NegTol` varchar(500) DEFAULT '0',
  `Uncertinity_PosTol` varchar(500) DEFAULT '0',
  `Uncertinity_PrintNo` int(11) DEFAULT '0',
  `Uncertinity_VerifyID` varchar(50) DEFAULT 'NULL',
  `Uncertinity_VerifyName` varchar(250) DEFAULT 'NULL',
  `Uncertinity_VerifyDate` date NOT NULL DEFAULT '1992-12-08',
  `Uncertinity_AllWeightboxID` varchar(1000) DEFAULT 'NULL',
  `Uncertinity_AllWeightboxCert` varchar(1000) DEFAULT 'NULL',
  `Uncertinity_AllWeightboxValidUpto` varchar(1000) DEFAULT 'NULL',
  `Uncertinity_IsBinBalance` int(1) DEFAULT '0',
  `Uncertinity_Average` varchar(150) DEFAULT 'NULL',
  `Dsquare_Average` varchar(150) DEFAULT 'NULL',
  `Uncertinity_X` varchar(150) DEFAULT 'NULL',
  `Uncertinity_SD` varchar(150) DEFAULT 'NULL',
  `Uncertinity` varchar(150) DEFAULT 'NULL',
  `Uncertinity_MassWeight` varchar(100) DEFAULT 'NULL',
  `Uncertinity_Remark` varchar(100) DEFAULT 'NULL',
  `Uncertinity_AllWeightboxCertDate` varchar(1000) DEFAULT 'NULL'
) ENGINE=InnoDB DEFAULT CHARSET=latin1;

/*Data for the table `tbl_calibration_uncertinity_master` */

insert  into `tbl_calibration_uncertinity_master`(`Uncertinity_RepNo`,`Uncertinity_CalbDate`,`Uncertinity_CalbTime`,`Uncertinity_CalbTimeTo`,`Uncertinity_BalID`,`Uncertinity_BalSrNo`,`Uncertinity_Make`,`Uncertinity_Model`,`Uncertinity_Unit`,`Uncertinity_Dept`,`Uncertinity_LeastCnt`,`Uncertinity_MaxCap`,`Uncertinity_MinCap`,`Uncertinity_ZeroError`,`Uncertinity_SpritLevel`,`Uncertinity_GerneralCare`,`Uncertinity_UserID`,`Uncertinity_UserName`,`Uncertinity_DueDate`,`Uncertinity_Location`,`Uncertinity_RoomNo`,`Decimal_Point`,`Uncertinity_StdWeight`,`Uncertinity_NegTol`,`Uncertinity_PosTol`,`Uncertinity_PrintNo`,`Uncertinity_VerifyID`,`Uncertinity_VerifyName`,`Uncertinity_VerifyDate`,`Uncertinity_AllWeightboxID`,`Uncertinity_AllWeightboxCert`,`Uncertinity_AllWeightboxValidUpto`,`Uncertinity_IsBinBalance`,`Uncertinity_Average`,`Dsquare_Average`,`Uncertinity_X`,`Uncertinity_SD`,`Uncertinity`,`Uncertinity_MassWeight`,`Uncertinity_Remark`,`Uncertinity_AllWeightboxCertDate`) values 
(2,'2025-09-10','15:40:08','15:40:12','Bal_23','11335','Essae','HTR 220','gm','NA',0.00100,320.00000,0.00100,'\0','\0','\0','A','Abhishek','2025-09-10','NULL','NA',NULL,'0','63.99700','64.00600',0,'D','Dharmesh sakpal','2025-09-17','WBI_01','12321','2026-10-14',0,'64.000','NULL','NULL','0.000','0.000','64.00000','Complies','2025-09-10'),
(4,'2025-09-10','15:56:01','15:56:08','BAL001','Bl10092025','Essae','HTR 220','gm','NA',0.00100,320.00000,0.00100,'\0','\0','\0','D','Dharmesh sakpal','2025-09-10','NULL','NA',NULL,'0','9.00000','11.00000',0,'NULL','NULL','1992-12-08','WB001','10092025','2028-10-10',0,'10.000','NULL','NULL','0.000','0.000','10.00000','Complies','2025-09-10'),
(6,'2025-09-11','09:23:36','09:23:38','Bal_24','22331','Essae','HTR 220 E','gm','NA',0.00100,320.00000,0.00100,'\0','\0','\0','a','Abhishek','2025-09-11','NULL','NA',NULL,'0','63.99400','64.00700',0,'D','Dharmesh sakpal','2025-09-17','WBI_01','12321','2026-10-14',0,'64.000','NULL','NULL','0.000','0.000','64.00000','Complies','2025-09-10'),
(7,'2025-09-12','08:20:41','08:20:45','Bal_26','42343','Essae','HTR 220','gm','NA',0.00100,320.00000,0.00100,'\0','\0','\0','a','Abhishek','2025-09-11','NULL','NA',NULL,'0','99.99500','100.00200',0,'13','Devendra','2025-09-18','WBI_02','11092025','2026-10-15',0,'100.000','NULL','NULL','0.000','0.000','100.00000','Complies','2025-09-11'),
(8,'2025-09-12','09:29:31','09:29:36','Bal_27','33244','Essae','HTR 220 E','gm','NA',0.00100,320.00000,0.00100,'\0','\0','\0','a','Abhishek','2025-09-12','NULL','NA',NULL,'0','159.99500','160.00600',0,'12','Sail','2025-09-18','WBI_02','11092025','2026-10-15',0,'160.000','NULL','NULL','0.000','0.000','160.00000','Complies','2025-09-11'),
(9,'2025-09-12','16:09:38','16:09:45','BAL002','BL1209','Essae','HTR 220','gm','NA',0.00100,320.00000,0.00100,'\0','\0','\0','D','Dharmesh sakpal','2025-09-12','Compression','NA',NULL,'0','19.000','21.000',0,'NULL','NULL','1992-12-08','WB001','10092025','2028-10-10',0,'20.000','NULL','NULL','0.000','0.000','20.000','Complies','2025-09-10'),
(11,'2025-09-13','09:50:06','09:50:11','BAL002','BL1209','Essae','HTR 220','gm','NA',0.00100,320.00000,0.00100,'\0','\0','\0','D','Dharmesh sakpal','2025-10-02','Compression','NA',NULL,'0','19.000','21.000',0,'NULL','NULL','1992-12-08','WB001','10092025','2028-10-10',0,'20.000','NULL','NULL','0.000','0.000','20.000','Complies','2025-09-10'),
(12,'2025-09-15','09:39:01','09:39:04','Bal_24','22331','Essae','HTR 220 E','gm','NA',0.00100,320.00000,0.00100,'\0','\0','\0','a','Abhishek','2025-10-01','Dry Syrup','NA',NULL,'0','63.994','64.007',0,'NULL','NULL','1992-12-08','WBI_01','12321','2026-10-14',0,'64.000','NULL','NULL','0.000','0.000','0.001','Complies','2025-09-10'),
(14,'2025-09-15','12:09:15','12:09:21','BAL002','BL1209','Essae','HTR 220','gm','NA',0.00100,320.00000,0.00100,'\0','\0','\0','D','Dharmesh sakpal','2025-10-02','Compression','NA',NULL,'0','19.000','21.000',0,'NULL','NULL','1992-12-08','WB001','10092025','2028-10-10',0,'20.000','NULL','NULL','0.000','0.000','10.000','Complies','2025-09-10'),
(16,'2025-09-16','10:21:54','10:22:09','BAL002','BL1209','Essae','HTR 220','gm','NA',0.00100,320.00000,0.00100,'\0','\0','\0','D','Dharmesh sakpal','2025-10-02','Compression','NA',NULL,'0','19.000','21.000',0,'13','Devendra','2025-09-17','WB001','10092025','2028-10-10',0,'20.200','NULL','NULL','0.422','8.440','10.000','Complies','2025-09-10'),
(17,'2025-09-17','09:02:42','09:02:47','Bal_28','443322','Essae','HTR 220 E','gm','NA',0.00100,320.00000,0.00100,'\0','\0','\0','a','Abhishek','2025-09-17','Dry Syrup','NA',NULL,'0','63.998','64.009',0,'D','Dharmesh sakpal','2025-09-17','WBI_02','11092025','2026-10-15',0,'64.000','NULL','NULL','0.000','0.000','0.001','Complies','2025-09-11'),
(19,'2025-09-17','17:12:30','17:12:37','BAL002','BL1209','Essae','HTR 220','gm','NA',0.00100,320.00000,0.00100,'\0','\0','\0','D','Dharmesh sakpal','2025-10-02','Compression','NA',NULL,'0','19.000','21.000',0,'13','Devendra','2025-09-17','WB001','10092025','2028-10-10',0,'20.000','NULL','NULL','0.000','0.000','10.000','Complies','2025-09-10'),
(22,'2025-09-19','15:39:21','15:41:11','S023','0012','Essae','HTR 220','gm','NA',0.00100,320.00000,0.00100,'\0','\0','\0','21','shruti','2025-09-19','Compression','NA',NULL,'0','159.990','160.250',0,'45','shruti','2025-09-19','0001','01','2026-03-12',0,'160.087','NULL','NULL','0.118','2.360','10.000','Complies','2025-09-19'),
(23,'2025-09-20','12:55:23','12:55:29','BAL003','1205BL','Essae','HTR 220','gm','NA',0.00100,320.00000,0.00100,'\0','\0','\0','D','Dharmesh sakpal','2025-09-19','Compression','NA',NULL,'0','9.000','11.000',0,'13','Devendra','2025-09-20','WB002','09092025','2028-10-17',0,'10.000','NULL','NULL','0.000','0.000','12.000','Complies','2025-09-10'),
(24,'2025-09-20','14:53:17','14:55:29','BALANCE_002','7890','Essae','HTR 220','gm','NA',0.00100,320.00000,0.00100,'\0','\0','\0','21','shruti','2025-09-20','Compression','NA',NULL,'0','63.950','64.200',0,'45','shruti','2025-09-20','0505,0505,0505,0505','0022,0022,0022,0022','2025-09-29,2025-09-29,2025-09-29,2025-09-29',0,'64.047','NULL','NULL','0.094','1.880','10.000','Complies','2025-09-20,2025-09-20,2025-09-20,2025-09-20'),
(25,'2025-09-20','16:23:11','16:24:55','BALANCE_002','7890','Essae','HTR 220','gm','NA',0.00100,320.00000,0.00100,'\0','\0','\0','21','shruti','2025-09-29','Compression','NA',NULL,'0','63.950','64.200',0,'13','Devendra','2025-09-23','SH24','100','2025-09-30',0,'64.024','NULL','NULL','0.058','1.160','10.000','Complies','2025-09-20'),
(28,'2025-09-24','10:45:15','10:45:21','BAL003','1205BL','Essae','HTR 220','gm','NA',0.00100,320.00000,0.00100,'\0','\0','\0','D','Dharmesh sakpal','2025-10-05','Compression','NA',NULL,'0','9.000','11.000',0,'13','Devendra','2025-09-24','WB002','09092025','2028-10-17',0,'10.000','NULL','NULL','0.000','0.000','12.000','Complies','2025-09-10'),
(29,'2025-09-25','11:25:33','11:27:02','QWE0524','567890','Essae','HTR 220 E','gm','NA',0.00100,320.00000,0.00100,'\0','\0','\0','21','shruti','2025-09-25','Compression','NA',NULL,'0','63.800','64.200',0,'45','shruti','2025-09-25','SHM02,SHM02,SHM02','1025,1025,1025','2034-02-22,2034-02-22,2034-02-22',0,'63.981','NULL','NULL','0.157','3.140','10.000','Complies','2025-09-25,2025-09-25,2025-09-25'),
(30,'2025-09-25','12:58:28','12:58:32','bal-01','b001','Essae','HTR 220','gm','NA',0.00100,320.00000,0.00100,'\0','\0','\0','21','shruti','2025-09-25','Compression','NA',NULL,'0','250.000','300.000',0,'45','shruti','2025-09-25','WB-001,WB-001,WB-001','12546,12546,12546','2027-12-01,2027-12-01,2027-12-01',0,'256.000','NULL','NULL','0.000','0.000','50.000','Complies','2025-09-25,2025-09-25,2025-09-25'),
(31,'2025-09-26','11:26:08','11:26:16','OQ1','1478','Essae','HTR 220','gm','NA',0.00100,320.00000,0.00100,'\0','\0','\0','021','Tejal','2025-09-26','Compression','NA',NULL,'0','60.000','68.000',0,'11','Mangesh','2025-09-26','WB1,WB1,WB1','456123,456123,456123','2025-12-31,2025-12-31,2025-12-31',0,'64.000','NULL','NULL','0.000','0.000','5.000','Complies','2025-09-26,2025-09-26,2025-09-26'),
(32,'2025-09-27','11:42:12','11:42:17','OQ1','1478','Essae','HTR 220','gm','NA',0.00100,320.00000,0.00100,'\0','\0','\0','Tantra','Tantrasoft','2025-10-01','Compression','NA',NULL,'0','60.000','68.000',0,'021','Tejal','2025-09-27','WB1,WB1,WB1','456123,456123,456123','2025-12-31,2025-12-31,2025-12-31',0,'67.000','NULL','NULL','0.000','0.000','5.000','Complies','2025-09-26,2025-09-26,2025-09-26'),
(33,'2025-09-27','11:55:13','11:55:18','OQ1','1478','Essae','HTR 220','gm','NA',0.00100,320.00000,0.00100,'\0','\0','\0','Tantra','Tantrasoft','2025-10-01','Compression','NA',NULL,'0','60.000','68.000',0,'021','Tejal','2025-09-27','WB1,WB1,WB1','456123,456123,456123','2025-12-31,2025-12-31,2025-12-31',0,'66.000','NULL','NULL','0.000','0.000','5.000','Complies','2025-09-26,2025-09-26,2025-09-26'),
(34,'2025-09-27','12:01:47','12:03:37','OQ1','1478','Essae','HTR 220','gm','NA',0.00100,320.00000,0.00100,'\0','\0','\0','Tantra','Tantrasoft','2025-10-01','Compression','NA',NULL,'0','60.000','68.000',0,'021','Tejal','2025-09-27','WB1,WB1,WB1','456123,456123,456123','2025-12-31,2025-12-31,2025-12-31',0,'64.627','NULL','NULL','1.495','59.800','5.000','Complies','2025-09-26,2025-09-26,2025-09-26'),
(35,'2025-09-29','12:22:21','12:22:27','BAL2909','23ERGN','Essae','HTR 220','gm','NA',0.00100,320.00000,0.00100,'\0','\0','\0','D','Dharmesh sakpal','2025-09-29','QC','NA',NULL,'0','0.019','0.021',0,'13','Devendra','2025-09-29','WB001','10092025','2028-10-10',0,'0.020','NULL','NULL','0.000','0.000','12.000','Not Complies','2025-09-10'),
(37,'2025-10-04','11:49:41','11:50:34','QWE0524','567890','Essae','HTR 220 E','gm','NA',0.00100,320.00000,0.00100,'\0','\0','\0','21','shruti','2025-10-03','Capsule Filling','NA',NULL,'0','63.800','64.200',0,'45','shruti','2025-10-04','0001','01','2026-03-12',0,'63.961','NULL','NULL','0.137','2.740','10.000','Complies','2025-09-19');

/*Table structure for table `tbl_calibration_uncertinity_master_failed` */


CREATE TABLE `tbl_calibration_uncertinity_master_failed` (
  `SrNo` int(11) NOT NULL AUTO_INCREMENT,
  `Uncertinity_RepNo` int(11) DEFAULT NULL,
  `Uncertinity_CalbDate` date NOT NULL,
  `Uncertinity_CalbTime` time NOT NULL,
  `Uncertinity_CalbTimeTo` time DEFAULT NULL,
  `Uncertinity_BalID` varchar(100) NOT NULL DEFAULT 'NULL',
  `Uncertinity_BalSrNo` varchar(100) NOT NULL DEFAULT 'NULL',
  `Uncertinity_Make` varchar(100) NOT NULL DEFAULT 'NULL',
  `Uncertinity_Model` varchar(100) NOT NULL DEFAULT 'NULL',
  `Uncertinity_Unit` varchar(5) NOT NULL DEFAULT 'NULL',
  `Uncertinity_Dept` varchar(100) NOT NULL DEFAULT 'NULL',
  `Uncertinity_LeastCnt` decimal(10,5) NOT NULL DEFAULT '0.00000',
  `Uncertinity_MaxCap` decimal(10,5) NOT NULL DEFAULT '0.00000',
  `Uncertinity_MinCap` decimal(10,5) NOT NULL DEFAULT '0.00000',
  `Uncertinity_ZeroError` bit(1) NOT NULL DEFAULT b'0',
  `Uncertinity_SpritLevel` bit(1) NOT NULL DEFAULT b'0',
  `Uncertinity_GerneralCare` bit(1) NOT NULL DEFAULT b'0',
  `Uncertinity_UserID` varchar(50) NOT NULL DEFAULT 'NULL',
  `Uncertinity_UserName` varchar(250) NOT NULL DEFAULT 'NULL',
  `Uncertinity_DueDate` date NOT NULL DEFAULT '1992-12-08',
  `Uncertinity_Location` varchar(250) DEFAULT 'NULL',
  `Uncertinity_RoomNo` varchar(50) NOT NULL DEFAULT '0',
  `Decimal_Point` int(11) DEFAULT '0',
  `Uncertinity_StdWeight` varchar(500) DEFAULT '0',
  `Uncertinity_NegTol` varchar(500) DEFAULT '0',
  `Uncertinity_PosTol` varchar(500) DEFAULT '0',
  `Uncertinity_PrintNo` int(11) DEFAULT '0',
  `Uncertinity_VerifyID` varchar(50) DEFAULT 'NULL',
  `Uncertinity_VerifyName` varchar(200) DEFAULT 'NULL',
  `Uncertinity_VerifyDate` date NOT NULL DEFAULT '1992-12-08',
  `Uncertinity_AllWeightboxID` varchar(1000) DEFAULT 'NULL',
  `Uncertinity_AllWeightboxCert` varchar(1000) DEFAULT 'NULL',
  `Uncertinity_AllWeightboxValidUpto` varchar(1000) DEFAULT 'NULL',
  `Uncertinity_IsBinBalance` int(1) DEFAULT '0',
  `Uncertinity_Average` varchar(150) DEFAULT 'NULL',
  `Dsquare_Average` varchar(150) DEFAULT 'NULL',
  `Uncertinity_X` varchar(150) DEFAULT 'NULL',
  `Uncertinity_SD` varchar(150) DEFAULT 'NULL',
  `Uncertinity` varchar(150) DEFAULT 'NULL',
  `Uncertinity_MassWeight` varchar(100) DEFAULT 'NULL',
  `Uncertinity_Remark` varchar(100) DEFAULT 'NULL',
  `Uncertinity_AllWeightboxCertDate` varchar(1000) DEFAULT 'NULL',
  PRIMARY KEY (`SrNo`)
) ENGINE=InnoDB AUTO_INCREMENT=10 DEFAULT CHARSET=latin1;

/*Data for the table `tbl_calibration_uncertinity_master_failed` */

insert  into `tbl_calibration_uncertinity_master_failed`(`SrNo`,`Uncertinity_RepNo`,`Uncertinity_CalbDate`,`Uncertinity_CalbTime`,`Uncertinity_CalbTimeTo`,`Uncertinity_BalID`,`Uncertinity_BalSrNo`,`Uncertinity_Make`,`Uncertinity_Model`,`Uncertinity_Unit`,`Uncertinity_Dept`,`Uncertinity_LeastCnt`,`Uncertinity_MaxCap`,`Uncertinity_MinCap`,`Uncertinity_ZeroError`,`Uncertinity_SpritLevel`,`Uncertinity_GerneralCare`,`Uncertinity_UserID`,`Uncertinity_UserName`,`Uncertinity_DueDate`,`Uncertinity_Location`,`Uncertinity_RoomNo`,`Decimal_Point`,`Uncertinity_StdWeight`,`Uncertinity_NegTol`,`Uncertinity_PosTol`,`Uncertinity_PrintNo`,`Uncertinity_VerifyID`,`Uncertinity_VerifyName`,`Uncertinity_VerifyDate`,`Uncertinity_AllWeightboxID`,`Uncertinity_AllWeightboxCert`,`Uncertinity_AllWeightboxValidUpto`,`Uncertinity_IsBinBalance`,`Uncertinity_Average`,`Dsquare_Average`,`Uncertinity_X`,`Uncertinity_SD`,`Uncertinity`,`Uncertinity_MassWeight`,`Uncertinity_Remark`,`Uncertinity_AllWeightboxCertDate`) values 
(1,3,'2025-09-13','09:47:33',NULL,'BAL002','NULL','Essae','HTR 220','gm','NA',0.00100,320.00000,0.00100,'\0','\0','\0','D','Dharmesh sakpal','2025-10-02','Compression','0',0,'0','19.000','21.000',0,'NULL','NULL','1992-12-08','WB001','10092025','2028-10-10',0,'NULL','NULL','NULL','0.0000','NULL','20.000','Not Complies','2025-09-10'),
(2,4,'2025-09-13','09:48:26',NULL,'BAL002','NULL','Essae','HTR 220','gm','NA',0.00100,320.00000,0.00100,'\0','\0','\0','D','Dharmesh sakpal','2025-10-02','Compression','0',0,'0','19.000','21.000',0,'NULL','NULL','1992-12-08','WB001','10092025','2028-10-10',0,'NULL','NULL','NULL','1.8898','NULL','20.000','Not Complies','2025-09-10'),
(3,7,'2025-09-15','12:08:11','12:08:11','BAL002','NULL','Essae','HTR 220','gm','NA',0.00100,320.00000,0.00100,'\0','\0','\0','D','Dharmesh sakpal','2025-10-02','Compression','0',0,'0','19.000','21.000',0,'NULL','NULL','1992-12-08','WB001','10092025','2028-10-10',0,'20.429','NULL','NULL','1.134','22.680','10.000','Not Complies','2025-09-10'),
(4,8,'2025-09-15','12:09:09','12:09:08','BAL002','NULL','Essae','HTR 220','gm','NA',0.00100,320.00000,0.00100,'\0','\0','\0','D','Dharmesh sakpal','2025-10-02','Compression','0',0,'0','19.000','21.000',0,'NULL','NULL','1992-12-08','WB001','10092025','2028-10-10',0,'21.500','NULL','NULL','2.121','42.420','10.000','Not Complies','2025-09-10'),
(5,11,'2025-09-16','10:21:46','10:21:46','BAL002','NULL','Essae','HTR 220','gm','NA',0.00100,320.00000,0.00100,'\0','\0','\0','D','Dharmesh sakpal','2025-10-02','Compression','0',0,'0','19.000','21.000',0,'NULL','NULL','1992-12-08','WB001','10092025','2028-10-10',0,'20.222','NULL','NULL','0.667','13.340','10.000','Not Complies','2025-09-10'),
(6,14,'2025-09-17','17:12:20','17:12:24','BAL002','NULL','Essae','HTR 220','gm','NA',0.00100,320.00000,0.00100,'\0','\0','\0','D','Dharmesh sakpal','2025-10-02','Compression','0',0,'0','19.000','21.000',0,'NULL','NULL','1992-12-08','WB001','10092025','2028-10-10',0,'21.000','NULL','NULL','2.646','52.920','10.000','Not Complies','2025-09-10'),
(7,17,'2025-09-19','15:38:46','15:38:46','S023','NULL','Essae','HTR 220','gm','NA',0.00100,320.00000,0.00100,'\0','\0','\0','21','shruti','2025-09-19','Compression','0',0,'0','159.990','160.250',0,'NULL','NULL','1992-12-08','0001','01','2026-03-12',0,'16.000','NULL','NULL','0.000','0.000','10.000','Not Complies','2025-09-19'),
(8,19,'2025-09-20','14:51:40','14:52:49','BALANCE_002','NULL','Essae','HTR 220','gm','NA',0.00100,320.00000,0.00100,'\0','\0','\0','21','shruti','2025-09-20','Compression','0',0,'0','63.950','64.200',0,'NULL','NULL','1992-12-08','0505,0505,0505,0505','0022,0022,0022,0022','2025-09-29,2025-09-29,2025-09-29,2025-09-29',0,'63.937','NULL','NULL','0.376','7.520','10.000','Not Complies','2025-09-20,2025-09-20,2025-09-20,2025-09-20'),
(9,23,'2025-09-24','10:45:01','10:45:05','BAL003','NULL','Essae','HTR 220','gm','NA',0.00100,320.00000,0.00100,'\0','\0','\0','D','Dharmesh sakpal','2025-10-05','Compression','0',0,'0','9.000','11.000',0,'NULL','NULL','1992-12-08','WB002','09092025','2028-10-17',0,'11.250','NULL','NULL','2.500','41.667','12.000','Not Complies','2025-09-10');

/*Table structure for table `tbl_calibration_uncertinity_master_incomplete` */

