
CREATE TABLE `tbl_audit_precalibration` (
  `RecNo` int(11) NOT NULL AUTO_INCREMENT,
  `DT` date NOT NULL,
  `TM` time NOT NULL,
  `userid` varchar(100) NOT NULL,
  `username` varchar(100) NOT NULL,
  `ACT` varchar(50) NOT NULL,
  `Cubicle_Number` smallint(3) NOT NULL,
  `Area_Name` varchar(100) NOT NULL,
  `Cubicle_Name` varchar(100) NOT NULL,
  `Equipment_Type` varchar(50) NOT NULL,
  `Calibration_Type` varchar(50) NOT NULL,
  `Equipment_ID` varchar(50) NOT NULL,
  `Standard_Weight_Block` varchar(1500) NOT NULL,
  `CalibrationBox_ID` varchar(1500) NOT NULL,
  `CalibrationBox_Elements_IDNo` varchar(1500) NOT NULL,
  `CalibrationBox_Selected_Elements` varchar(1500) NOT NULL,
  `CalibrationBox_Elements_Unit` varchar(1500) NOT NULL,
  PRIMARY KEY (`RecNo`)
) ENGINE=InnoDB AUTO_INCREMENT=260 DEFAULT CHARSET=utf8;

/*Data for the table `tbl_audit_precalibration` */

insert  into `tbl_audit_precalibration`(`RecNo`,`DT`,`TM`,`userid`,`username`,`ACT`,`Cubicle_Number`,`Area_Name`,`Cubicle_Name`,`Equipment_Type`,`Calibration_Type`,`Equipment_ID`,`Standard_Weight_Block`,`CalibrationBox_ID`,`CalibrationBox_Elements_IDNo`,`CalibrationBox_Selected_Elements`,`CalibrationBox_Elements_Unit`) values 
(1,'2025-09-10','12:26:44','12','Sail','ADD',15,'Dry Syrup','Dry Syrup 01','Balance','Daily','Bal_23','0.020','WBI_01','NA','0.020','gm'),
(2,'2025-09-10','12:26:49','12','Sail','ADD',15,'Dry Syrup','Dry Syrup 01','Balance','Daily','Bal_23','64.000','WBI_01','NA','64','gm'),
(3,'2025-09-10','12:26:55','12','Sail','ADD',15,'Dry Syrup','Dry Syrup 01','Balance','Daily','Bal_23','256.000','WBI_01','NA','256','gm'),
(4,'2025-09-10','12:27:05','12','Sail','ADD',15,'Dry Syrup','Dry Syrup 01','Balance','Linearity','Bal_23','0.020','WBI_01','NA','0.020','gm'),
(5,'2025-09-10','12:27:11','12','Sail','ADD',15,'Dry Syrup','Dry Syrup 01','Balance','Linearity','Bal_23','64.000','WBI_01','NA','64','gm'),
(6,'2025-09-10','12:27:17','12','Sail','ADD',15,'Dry Syrup','Dry Syrup 01','Balance','Linearity','Bal_23','160.000','WBI_01','NA','160','gm'),
(7,'2025-09-10','12:27:22','12','Sail','ADD',15,'Dry Syrup','Dry Syrup 01','Balance','Linearity','Bal_23','256.000','WBI_01','NA','256','gm'),
(8,'2025-09-10','12:27:31','12','Sail','ADD',15,'Dry Syrup','Dry Syrup 01','Balance','Eccentricity','Bal_23','64.000','WBI_01','NA','64','gm'),
(9,'2025-09-10','12:27:39','12','Sail','ADD',15,'Dry Syrup','Dry Syrup 01','Balance','Uncertainty','Bal_23','64.000','WBI_01','NA','64','gm'),
(10,'2025-09-10','15:34:48','13','Devendra','ADD',1,'Compression','COMPRESSION_1','Balance','Daily','BAL001','0.020','WB001','NA','0.020','gm'),
(11,'2025-09-10','15:34:59','13','Devendra','ADD',1,'Compression','COMPRESSION_1','Balance','Daily','BAL001','10.000','WB001','NA','10.000','gm'),
(12,'2025-09-10','15:35:06','13','Devendra','ADD',1,'Compression','COMPRESSION_1','Balance','Daily','BAL001','20.000','WB001','NA','20.000','gm'),
(13,'2025-09-10','15:35:21','13','Devendra','ADD',1,'Compression','COMPRESSION_1','Balance','Linearity','BAL001','0.020','WB001','NA','0.020','gm'),
(14,'2025-09-10','15:35:27','13','Devendra','ADD',1,'Compression','COMPRESSION_1','Balance','Linearity','BAL001','10.000','WB001','NA','10.000','gm'),
(15,'2025-09-10','15:35:33','13','Devendra','ADD',1,'Compression','COMPRESSION_1','Balance','Linearity','BAL001','20.000','WB001','NA','20.000','gm'),
(16,'2025-09-10','15:35:39','13','Devendra','ADD',1,'Compression','COMPRESSION_1','Balance','Linearity','BAL001','30.000','WB001','NA','30.000','gm'),
(17,'2025-09-10','15:35:48','13','Devendra','ADD',1,'Compression','COMPRESSION_1','Balance','Linearity','BAL001','40.000','WB001','NA','40.000','gm'),
(18,'2025-09-10','15:37:09','13','Devendra','ADD',1,'Compression','COMPRESSION_1','Balance','Eccentricity','BAL001','0.020','WB001','NA','0.020','gm'),
(19,'2025-09-10','15:37:22','13','Devendra','ADD',1,'Compression','COMPRESSION_1','Balance','Uncertainty','BAL001','10.000','WB001','NA','10.000','gm'),
(20,'2025-09-10','15:56:58','13','Devendra','ADD',1,'Compression','COMPRESSION_1','Vernier','Periodic','VR01','2.00','VB01','NA','2.00','mm'),
(21,'2025-09-10','15:57:03','13','Devendra','ADD',1,'Compression','COMPRESSION_1','Vernier','Periodic','VR01','10.00','VB01','NA','10.00','mm'),
(22,'2025-09-11','08:26:25','11','Mangesh','ADD',15,'Dry Syrup','Dry Syrup 01','Balance','Daily','Bal_24','0.020','WBI_01','NA','0.020','gm'),
(23,'2025-09-11','08:26:31','11','Mangesh','ADD',15,'Dry Syrup','Dry Syrup 01','Balance','Daily','Bal_24','64.000','WBI_01','NA','64','gm'),
(24,'2025-09-11','08:26:38','11','Mangesh','ADD',15,'Dry Syrup','Dry Syrup 01','Balance','Daily','Bal_24','256.000','WBI_01','NA','256','gm'),
(25,'2025-09-11','08:26:48','11','Mangesh','ADD',15,'Dry Syrup','Dry Syrup 01','Balance','Linearity','Bal_24','0.020','WBI_01','NA','0.020','gm'),
(26,'2025-09-11','08:26:57','11','Mangesh','ADD',15,'Dry Syrup','Dry Syrup 01','Balance','Linearity','Bal_24','64.000','WBI_01','NA','64','gm'),
(27,'2025-09-11','08:30:58','11','Mangesh','ADD',15,'Dry Syrup','Dry Syrup 01','Balance','Linearity','Bal_24','160.000','WBI_01','NA','160','gm'),
(28,'2025-09-11','08:31:08','11','Mangesh','ADD',15,'Dry Syrup','Dry Syrup 01','Balance','Linearity','Bal_24','256.000','WBI_01','NA','256','gm'),
(29,'2025-09-11','08:31:18','11','Mangesh','ADD',15,'Dry Syrup','Dry Syrup 01','Balance','Eccentricity','Bal_24','64.000','WBI_01','NA','64','gm'),
(30,'2025-09-11','08:31:27','11','Mangesh','ADD',15,'Dry Syrup','Dry Syrup 01','Balance','Uncertainty','Bal_24','64.000','WBI_01','NA','64','gm'),
(31,'2025-09-12','08:15:38','11','Mangesh','ADD',7,'IPQA','IPQA Balance','Balance','Daily','Bal_26','0.020','WBI_02','NA','0.020','gm'),
(32,'2025-09-12','08:15:45','11','Mangesh','ADD',7,'IPQA','IPQA Balance','Balance','Daily','Bal_26','64.000','WBI_02','NA','64','gm'),
(33,'2025-09-12','08:15:52','11','Mangesh','ADD',7,'IPQA','IPQA Balance','Balance','Daily','Bal_26','256.000','WBI_02','NA','256','gm'),
(34,'2025-09-12','08:16:14','11','Mangesh','ADD',7,'IPQA','IPQA Balance','Balance','Linearity','Bal_26','0.020','WBI_02','NA','0.020','gm'),
(35,'2025-09-12','08:16:23','11','Mangesh','ADD',7,'IPQA','IPQA Balance','Balance','Linearity','Bal_26','10.000','WBI_02','NA','10','gm'),
(36,'2025-09-12','08:16:28','11','Mangesh','ADD',7,'IPQA','IPQA Balance','Balance','Linearity','Bal_26','50.000','WBI_02','NA','50','gm'),
(37,'2025-09-12','08:16:35','11','Mangesh','ADD',7,'IPQA','IPQA Balance','Balance','Linearity','Bal_26','64.000','WBI_02','NA','64','gm'),
(38,'2025-09-12','08:17:55','11','Mangesh','ADD',7,'IPQA','IPQA Balance','Balance','Linearity','Bal_26','100.000','WBI_02','NA','100','gm'),
(39,'2025-09-12','08:18:01','11','Mangesh','ADD',7,'IPQA','IPQA Balance','Balance','Linearity','Bal_26','160.000','WBI_02','NA','160','gm'),
(40,'2025-09-12','08:18:11','11','Mangesh','ADD',7,'IPQA','IPQA Balance','Balance','Linearity','Bal_26','200.000','WBI_02','NA','200','gm'),
(41,'2025-09-12','08:18:18','11','Mangesh','ADD',7,'IPQA','IPQA Balance','Balance','Linearity','Bal_26','220.000','WBI_02','NA','220','gm'),
(42,'2025-09-12','08:18:25','11','Mangesh','ADD',7,'IPQA','IPQA Balance','Balance','Linearity','Bal_26','256.000','WBI_02','NA','256','gm'),
(43,'2025-09-12','08:18:43','11','Mangesh','ADD',7,'IPQA','IPQA Balance','Balance','Eccentricity','Bal_26','100.000','WBI_02','NA','100','gm'),
(44,'2025-09-12','08:18:51','11','Mangesh','ADD',7,'IPQA','IPQA Balance','Balance','Uncertainty','Bal_26','100.000','WBI_02','NA','100','gm'),
(45,'2025-09-12','09:26:03','12','Sail','ADD',6,'QC','QC_01','Balance','Daily','Bal_27','0.020','WBI_02','NA','0.020','gm'),
(46,'2025-09-12','09:26:14','12','Sail','ADD',6,'QC','QC_01','Balance','Daily','Bal_27','64.000','WBI_01','NA','64','gm'),
(47,'2025-09-12','09:26:23','12','Sail','ADD',6,'QC','QC_01','Balance','Daily','Bal_27','256.000','WBI_02','NA','256','gm'),
(48,'2025-09-12','09:26:33','12','Sail','ADD',6,'QC','QC_01','Balance','Linearity','Bal_27','0.020','WBI_01','NA','0.020','gm'),
(49,'2025-09-12','09:26:39','12','Sail','ADD',6,'QC','QC_01','Balance','Linearity','Bal_27','64.000','WBI_02','NA','64','gm'),
(50,'2025-09-12','09:26:47','12','Sail','ADD',6,'QC','QC_01','Balance','Linearity','Bal_27','160.000','WBI_02','NA','160','gm'),
(51,'2025-09-12','09:26:55','12','Sail','ADD',6,'QC','QC_01','Balance','Linearity','Bal_27','256.000','WBI_01','NA','256','gm'),
(52,'2025-09-12','09:27:04','12','Sail','ADD',6,'QC','QC_01','Balance','Eccentricity','Bal_27','64.000','WBI_01','NA','64','gm'),
(53,'2025-09-12','09:27:15','12','Sail','ADD',6,'QC','QC_01','Balance','Uncertainty','Bal_27','160.000','WBI_02','NA','160','gm'),
(54,'2025-09-12','15:04:50','13','Devendra','ADD',1,'Compression','COMPRESSION_1','Balance','Daily','BAL002','0.020','WB002','NA','0.020','gm'),
(55,'2025-09-12','15:04:59','13','Devendra','REMOVE',1,'Compression','COMPRESSION_1','Balance','Daily','BAL002','0.020','WB002','NA','0.020','gm'),
(56,'2025-09-12','15:05:04','13','Devendra','ADD',1,'Compression','COMPRESSION_1','Balance','Daily','BAL002','0.020','WB001','NA','0.020','gm'),
(57,'2025-09-12','15:05:10','13','Devendra','ADD',1,'Compression','COMPRESSION_1','Balance','Daily','BAL002','10.000','WB001','NA','10.000','gm'),
(58,'2025-09-12','15:05:15','13','Devendra','ADD',1,'Compression','COMPRESSION_1','Balance','Daily','BAL002','20.000','WB001','NA','20.000','gm'),
(59,'2025-09-12','15:05:43','13','Devendra','ADD',1,'Compression','COMPRESSION_1','Balance','Linearity','BAL002','0.020','WB001','NA','0.020','gm'),
(60,'2025-09-12','15:05:48','13','Devendra','ADD',1,'Compression','COMPRESSION_1','Balance','Linearity','BAL002','10.000','WB001','NA','10.000','gm'),
(61,'2025-09-12','15:05:54','13','Devendra','ADD',1,'Compression','COMPRESSION_1','Balance','Linearity','BAL002','20.000','WB001','NA','20.000','gm'),
(62,'2025-09-12','15:06:00','13','Devendra','ADD',1,'Compression','COMPRESSION_1','Balance','Linearity','BAL002','30.000','WB001','NA','30.000','gm'),
(63,'2025-09-12','15:09:07','13','Devendra','ADD',1,'Compression','COMPRESSION_1','Balance','Linearity','BAL002','40.000','WB001','NA','40.000','gm'),
(64,'2025-09-12','15:09:16','13','Devendra','ADD',1,'Compression','COMPRESSION_1','Balance','Eccentricity','BAL002','0.020','WB001','NA','0.020','gm'),
(65,'2025-09-12','15:09:27','13','Devendra','ADD',1,'Compression','COMPRESSION_1','Balance','Uncertainty','BAL002','20.000','WB001','NA','20.000','gm'),
(66,'2025-09-15','12:04:20','Tantra','Tantrasoft','ADD',2,'Compression','COMPRESSION-2','Balance','Daily','Bal_23','0.020','WBI_01','NA','0.020','gm'),
(67,'2025-09-15','12:07:21','Tantra','Tantrasoft','ADD',2,'Compression','COMPRESSION-2','Balance','Daily','Bal_23','64.000','WBI_01','NA','64','gm'),
(68,'2025-09-15','12:07:44','Tantra','Tantrasoft','ADD',2,'Compression','COMPRESSION-2','Balance','Daily','Bal_23','256.000','WBI_01','NA','256','gm'),
(69,'2025-09-15','12:08:33','Tantra','Tantrasoft','ADD',2,'Compression','COMPRESSION-2','Balance','Linearity','Bal_23','0.020','WBI_01','NA','0.020','gm'),
(70,'2025-09-15','12:08:54','Tantra','Tantrasoft','ADD',2,'Compression','COMPRESSION-2','Balance','Linearity','Bal_23','64.000','WBI_01','NA','64','gm'),
(71,'2025-09-15','12:09:11','Tantra','Tantrasoft','ADD',2,'Compression','COMPRESSION-2','Balance','Linearity','Bal_23','160.000','WBI_01','NA','160','gm'),
(72,'2025-09-15','12:09:23','Tantra','Tantrasoft','ADD',2,'Compression','COMPRESSION-2','Balance','Linearity','Bal_23','256.000','WBI_01','NA','256','gm'),
(73,'2025-09-15','12:09:34','Tantra','Tantrasoft','ADD',2,'Compression','COMPRESSION-2','Balance','Eccentricity','Bal_23','64.000','WBI_01','NA','64','gm'),
(74,'2025-09-15','12:09:50','Tantra','Tantrasoft','ADD',2,'Compression','COMPRESSION-2','Balance','Uncertainty','Bal_23','64.000','WBI_01','NA','64','gm'),
(75,'2025-09-15','12:56:27','Tantra','Tantrasoft','ADD',2,'Compression','COMPRESSION-2','Vernier','Periodic','Ver_23','0.03','BBI_01','NA','0.03','mm'),
(76,'2025-09-15','12:56:36','Tantra','Tantrasoft','ADD',2,'Compression','COMPRESSION-2','Vernier','Periodic','Ver_23','100.00','BBI_01','NA','100.00','mm'),
(77,'2025-09-15','12:58:21','Tantra','Tantrasoft','ADD',2,'Compression','COMPRESSION-2','Vernier','Periodic','Ver_23','150.00','VB01','NA','150','mm'),
(78,'2025-09-17','08:40:41','1','Prachiti Shah','ADD',15,'Dry Syrup','Dry Syrup 01','Balance','Daily','Bal_28','0.020','WBI_02','NA','0.020','gm'),
(79,'2025-09-17','08:40:46','1','Prachiti Shah','ADD',15,'Dry Syrup','Dry Syrup 01','Balance','Daily','Bal_28','64.000','WBI_02','NA','64','gm'),
(80,'2025-09-17','08:40:55','1','Prachiti Shah','ADD',15,'Dry Syrup','Dry Syrup 01','Balance','Daily','Bal_28','256.000','WBI_02','NA','256','gm'),
(81,'2025-09-17','08:41:04','1','Prachiti Shah','ADD',15,'Dry Syrup','Dry Syrup 01','Balance','Linearity','Bal_28','0.020','WBI_02','NA','0.020','gm'),
(82,'2025-09-17','08:41:15','1','Prachiti Shah','ADD',15,'Dry Syrup','Dry Syrup 01','Balance','Linearity','Bal_28','64.000','WBI_02','NA','64','gm'),
(83,'2025-09-17','08:41:20','1','Prachiti Shah','ADD',15,'Dry Syrup','Dry Syrup 01','Balance','Linearity','Bal_28','160.000','WBI_02','NA','160','gm'),
(84,'2025-09-17','08:41:29','1','Prachiti Shah','ADD',15,'Dry Syrup','Dry Syrup 01','Balance','Linearity','Bal_28','256.000','WBI_02','NA','256','gm'),
(85,'2025-09-17','08:41:39','1','Prachiti Shah','ADD',15,'Dry Syrup','Dry Syrup 01','Balance','Eccentricity','Bal_28','0.020','WBI_02','NA','0.020','gm'),
(86,'2025-09-17','08:41:47','1','Prachiti Shah','ADD',15,'Dry Syrup','Dry Syrup 01','Balance','Uncertainty','Bal_28','64.000','WBI_02','NA','64','gm'),
(87,'2025-09-19','11:04:49','45','shruti','ADD',2,'Compression','COMPRESSION-2','Balance','Daily','S023','0.020','0001','NA','0.020','gm'),
(88,'2025-09-19','11:07:46','45','shruti','ADD',2,'Compression','COMPRESSION-2','Balance','Daily','S023','64.000','0001','NA','64.00','gm'),
(89,'2025-09-19','11:07:56','45','shruti','ADD',2,'Compression','COMPRESSION-2','Balance','Daily','S023','160.000','0001','NA','160.00','gm'),
(90,'2025-09-19','11:27:50','45','shruti','ADD',2,'Compression','COMPRESSION-2','Balance','Linearity','S023','0.020','0001','NA','0.020','gm'),
(91,'2025-09-19','11:28:10','45','shruti','ADD',2,'Compression','COMPRESSION-2','Balance','Linearity','S023','64.000','0001','NA','64.00','gm'),
(92,'2025-09-19','11:28:26','45','shruti','ADD',2,'Compression','COMPRESSION-2','Balance','Linearity','S023','160.000','0001','NA','160.00','gm'),
(93,'2025-09-19','11:28:37','45','shruti','ADD',2,'Compression','COMPRESSION-2','Balance','Linearity','S023','256.000','0001','NA','256.00','gm'),
(94,'2025-09-19','11:29:31','45','shruti','ADD',2,'Compression','COMPRESSION-2','Balance','Eccentricity','S023','0.020','0001','NA','0.020','gm'),
(95,'2025-09-19','11:30:45','45','shruti','ADD',2,'Compression','COMPRESSION-2','Balance','Uncertainty','S023','160.000','0001','NA','160.00','gm'),
(96,'2025-09-20','12:52:13','13','Devendra','ADD',1,'Compression','COMPRESSION_1','Balance','Daily','BAL003','0.020','WB002','NA','0.020','gm'),
(97,'2025-09-20','12:52:19','13','Devendra','ADD',1,'Compression','COMPRESSION_1','Balance','Daily','BAL003','10.000','WB002','NA','10.000','gm'),
(98,'2025-09-20','12:52:25','13','Devendra','ADD',1,'Compression','COMPRESSION_1','Balance','Daily','BAL003','20.000','WB002','NA','20.000','gm'),
(99,'2025-09-20','12:52:30','45','shruti','ADD',2,'Compression','COMPRESSION-2','Balance','Daily','BALANCE_002','64.000','0505,0505,0505,0505','NA,NA,NA,NA','30,20,10,4','gm,gm,gm,gm'),
(100,'2025-09-20','12:52:39','13','Devendra','ADD',1,'Compression','COMPRESSION_1','Balance','Linearity','BAL003','0.020','WB002','NA','0.020','gm'),
(101,'2025-09-20','12:52:45','13','Devendra','ADD',1,'Compression','COMPRESSION_1','Balance','Linearity','BAL003','10.000','WB002','NA','10.000','gm'),
(102,'2025-09-20','12:52:51','13','Devendra','ADD',1,'Compression','COMPRESSION_1','Balance','Linearity','BAL003','20.000','WB002','NA','20.000','gm'),
(103,'2025-09-20','12:52:58','13','Devendra','ADD',1,'Compression','COMPRESSION_1','Balance','Linearity','BAL003','30.000','WB002','NA','30.000','gm'),
(104,'2025-09-20','12:53:06','45','shruti','ADD',2,'Compression','COMPRESSION-2','Balance','Daily','BALANCE_002','160.000','0505,0505,0505','NA,NA,NA','100,50,10','gm,gm,gm'),
(105,'2025-09-20','12:53:08','13','Devendra','ADD',1,'Compression','COMPRESSION_1','Balance','Linearity','BAL003','40.000','WB002','NA','40.000','gm'),
(106,'2025-09-20','12:53:18','13','Devendra','ADD',1,'Compression','COMPRESSION_1','Balance','Eccentricity','BAL003','0.020','WB002','NA','0.020','gm'),
(107,'2025-09-20','12:53:29','13','Devendra','ADD',1,'Compression','COMPRESSION_1','Balance','Uncertainty','BAL003','10.000','WB002','NA','10.000','gm'),
(108,'2025-09-20','12:54:00','45','shruti','ADD',2,'Compression','COMPRESSION-2','Balance','Daily','BALANCE_002','0.020','0001','NA','0.020','gm'),
(109,'2025-09-20','12:54:54','45','shruti','ADD',2,'Compression','COMPRESSION-2','Balance','Linearity','BALANCE_002','64.000','0505,0505,0505,0505','NA,NA,NA,NA','30,20,10,4','gm,gm,gm,gm'),
(110,'2025-09-20','12:55:20','45','shruti','ADD',2,'Compression','COMPRESSION-2','Balance','Linearity','BALANCE_002','160.000','0505,0505,0505','NA,NA,NA','100,50,10','gm,gm,gm'),
(111,'2025-09-20','12:55:33','45','shruti','ADD',2,'Compression','COMPRESSION-2','Balance','Linearity','BALANCE_002','0.020','0001','NA','0.020','gm'),
(112,'2025-09-20','12:55:41','45','shruti','ADD',2,'Compression','COMPRESSION-2','Balance','Linearity','BALANCE_002','256.000','0001','NA','256.00','gm'),
(113,'2025-09-20','12:56:12','45','shruti','ADD',2,'Compression','COMPRESSION-2','Balance','Eccentricity','BALANCE_002','64.000','0505,0505,0505,0505','NA,NA,NA,NA','30,20,10,4','gm,gm,gm,gm'),
(114,'2025-09-20','12:56:41','45','shruti','ADD',2,'Compression','COMPRESSION-2','Balance','Uncertainty','BALANCE_002','64.000','0505,0505,0505,0505','NA,NA,NA,NA','30,20,10,4','gm,gm,gm,gm'),
(115,'2025-09-20','15:56:52','45','shruti','REMOVE',2,'Compression','COMPRESSION-2','Balance','Daily','BALANCE_002','64.000','0505,0505,0505,0505','NA,NA,NA,NA','30,20,10,4','gm,gm,gm,gm'),
(116,'2025-09-20','15:56:55','45','shruti','REMOVE',2,'Compression','COMPRESSION-2','Balance','Daily','BALANCE_002','160.000','0505,0505,0505','NA,NA,NA','100,50,10','gm,gm,gm'),
(117,'2025-09-20','15:56:57','45','shruti','REMOVE',2,'Compression','COMPRESSION-2','Balance','Daily','BALANCE_002','0.020','0001','NA','0.020','gm'),
(118,'2025-09-20','15:57:08','45','shruti','ADD',2,'Compression','COMPRESSION-2','Balance','Daily','BALANCE_002','64.000','SH24','NA','64','gm'),
(119,'2025-09-20','15:57:18','45','shruti','ADD',2,'Compression','COMPRESSION-2','Balance','Daily','BALANCE_002','160.000','SH24','NA','160','gm'),
(120,'2025-09-20','15:57:27','45','shruti','ADD',2,'Compression','COMPRESSION-2','Balance','Daily','BALANCE_002','0.020','SH24','NA','0.020','gm'),
(121,'2025-09-20','15:58:16','45','shruti','REMOVE',2,'Compression','COMPRESSION-2','Balance','Eccentricity','BALANCE_002','64.000','0505,0505,0505,0505','NA,NA,NA,NA','30,20,10,4','gm,gm,gm,gm'),
(122,'2025-09-20','15:58:22','45','shruti','REMOVE',2,'Compression','COMPRESSION-2','Balance','Linearity','BALANCE_002','64.000','0505,0505,0505,0505','NA,NA,NA,NA','30,20,10,4','gm,gm,gm,gm'),
(123,'2025-09-20','15:58:23','45','shruti','REMOVE',2,'Compression','COMPRESSION-2','Balance','Linearity','BALANCE_002','160.000','0505,0505,0505','NA,NA,NA','100,50,10','gm,gm,gm'),
(124,'2025-09-20','15:58:25','45','shruti','REMOVE',2,'Compression','COMPRESSION-2','Balance','Linearity','BALANCE_002','0.020','0001','NA','0.020','gm'),
(125,'2025-09-20','15:58:28','45','shruti','REMOVE',2,'Compression','COMPRESSION-2','Balance','Linearity','BALANCE_002','256.000','0001','NA','256.00','gm'),
(126,'2025-09-20','15:58:37','45','shruti','REMOVE',2,'Compression','COMPRESSION-2','Balance','Uncertainty','BALANCE_002','64.000','0505,0505,0505,0505','NA,NA,NA,NA','30,20,10,4','gm,gm,gm,gm'),
(127,'2025-09-20','15:58:50','45','shruti','ADD',2,'Compression','COMPRESSION-2','Balance','Linearity','BALANCE_002','64.000','SH24','NA','64','gm'),
(128,'2025-09-20','15:59:02','45','shruti','ADD',2,'Compression','COMPRESSION-2','Balance','Linearity','BALANCE_002','160.000','SH24','NA','160','gm'),
(129,'2025-09-20','15:59:11','45','shruti','ADD',2,'Compression','COMPRESSION-2','Balance','Linearity','BALANCE_002','0.020','SH24','NA','0.020','gm'),
(130,'2025-09-20','15:59:21','45','shruti','ADD',2,'Compression','COMPRESSION-2','Balance','Linearity','BALANCE_002','256.000','SH24','NA','256','gm'),
(131,'2025-09-20','15:59:39','45','shruti','ADD',2,'Compression','COMPRESSION-2','Balance','Eccentricity','BALANCE_002','64.000','SH24','NA','64','gm'),
(132,'2025-09-20','15:59:57','45','shruti','ADD',2,'Compression','COMPRESSION-2','Balance','Uncertainty','BALANCE_002','64.000','SH24','NA','64','gm'),
(133,'2025-09-22','09:48:49','45','shruti','REMOVE',2,'Compression','COMPRESSION-2','Balance','Daily','BALANCE_002','64.000','SH24','NA','64','gm'),
(134,'2025-09-22','09:48:51','45','shruti','REMOVE',2,'Compression','COMPRESSION-2','Balance','Daily','BALANCE_002','160.000','SH24','NA','160','gm'),
(135,'2025-09-22','09:48:53','45','shruti','REMOVE',2,'Compression','COMPRESSION-2','Balance','Daily','BALANCE_002','0.020','SH24','NA','0.020','gm'),
(136,'2025-09-22','09:49:19','45','shruti','ADD',2,'Compression','COMPRESSION-2','Balance','Daily','BALANCE_002','0.020','HM0524','NA','0.020','gm'),
(137,'2025-09-22','09:50:35','45','shruti','ADD',2,'Compression','COMPRESSION-2','Balance','Daily','BALANCE_002','64.000','HM0524','NA','64','gm'),
(138,'2025-09-22','09:50:47','45','shruti','ADD',2,'Compression','COMPRESSION-2','Balance','Daily','BALANCE_002','160.000','HM0524','NA','160','gm'),
(139,'2025-09-22','09:54:25','45','shruti','ADD',2,'Compression','COMPRESSION-2','Balance','Daily','SHR05','0.020','HM0524','NA','0.020','gm'),
(140,'2025-09-22','09:54:32','45','shruti','ADD',2,'Compression','COMPRESSION-2','Balance','Daily','SHR05','64.000','HM0524','NA','64','gm'),
(141,'2025-09-22','09:54:42','45','shruti','ADD',2,'Compression','COMPRESSION-2','Balance','Daily','SHR05','160.000','HM0524','NA','160','gm'),
(142,'2025-09-22','09:54:59','45','shruti','ADD',2,'Compression','COMPRESSION-2','Balance','Linearity','SHR05','64.000','HM0524','NA','64','gm'),
(143,'2025-09-22','09:55:08','45','shruti','ADD',2,'Compression','COMPRESSION-2','Balance','Linearity','SHR05','160.000','HM0524','NA','160','gm'),
(144,'2025-09-22','09:55:18','45','shruti','ADD',2,'Compression','COMPRESSION-2','Balance','Linearity','SHR05','256.000','HM0524','NA','256','gm'),
(145,'2025-09-22','09:55:31','45','shruti','ADD',2,'Compression','COMPRESSION-2','Balance','Eccentricity','SHR05','0.020','HM0524','NA','0.020','gm'),
(146,'2025-09-25','11:05:58','45','shruti','ADD',2,'Compression','COMPRESSION-2','Balance','Daily','QWE0524','0.020','SHM02','NA','0.020','gm'),
(147,'2025-09-25','11:06:58','45','shruti','ADD',2,'Compression','COMPRESSION-2','Balance','Daily','QWE0524','64.000','SHM02,SHM02,SHM02','NA,NA,NA','30,20,14','gm,gm,gm'),
(148,'2025-09-25','11:07:18','45','shruti','ADD',2,'Compression','COMPRESSION-2','Balance','Daily','QWE0524','160.000','SHM02,SHM02','NA,NA','100,60','gm,gm'),
(149,'2025-09-25','11:07:48','45','shruti','ADD',2,'Compression','COMPRESSION-2','Balance','Linearity','QWE0524','160.000','SHM02,SHM02','NA,NA','100,60','gm,gm'),
(150,'2025-09-25','11:08:13','45','shruti','ADD',2,'Compression','COMPRESSION-2','Balance','Linearity','QWE0524','256.000','SHM02,SHM02,SHM02','NA,NA,NA','200,50,6','gm,gm,gm'),
(151,'2025-09-25','11:08:30','45','shruti','ADD',2,'Compression','COMPRESSION-2','Balance','Eccentricity','QWE0524','0.020','SHM02','NA','0.020','gm'),
(152,'2025-09-25','11:09:25','45','shruti','ADD',2,'Compression','COMPRESSION-2','Balance','Uncertainty','QWE0524','64.000','SHM02,SHM02,SHM02','NA,NA,NA','30,20,14','gm,gm,gm'),
(153,'2025-09-25','12:45:15','45','shruti','ADD',3,'Compression','com1','Balance','Daily','bal-01','0.020','WB-001','NA','0.020','gm'),
(154,'2025-09-25','12:45:40','45','shruti','ADD',3,'Compression','com1','Balance','Daily','bal-01','64.000','WB-001,WB-001,WB-001','NA,NA,NA','30,30,4','gm,gm,gm'),
(155,'2025-09-25','12:45:56','45','shruti','ADD',3,'Compression','com1','Balance','Daily','bal-01','160.000','WB-001','NA','160','gm'),
(156,'2025-09-25','12:46:37','45','shruti','ADD',3,'Compression','com1','Balance','Linearity','bal-01','0.020','WB-001','NA','0.020','gm'),
(157,'2025-09-25','12:46:49','45','shruti','ADD',3,'Compression','com1','Balance','Linearity','bal-01','160.000','WB-001','NA','160','gm'),
(158,'2025-09-25','12:47:22','45','shruti','ADD',3,'Compression','com1','Balance','Linearity','bal-01','256.000','WB-001,WB-001,WB-001','NA,NA,NA','200,50,6','gm,gm,gm'),
(159,'2025-09-25','12:47:48','45','shruti','ADD',3,'Compression','com1','Balance','Eccentricity','bal-01','64.000','WB-001,WB-001,WB-001','NA,NA,NA','30,30,4','gm,gm,gm'),
(160,'2025-09-25','12:48:19','45','shruti','ADD',3,'Compression','com1','Balance','Uncertainty','bal-01','256.000','WB-001,WB-001,WB-001','NA,NA,NA','200,50,6','gm,gm,gm'),
(161,'2025-09-25','17:01:13','45','shruti','ADD',2,'Compression','COMPRESSION-2','Balance','Daily','Bal0021','0.020','WBOX01','NA','0.020','gm'),
(162,'2025-09-25','17:01:27','45','shruti','ADD',2,'Compression','COMPRESSION-2','Balance','Daily','Bal0021','64.000','WBOX01','NA','64','gm'),
(163,'2025-09-25','17:01:40','45','shruti','ADD',2,'Compression','COMPRESSION-2','Balance','Daily','Bal0021','160.000','WBOX01','NA','160','gm'),
(164,'2025-09-25','17:02:53','45','shruti','ADD',2,'Compression','COMPRESSION-2','Balance','Linearity','Bal0021','0.020','WBOX01','NA','0.020','gm'),
(165,'2025-09-25','17:03:16','45','shruti','ADD',2,'Compression','COMPRESSION-2','Balance','Eccentricity','Bal0021','0.020','WBOX01','NA','0.020','gm'),
(166,'2025-09-25','17:03:30','45','shruti','ADD',2,'Compression','COMPRESSION-2','Balance','Uncertainty','Bal0021','0.020','WBOX01','NA','0.020','gm'),
(167,'2025-09-25','17:07:04','45','shruti','ADD',2,'Compression','COMPRESSION-2','Balance','Linearity','Bal0021','64.000','WBOX01','NA','64','gm'),
(168,'2025-09-25','17:07:25','45','shruti','ADD',2,'Compression','COMPRESSION-2','Balance','Linearity','Bal0021','160.000','WBOX01','NA','160','gm'),
(169,'2025-09-25','17:07:36','45','shruti','ADD',2,'Compression','COMPRESSION-2','Balance','Linearity','Bal0021','256.000','WBOX01','NA','256','gm'),
(170,'2025-09-26','10:11:08','45','shruti','ADD',2,'Compression','COMPRESSION-2','Balance','Daily','SHR05','0.020','HM0524','NA','0.020','gm'),
(171,'2025-09-26','10:11:21','45','shruti','ADD',2,'Compression','COMPRESSION-2','Balance','Daily','SHR05','64.000','HM0524','NA','64','gm'),
(172,'2025-09-26','10:14:56','45','shruti','ADD',2,'Compression','COMPRESSION-2','Balance','Daily','SHR05','160.000','HM0524','NA','160','gm'),
(173,'2025-09-26','10:15:29','45','shruti','ADD',2,'Compression','COMPRESSION-2','Balance','Linearity','SHR05','64.000','HM0524','NA','64','gm'),
(174,'2025-09-26','10:15:42','45','shruti','ADD',2,'Compression','COMPRESSION-2','Balance','Linearity','SHR05','160.000','HM0524','NA','160','gm'),
(175,'2025-09-26','10:15:59','45','shruti','ADD',2,'Compression','COMPRESSION-2','Balance','Linearity','SHR05','256.000','HM0524','NA','256','gm'),
(176,'2025-09-26','10:16:13','45','shruti','ADD',2,'Compression','COMPRESSION-2','Balance','Eccentricity','SHR05','0.020','HM0524','NA','0.020','gm'),
(177,'2025-09-26','11:02:33','11','Mangesh','ADD',3,'Compression','com1','Balance','Daily','OQ1','0.020','WB1','NA','0.020','gm'),
(178,'2025-09-26','11:03:43','11','Mangesh','ADD',3,'Compression','com1','Balance','Daily','OQ1','64.000','WB1,WB1,WB1','NA,NA,NA','30,20,14','gm,gm,gm'),
(179,'2025-09-26','11:04:18','11','Mangesh','ADD',3,'Compression','com1','Balance','Daily','OQ1','256.000','WB1,WB1,WB1','NA,NA,NA','200,50,6','gm,gm,gm'),
(180,'2025-09-26','11:05:04','11','Mangesh','ADD',3,'Compression','com1','Balance','Linearity','OQ1','0.020','WB1','NA','0.020','gm'),
(181,'2025-09-26','11:05:35','11','Mangesh','ADD',3,'Compression','com1','Balance','Linearity','OQ1','64.000','WB1,WB1,WB1','NA,NA,NA','30,20,14','gm,gm,gm'),
(182,'2025-09-26','11:06:01','11','Mangesh','ADD',3,'Compression','com1','Balance','Linearity','OQ1','256.000','WB1,WB1,WB1','NA,NA,NA','200,50,6','gm,gm,gm'),
(183,'2025-09-26','11:06:28','11','Mangesh','ADD',3,'Compression','com1','Balance','Linearity','OQ1','160.000','WB1,WB1','NA,NA','100,60','gm,gm'),
(184,'2025-09-26','11:07:17','11','Mangesh','ADD',3,'Compression','com1','Balance','Eccentricity','OQ1','64.000','WB1,WB1,WB1','NA,NA,NA','30,14,20','gm,gm,gm'),
(185,'2025-09-26','11:14:38','11','Mangesh','ADD',3,'Compression','com1','Balance','Uncertainty','OQ1','64.000','WB1,WB1,WB1','NA,NA,NA','30,20,14','gm,gm,gm'),
(186,'2025-09-26','12:44:27','021','Tejal','REMOVE',2,'Compression','COMPRESSION-2','Vernier','Periodic','Ver_23','150.00','VB01','NA','150','mm'),
(187,'2025-09-26','12:44:29','021','Tejal','REMOVE',2,'Compression','COMPRESSION-2','Vernier','Periodic','Ver_23','100.00','BBI_01','NA','100.00','mm'),
(188,'2025-09-26','12:44:31','021','Tejal','REMOVE',2,'Compression','COMPRESSION-2','Vernier','Periodic','Ver_23','0.03','BBI_01','NA','0.03','mm'),
(189,'2025-09-26','12:47:06','021','Tejal','ADD',3,'Compression','com1','Vernier','Periodic','V001','0.30','VB021','NA','0.30','mm'),
(190,'2025-09-26','12:47:27','021','Tejal','ADD',3,'Compression','com1','Vernier','Periodic','V001','65.00','VB021,VB021','NA,NA','60,5','mm,mm'),
(191,'2025-09-26','12:47:35','021','Tejal','ADD',3,'Compression','com1','Vernier','Periodic','V001','15.00','VB021','NA','15','mm'),
(192,'2025-09-26','15:00:43','45','shruti','ADD',2,'Compression','COMPRESSION-2','Vernier','Periodic','Ver_23','0.03','BOX005','NA','0.03','mm'),
(193,'2025-09-26','15:00:52','45','shruti','ADD',2,'Compression','COMPRESSION-2','Vernier','Periodic','Ver_23','100.00','BOX005','NA','100','mm'),
(194,'2025-09-26','15:01:01','45','shruti','ADD',2,'Compression','COMPRESSION-2','Vernier','Periodic','Ver_23','150.00','BOX005','NA','150','mm'),
(195,'2025-09-27','11:50:08','45','shruti','ADD',2,'Compression','COMPRESSION-2','Balance','Daily','SHR05','0.020','HM0524','NA','0.020','gm'),
(196,'2025-09-27','11:50:17','45','shruti','ADD',2,'Compression','COMPRESSION-2','Balance','Daily','SHR05','64.000','HM0524','NA','64','gm'),
(197,'2025-09-27','11:50:26','45','shruti','ADD',2,'Compression','COMPRESSION-2','Balance','Daily','SHR05','160.000','HM0524','NA','160','gm'),
(198,'2025-09-27','11:50:43','45','shruti','ADD',2,'Compression','COMPRESSION-2','Balance','Linearity','SHR05','64.000','HM0524','NA','64','gm'),
(199,'2025-09-27','11:50:54','45','shruti','ADD',2,'Compression','COMPRESSION-2','Balance','Linearity','SHR05','160.000','HM0524','NA','160','gm'),
(200,'2025-09-27','11:51:05','45','shruti','ADD',2,'Compression','COMPRESSION-2','Balance','Linearity','SHR05','256.000','HM0524','NA','256','gm'),
(201,'2025-09-27','11:51:21','45','shruti','ADD',2,'Compression','COMPRESSION-2','Balance','Eccentricity','SHR05','0.020','HM0524','NA','0.020','gm'),
(202,'2025-09-29','10:36:20','13','Devendra','ADD',6,'QC','QC_01','Balance','Daily','BAL2909','0.020','WB001','NA','0.020','gm'),
(203,'2025-09-29','10:36:27','13','Devendra','ADD',6,'QC','QC_01','Balance','Daily','BAL2909','10.000','WB002','NA','10.000','gm'),
(204,'2025-09-29','10:36:33','13','Devendra','ADD',6,'QC','QC_01','Balance','Daily','BAL2909','20.000','WB001','NA','20.000','gm'),
(205,'2025-09-29','10:36:49','13','Devendra','ADD',6,'QC','QC_01','Balance','Linearity','BAL2909','0.020','WB001','NA','0.020','gm'),
(206,'2025-09-29','10:36:53','13','Devendra','ADD',6,'QC','QC_01','Balance','Linearity','BAL2909','10.000','WB001','NA','10.000','gm'),
(207,'2025-09-29','10:36:59','13','Devendra','ADD',6,'QC','QC_01','Balance','Linearity','BAL2909','20.000','WB001','NA','20.000','gm'),
(208,'2025-09-29','10:37:06','13','Devendra','ADD',6,'QC','QC_01','Balance','Linearity','BAL2909','30.000','WB002','NA','30.000','gm'),
(209,'2025-09-29','10:37:12','13','Devendra','ADD',6,'QC','QC_01','Balance','Linearity','BAL2909','40.000','WB001','NA','40.000','gm'),
(210,'2025-09-29','10:37:26','13','Devendra','ADD',6,'QC','QC_01','Balance','Eccentricity','BAL2909','30.000','WB001','NA','30.000','gm'),
(211,'2025-09-29','10:37:38','13','Devendra','ADD',6,'QC','QC_01','Balance','Uncertainty','BAL2909','0.020','WB001','NA','0.020','gm'),
(212,'2025-09-30','09:41:08','45','shruti','REMOVE',2,'Compression','COMPRESSION-2','Balance','Daily','SHR05','0.020','HM0524','NA','0.020','gm'),
(213,'2025-09-30','09:41:10','45','shruti','REMOVE',2,'Compression','COMPRESSION-2','Balance','Daily','SHR05','64.000','HM0524','NA','64','gm'),
(214,'2025-09-30','09:41:12','45','shruti','REMOVE',2,'Compression','COMPRESSION-2','Balance','Daily','SHR05','160.000','HM0524','NA','160','gm'),
(215,'2025-09-30','09:41:23','45','shruti','ADD',2,'Compression','COMPRESSION-2','Balance','Daily','SHR05','0.020','WEIGHTBOX0001','NA','0.020','gm'),
(216,'2025-09-30','09:41:31','45','shruti','ADD',2,'Compression','COMPRESSION-2','Balance','Daily','SHR05','64.000','WEIGHTBOX0001','NA','64.000','gm'),
(217,'2025-09-30','09:41:39','45','shruti','ADD',2,'Compression','COMPRESSION-2','Balance','Daily','SHR05','160.000','WEIGHTBOX0001','NA','160.000','gm'),
(218,'2025-09-30','09:41:57','45','shruti','REMOVE',2,'Compression','COMPRESSION-2','Balance','Linearity','SHR05','64.000','HM0524','NA','64','gm'),
(219,'2025-09-30','09:41:59','45','shruti','REMOVE',2,'Compression','COMPRESSION-2','Balance','Linearity','SHR05','160.000','HM0524','NA','160','gm'),
(220,'2025-09-30','09:42:01','45','shruti','REMOVE',2,'Compression','COMPRESSION-2','Balance','Linearity','SHR05','256.000','HM0524','NA','256','gm'),
(221,'2025-09-30','09:42:14','45','shruti','ADD',2,'Compression','COMPRESSION-2','Balance','Linearity','SHR05','64.000','WEIGHTBOX0001','NA','64.000','gm'),
(222,'2025-09-30','09:44:16','45','shruti','ADD',2,'Compression','COMPRESSION-2','Balance','Linearity','SHR05','160.000','WEIGHTBOX0001','NA','160.000','gm'),
(223,'2025-09-30','09:44:26','45','shruti','ADD',2,'Compression','COMPRESSION-2','Balance','Linearity','SHR05','256.000','WEIGHTBOX0001','NA','256.000','gm'),
(224,'2025-09-30','09:47:34','45','shruti','REMOVE',2,'Compression','COMPRESSION-2','Balance','Eccentricity','SHR05','0.020','HM0524','NA','0.020','gm'),
(225,'2025-09-30','09:48:26','45','shruti','ADD',2,'Compression','COMPRESSION-2','Balance','Eccentricity','SHR05','0.020','WEIGHTBOX0001','NA','0.020','gm'),
(226,'2025-10-01','10:18:24','13','Devendra','ADD',4,'Capsule Filling','Capsule_01','Balance','Daily','BAL2909','0.020','WB001','NA','0.020','gm'),
(227,'2025-10-01','10:18:32','13','Devendra','ADD',4,'Capsule Filling','Capsule_01','Balance','Daily','BAL2909','10.000','WB001','NA','10.000','gm'),
(228,'2025-10-01','10:18:38','13','Devendra','ADD',4,'Capsule Filling','Capsule_01','Balance','Daily','BAL2909','20.000','WB001','NA','20.000','gm'),
(229,'2025-10-01','10:18:51','13','Devendra','ADD',4,'Capsule Filling','Capsule_01','Balance','Linearity','BAL2909','0.020','WB001','NA','0.020','gm'),
(230,'2025-10-01','10:18:57','13','Devendra','ADD',4,'Capsule Filling','Capsule_01','Balance','Linearity','BAL2909','10.000','WB001','NA','10.000','gm'),
(231,'2025-10-01','10:19:02','13','Devendra','ADD',4,'Capsule Filling','Capsule_01','Balance','Linearity','BAL2909','20.000','WB001','NA','20.000','gm'),
(232,'2025-10-01','10:19:08','13','Devendra','ADD',4,'Capsule Filling','Capsule_01','Balance','Linearity','BAL2909','30.000','WB001','NA','30.000','gm'),
(233,'2025-10-01','10:19:15','13','Devendra','ADD',4,'Capsule Filling','Capsule_01','Balance','Linearity','BAL2909','40.000','WB001','NA','40.000','gm'),
(234,'2025-10-01','10:19:25','13','Devendra','ADD',4,'Capsule Filling','Capsule_01','Balance','Eccentricity','BAL2909','30.000','WB001','NA','30.000','gm'),
(235,'2025-10-01','10:19:39','13','Devendra','ADD',4,'Capsule Filling','Capsule_01','Balance','Uncertainty','BAL2909','0.020','WB001','NA','0.020','gm'),
(236,'2025-10-01','12:27:25','13','Devendra','ADD',4,'Capsule Filling','Capsule_01','Vernier','Periodic','VER02','5.00','VB02','NA','5.00','mm'),
(237,'2025-10-01','12:27:30','13','Devendra','ADD',4,'Capsule Filling','Capsule_01','Vernier','Periodic','VER02','10.00','VB02','NA','10.00','mm'),
(238,'2025-10-03','11:35:38','45','shruti','ADD',5,'Capsule Filling','capsule-02','Balance','Daily','SHR05','0.020','WEIGHTBOX0001','NA','0.020','gm'),
(239,'2025-10-03','11:35:45','45','shruti','ADD',5,'Capsule Filling','capsule-02','Balance','Daily','SHR05','64.000','WEIGHTBOX0001','NA','64.000','gm'),
(240,'2025-10-03','11:35:53','45','shruti','ADD',5,'Capsule Filling','capsule-02','Balance','Daily','SHR05','160.000','WEIGHTBOX0001','NA','160.000','gm'),
(241,'2025-10-03','11:36:08','45','shruti','ADD',5,'Capsule Filling','capsule-02','Balance','Linearity','SHR05','64.000','WEIGHTBOX0001','NA','64.000','gm'),
(242,'2025-10-03','11:36:15','45','shruti','ADD',5,'Capsule Filling','capsule-02','Balance','Linearity','SHR05','160.000','WEIGHTBOX0001','NA','160.000','gm'),
(243,'2025-10-03','11:36:24','45','shruti','ADD',5,'Capsule Filling','capsule-02','Balance','Linearity','SHR05','256.000','WEIGHTBOX0001','NA','256.000','gm'),
(244,'2025-10-03','11:36:35','45','shruti','ADD',5,'Capsule Filling','capsule-02','Balance','Eccentricity','SHR05','0.020','WEIGHTBOX0001','NA','0.020','gm'),
(245,'2025-10-04','11:27:49','45','shruti','ADD',4,'Capsule Filling','Capsule_01','Balance','Daily','QWE0524','0.020','0001','NA','0.020','gm'),
(246,'2025-10-04','11:27:56','45','shruti','ADD',4,'Capsule Filling','Capsule_01','Balance','Daily','QWE0524','64.000','0001','NA','64.00','gm'),
(247,'2025-10-04','11:28:02','45','shruti','ADD',4,'Capsule Filling','Capsule_01','Balance','Daily','QWE0524','160.000','0001','NA','160.00','gm'),
(248,'2025-10-04','11:28:14','45','shruti','ADD',4,'Capsule Filling','Capsule_01','Balance','Linearity','QWE0524','160.000','0001','NA','160.00','gm'),
(249,'2025-10-04','11:28:23','45','shruti','ADD',4,'Capsule Filling','Capsule_01','Balance','Linearity','QWE0524','256.000','0001','NA','256.00','gm'),
(250,'2025-10-04','11:28:32','45','shruti','ADD',4,'Capsule Filling','Capsule_01','Balance','Eccentricity','QWE0524','0.020','0001','NA','0.020','gm'),
(251,'2025-10-04','11:28:43','45','shruti','ADD',4,'Capsule Filling','Capsule_01','Balance','Uncertainty','QWE0524','64.000','0001','NA','64.00','gm'),
(252,'2025-10-04','16:30:22','1','Prachiti Shah','ADD',1,'Compression','COMPRESSION_1','Balance','Daily','BAL003','0.020','WB001','NA','0.020','gm'),
(253,'2025-10-04','16:31:16','1','Prachiti Shah','ADD',1,'Compression','COMPRESSION_1','Balance','Daily','BAL003','10.000','WB-001,WB-001','NA,NA','4,6','gm,gm'),
(254,'2025-10-04','16:33:45','12','Sail','ADD',1,'Compression','COMPRESSION_1','Balance','Daily','4545','0.020','WB-001','NA','0.020','gm'),
(255,'2025-10-04','16:33:55','12','Sail','ADD',1,'Compression','COMPRESSION_1','Balance','Daily','4545','10.000','1235','NA','10.00','gm'),
(256,'2025-10-04','16:34:09','12','Sail','ADD',1,'Compression','COMPRESSION_1','Balance','Daily','4545','20.000','1235','NA','20.00','gm'),
(257,'2025-10-04','16:34:31','12','Sail','ADD',1,'Compression','COMPRESSION_1','Balance','Linearity','4545','0.020','0001','NA','0.020','gm'),
(258,'2025-10-04','16:34:39','12','Sail','ADD',1,'Compression','COMPRESSION_1','Balance','Eccentricity','4545','0.020','WB001','NA','0.020','gm'),
(259,'2025-10-04','16:34:48','12','Sail','ADD',1,'Compression','COMPRESSION_1','Balance','Uncertainty','4545','0.020','0001','NA','0.020','gm');

/*Table structure for table `tbl_audit_product` */


CREATE TABLE `tbl_audit_product` (
  `RecNo` int(11) NOT NULL AUTO_INCREMENT,
  `DT` date DEFAULT NULL,
  `TM` time DEFAULT NULL,
  `userid` varchar(150) DEFAULT 'NULL',
  `username` varchar(150) DEFAULT 'NULL',
  `ACT` varchar(150) DEFAULT 'NULL',
  `Remark` varchar(300) DEFAULT 'NULL',
  `ProductId` varchar(150) DEFAULT 'NULL',
  `ProductName` varchar(500) DEFAULT 'NULL',
  `PrdVersion` varchar(150) DEFAULT 'NA',
  `Version` varchar(150) DEFAULT 'NA',
  `ProductType` int(11) DEFAULT '0',
  `OldValueComp` text,
  `NewValueComp` text,
  `OldValueGran` text,
  `NewValueGran` text,
  `OldValueCoat` text,
  `NewValueCoat` text,
  `type` varchar(1000) DEFAULT 'NA',
  `OldValue` varchar(1200) DEFAULT 'NA',
  `NewValue` varchar(1200) DEFAULT 'NA',
  `GenericName` varchar(250) DEFAULT 'NA',
  `BilayerName` varchar(100) DEFAULT NULL,
  `TrilayerName` varchar(100) DEFAULT NULL,
  `useBefore` int(11) DEFAULT '0',
  PRIMARY KEY (`RecNo`)
) ENGINE=InnoDB AUTO_INCREMENT=41 DEFAULT CHARSET=latin1;

/*Data for the table `tbl_audit_product` */

insert  into `tbl_audit_product`(`RecNo`,`DT`,`TM`,`userid`,`username`,`ACT`,`Remark`,`ProductId`,`ProductName`,`PrdVersion`,`Version`,`ProductType`,`OldValueComp`,`NewValueComp`,`OldValueGran`,`NewValueGran`,`OldValueCoat`,`NewValueCoat`,`type`,`OldValue`,`NewValue`,`GenericName`,`BilayerName`,`TrilayerName`,`useBefore`) values 
(1,'2025-09-10','12:35:41','13','Devendra','Add Product','DFGH','Para_123','PARACETAMOL 50 MG','PVR_102','10092025',1,'NA','Layer1 Name : WHITE|Individual-Nom:0.500,T1Neg:0,T1Pos:0,T2Neg:0.020,T2Pos:0.020,NMT:0,LimitOn:Actual,ReportOn:Standard,Nomenclature:Standard,Unit:gm,DispersionTime:01:10, Group-Nom:10.000,T1Neg:0,T1Pos:0,T2Neg:0.400,T2Pos:0.500,NMT:0,LimitOn:Actual,ReportOn:Standard,Unit:gm,DispersionTime:02:00, Thickness-Nom:4.50,T1Neg:0,T1Pos:0,T2Neg:0.20,T2Pos:0.20,NMT:0,Unit:mm, Width-Nom:4.00,T1Neg:0,T1Pos:0,T2Neg:0.20,T2Pos:0.20,NMT:0,Unit:mm, Length-Nom:5.00,T1Neg:0,T1Pos:0,T2Neg:0.30,T2Pos:0.30,NMT:0,Unit:mm, Diameter-Nom:3.50,T1Neg:0,T1Pos:0,T2Neg:0.20,T2Pos:0.20,NMT:0,Unit:mm, Hardness-Nom:75,NLT:50,NMT:150,HrdUnit:N,ReportOn:Standard, Friability-FriNMT:1,FriSetCnt:100,FriSetRPM:25, LOD-NLT:1.00,NMT:3.00, DT-DTTime:00:15:00,DTMinTemp:35.5,DTMaxTemp:39.5, IndividualL1-Nom:0.550,T1Neg:0,T1Pos:0,T2Neg:0.020,T2Pos:0.020,NMT:0,LimitOn:Actual,GraphOn:,Nomenclature:Standard,Unit:gm,DispersionTime:01:15,ReportOn:Standard,','NA','NA','NA','NA','Compressed','NA','NA','ERGO HEALTH',NULL,NULL,0),
(2,'2025-09-10','14:33:40','14','Prakash','Approve Product','rgh','Para_123','PARACETAMOL 50 MG','PVR_102','10092025',1,'NA','NA','NA','NA','NA','NA','NA','NA','NA','ERGO HEALTH',NULL,NULL,0),
(3,'2025-09-11','15:47:30','11','Mangesh','Add Product','test','1411','Donepile Tablet 600 mg','2233','4455',1,'NA','Layer1 Name : Orange|Individual-Nom:0.600,T1Neg:0,T1Pos:0,T2Neg:0.030,T2Pos:0.030,NMT:0,LimitOn:Actual,ReportOn:Standard,Nomenclature:Standard,Unit:gm,DispersionTime:12:00, Group-Nom:10.000,T1Neg:0,T1Pos:0,T2Neg:0.300,T2Pos:0.300,NMT:0,LimitOn:Actual,ReportOn:Standard,Unit:gm,DispersionTime:12:00, Thickness-Nom:5.00,T1Neg:0,T1Pos:0,T2Neg:0.30,T2Pos:0.30,NMT:0,Unit:mm, Width-Nom:7.00,T1Neg:0,T1Pos:0,T2Neg:0.30,T2Pos:0.30,NMT:0,Unit:mm, Length-Nom:10.00,T1Neg:0,T1Pos:0,T2Neg:0.30,T2Pos:0.30,NMT:0,Unit:mm, Diameter-Nom:11.00,T1Neg:0,T1Pos:0,T2Neg:0.30,T2Pos:0.30,NMT:0,Unit:mm, Hardness-Nom:75,NLT:50,NMT:150,HrdUnit:kg/cm2,ReportOn:Standard, Friability-FriNMT:1,FriSetCnt:100,FriSetRPM:25, LOD-NLT:1,NMT:2, DT-DTTime:00:15:00,DTMinTemp:35,DTMaxTemp:39, IndividualL1-Nom:0.300,T1Neg:0,T1Pos:0,T2Neg:0.030,T2Pos:0.030,NMT:0,LimitOn:Actual,GraphOn:,Nomenclature:Standard,Unit:gm,DispersionTime:06:00,ReportOn:Standard,','NA','NA','NA','NA','Compressed','NA','NA','Bromodenepine Suspention ',NULL,NULL,0),
(4,'2025-09-12','08:22:59','12','Sail','Approve Product','test','1411','Donepile Tablet 600 mg','2233','4455',1,'NA','NA','NA','NA','NA','NA','NA','NA','NA','Bromodenepine Suspention ',NULL,NULL,0),
(5,'2025-09-18','15:19:41','45','shruti','Add Product','dxvfc','DOLO_0005','DOLO 250MG','00001','002',1,'NA','Individual-Nom:0.500,T1Neg:0,T1Pos:0,T2Neg:0.020,T2Pos:0.020,NMT:0,LimitOn:Percentage,ReportOn:Standard,Nomenclature:Standard,Unit:gm,DispersionTime:00:05, Group-Nom:10.0,T1Neg:0,T1Pos:0,T2Neg:0.3,T2Pos:0.3,NMT:0,LimitOn:Actual,ReportOn:Standard,Unit:gm,DispersionTime:00:05, Thickness-Nom:5.0,T1Neg:0,T1Pos:0,T2Neg:0.3,T2Pos:0.3,NMT:0,Unit:mm, Width-Nom:8.0,T1Neg:0,T1Pos:0,T2Neg:0.3,T2Pos:0.3,NMT:0,Unit:mm, Length-Nom:10.0,T1Neg:0,T1Pos:0,T2Neg:0.2,T2Pos:0.2,NMT:0,Unit:mm, Diameter-Nom:10.0,T1Neg:0,T1Pos:0,T2Neg:0.3,T2Pos:0.3,NMT:0,Unit:mm, Hardness-Nom:75,NLT:50,NMT:150,HrdUnit:N,ReportOn:Standard, Friability-FriNMT:1,FriSetCnt:100,FriSetRPM:25, LOD-NLT:50,NMT:150, DT-DTTime:00:15:01,DTMinTemp:25,DTMaxTemp:50,','NA','NA','NA','NA','Compressed','NA','NA','BENDRYL',NULL,NULL,0),
(6,'2025-09-18','15:20:48','Tantra','Tantrasoft','Approve Product','gb','DOLO_0005','DOLO 250MG','00001','002',1,'NA','NA','NA','NA','NA','NA','NA','NA','NA','BENDRYL',NULL,NULL,0),
(7,'2025-09-22','14:18:35','45','shruti','Add Product','NVBC','TRIO25','TRIOCHEM-25','BT-10.2','1235',1,'NA','Individual-Nom:0.500,T1Neg:0,T1Pos:0,T2Neg:0.020,T2Pos:0.020,NMT:0,LimitOn:Percentage,ReportOn:Standard,Nomenclature:Standard,Unit:gm,DispersionTime:00:10, Group-Nom:10.0,T1Neg:0,T1Pos:0,T2Neg:0.3,T2Pos:0.3,NMT:0,LimitOn:Percentage,ReportOn:Standard,Unit:gm,DispersionTime:00:15, Thickness-Nom:5.0,T1Neg:0,T1Pos:0,T2Neg:0.3,T2Pos:0.3,NMT:0,Unit:mm, Width-Nom:8.0,T1Neg:0,T1Pos:0,T2Neg:0.3,T2Pos:0.3,NMT:0,Unit:mm, Length-Nom:10.0,T1Neg:0,T1Pos:0,T2Neg:0.2,T2Pos:0.2,NMT:0,Unit:mm, Diameter-Nom:15.0,T1Neg:0,T1Pos:0,T2Neg:0.2,T2Pos:0.2,NMT:0,Unit:mm, Hardness-Nom:75,NLT:50,NMT:150,HrdUnit:N,ReportOn:Average, Friability-FriNMT:1,FriSetCnt:100,FriSetRPM:25, LOD-NLT:50,NMT:150, DT-DTTime:00:15:00,DTMinTemp:35,DTMaxTemp:40,','NA','NA','NA','NA','Compressed','NA','NA','KETOPROFHEN',NULL,NULL,0),
(8,'2025-09-22','14:19:09','Tantra','Tantrasoft','Approve Product','ASDF','TRIO25','TRIOCHEM-25','BT-10.2','1235',1,'NA','NA','NA','NA','NA','NA','NA','NA','NA','KETOPROFHEN',NULL,NULL,0),
(9,'2025-09-22','14:38:11','45','shruti','Edit Product','gh','TRIO25','TRIOCHEM-25','BT-10.2','1235',1,'Individual-LimitOn:Percentage, |Group-LimitOn:Percentage, |Hardness-ReportOn:Average, ','Individual-LimitOn:Actual, |Group-LimitOn:Actual, |Hardness-ReportOn:Standard, ','NA','NA','NA','NA','Compressed','','','KETOPROFHEN',NULL,NULL,0),
(10,'2025-09-22','14:39:06','Tantra','Tantrasoft','Approve Product','xz','TRIO25','TRIOCHEM-25','BT-10.2','1235',1,'NA','NA','NA','NA','NA','NA','NA','NA','NA','KETOPROFHEN',NULL,NULL,0),
(11,'2025-09-23','15:49:35','11','Mangesh','Add Product','test','1211','Flecinide Asetite Tablet','2332','4556',1,'NA','DT-DTTime:00:15:00,DTMinTemp:35,DTMaxTemp:39,','NA','NA','NA','NA','Compressed','NA','NA','Ferrous Fulfate RE Tablet',NULL,NULL,0),
(12,'2025-09-23','15:58:40','12','Sail','Approve Product','test','1211','Flecinide Asetite Tablet','2332','4556',1,'NA','NA','NA','NA','NA','NA','NA','NA','NA','Ferrous Fulfate RE Tablet',NULL,NULL,0),
(13,'2025-09-26','11:38:54','021','Tejal','Add Product','TEST','D01','DOLO','D123','213',1,'NA','Individual-Nom:0.500,T1Neg:0,T1Pos:0,T2Neg:0.020,T2Pos:0.020,NMT:0,LimitOn:Actual,ReportOn:Standard,Nomenclature:Standard,Unit:gm,DispersionTime:02:15,','NA','NA','NA','NA','Compressed','NA','NA','abcd',NULL,NULL,0),
(14,'2025-09-26','11:45:33','11','Mangesh','Approve Product','wetrt','D01','DOLO','D123','213',1,'NA','NA','NA','NA','NA','NA','NA','NA','NA','abcd',NULL,NULL,0),
(15,'2025-09-26','12:03:39','021','Tejal','Add Product','test','d002','dolo2','456123','1589',1,'NA','Group-Nom:10.0,T1Neg:0,T1Pos:0,T2Neg:0.3,T2Pos:0.3,NMT:0,LimitOn:Actual,ReportOn:Standard,Unit:gm,DispersionTime:02:15,','NA','NA','NA','NA','Compressed','NA','NA','do1',NULL,NULL,0),
(16,'2025-09-26','12:07:17','11','Mangesh','Approve Product','sdv','d002','dolo2','456123','1589',1,'NA','NA','NA','NA','NA','NA','NA','NA','NA','do1',NULL,NULL,0),
(17,'2025-09-26','14:09:12','1','Prachiti Shah','Add Product','test','01','ibrupine','001','1.1',1,'NA','Individual-Nom:0.500,T1Neg:0,T1Pos:0,T2Neg:0.025,T2Pos:0.025,NMT:0,LimitOn:Actual,ReportOn:Standard,Nomenclature:Standard,Unit:gm,DispersionTime:1:12, Group-Nom:0.550,T1Neg:0,T1Pos:0,T2Neg:0.035,T2Pos:0.035,NMT:0,LimitOn:Actual,ReportOn:Standard,Unit:gm,DispersionTime:1:18,','NA','NA','NA','NA','Compressed','NA','NA','ibrupine',NULL,NULL,0),
(18,'2025-09-26','14:35:42','1','Prachiti Shah','Deactivate Product','tedt','d002','dolo2','456123','1589',1,'NA','NA','NA','NA','NA','NA','NA','NA','NA','do1',NULL,NULL,0),
(19,'2025-09-26','14:46:22','1','Prachiti Shah','Approve Product','tes','d002','dolo2','456123','1589',1,'NA','NA','NA','NA','NA','NA','NA','NA','NA','do1',NULL,NULL,0),
(20,'2025-09-27','11:04:06','021','Tejal','Edit Product','Test','D01','DOLO','D123','213',1,'Group-Nom:NA, Group-T1Neg:0, Group-T1Pos:0, Group-T2Neg:NA, Group-T2Pos:NA, Group-LimitOn:NA, Group-ReportOn:NA, Group-DispersionTime:NA, |Thickness-Nom:NA, Thickness-T1Neg:0, Thickness-T1Pos:0, Thickness-T2Neg:NA, Thickness-T2Pos:NA, |Length-Nom:NA, Length-T1Neg:0, Length-T1Pos:0, Length-T2Neg:NA, Length-T2Pos:NA, |Hardness-Nom:NA, Hardness-NLT:NA, Hardness-NMT:NA, Hardness-HrdUnit:NA, Hardness-ReportOn:NA, ','Group-Nom:10.000, Group-T1Neg:0, Group-T1Pos:0, Group-T2Neg:0.3, Group-T2Pos:0.3, Group-LimitOn:Actual, Group-ReportOn:Standard, Group-DispersionTime:15:10, |Thickness-Nom:5.0, Thickness-T1Neg:0.0, Thickness-T1Pos:0.0, Thickness-T2Neg:0.3, Thickness-T2Pos:0.3, |Length-Nom:10.0, Length-T1Neg:0.0, Length-T1Pos:0.0, Length-T2Neg:0.2, Length-T2Pos:0.2, |Hardness-Nom:75, Hardness-NLT:50, Hardness-NMT:150, Hardness-HrdUnit:N, Hardness-ReportOn:Standard, ','NA','NA','NA','NA','Compressed','','','abcd',NULL,NULL,0),
(21,'2025-09-27','11:05:23','Tantra','Tantrasoft','Approve Product','test','D01','DOLO','D123','213',1,'NA','NA','NA','NA','NA','NA','NA','NA','NA','abcd',NULL,NULL,0),
(22,'2025-09-29','11:47:52','45','shruti','Add Product','HGFD','73979','VANOPAX-20','WWE2.0','1234',1,'NA','Individual-Nom:0.500,T1Neg:0,T1Pos:0,T2Neg:0.020,T2Pos:0.020,NMT:0,LimitOn:Actual,ReportOn:Standard,Nomenclature:Standard,Unit:gm,DispersionTime:00:15, Group-Nom:10.000,T1Neg:0,T1Pos:0,T2Neg:0.300,T2Pos:0.300,NMT:0,LimitOn:Actual,ReportOn:Standard,Unit:gm,DispersionTime:00:15, Thickness-Nom:5.000,T1Neg:0,T1Pos:0,T2Neg:0.300,T2Pos:0.300,NMT:0,Unit:mm, Width-Nom:8.000,T1Neg:0,T1Pos:0,T2Neg:0.300,T2Pos:0.300,NMT:0,Unit:mm, Length-Nom:10.000,T1Neg:0,T1Pos:0,T2Neg:0.300,T2Pos:0.300,NMT:0,Unit:mm, Diameter-Nom:5.000,T1Neg:0,T1Pos:0,T2Neg:0.300,T2Pos:0.300,NMT:0,Unit:mm, Hardness-Nom:75,NLT:50,NMT:150,HrdUnit:N,ReportOn:Standard, Friability-FriNMT:1,FriSetCnt:100,FriSetRPM:25, LOD-NLT:15,NMT:50, DT-DTTime:00:15:02,DTMinTemp:35,DTMaxTemp:40,','NA','NA','NA','NA','Compressed','NA','NA','LINIPAN',NULL,NULL,0),
(23,'2025-09-29','11:49:18','Tantra','Tantrasoft','Approve Product','trdsa','73979','VANOPAX-20','WWE2.0','1234',1,'NA','NA','NA','NA','NA','NA','NA','NA','NA','LINIPAN',NULL,NULL,0),
(24,'2025-09-30','15:06:51','45','shruti','Edit Product','FDS','73979','VANOPAX-20','WWE2.0','1234',1,'IndividualL1-Nom:NA, IndividualL1-T1Neg:0, IndividualL1-T1Pos:0, IndividualL1-T2Neg:NA, IndividualL1-T2Pos:NA, IndividualL1-LimitOn:NA, IndividualL1-ReportOn:NA, IndividualL1-Nomenclature:NA, IndividualL1-DispersionTime:NA, ','IndividualL1-Nom:0.550, IndividualL1-T1Neg:0, IndividualL1-T1Pos:0, IndividualL1-T2Neg:0.030, IndividualL1-T2Pos:0.030, IndividualL1-LimitOn:Actual, IndividualL1-ReportOn:Standard, IndividualL1-Nomenclature:Standard, IndividualL1-DispersionTime:00:20, ','NA','NA','NA','NA','NA','NA','NA','LINIPAN',NULL,NULL,0),
(25,'2025-09-30','15:06:51','45','shruti','Edit Product','FDS','73979','VANOPAX-20','WWE2.0','1234',1,'Product:Layer1Name:NA,  | IndividualL1-Nom:NA, IndividualL1-T1Neg:0, IndividualL1-T1Pos:0, IndividualL1-T2Neg:NA, IndividualL1-T2Pos:NA, IndividualL1-LimitOn:NA, IndividualL1-ReportOn:NA, IndividualL1-Nomenclature:NA, IndividualL1-DispersionTime:NA, ','Product:Layer1Name:LAYER1,  | IndividualL1-Nom:0.550, IndividualL1-T1Neg:0, IndividualL1-T1Pos:0, IndividualL1-T2Neg:0.030, IndividualL1-T2Pos:0.030, IndividualL1-LimitOn:Actual, IndividualL1-ReportOn:Standard, IndividualL1-Nomenclature:Standard, IndividualL1-DispersionTime:00:20, ','NA','NA','NA','NA','Compressed','Product:Layer1Name:NA,  | ','Product:Layer1Name:LAYER1,  | ','LINIPAN',NULL,NULL,0),
(26,'2025-09-30','15:09:27','Tantra','Tantrasoft','Approve Product','wedfv ','73979','VANOPAX-20','WWE2.0','1234',1,'NA','NA','NA','NA','NA','NA','NA','NA','NA','LINIPAN',NULL,NULL,0),
(27,'2025-09-30','15:11:23','Tantra','Tantrasoft','Edit Product','RTGH','TRIO25','TRIOCHEM-25','BT-10.2','1235',1,'Individual-DispersionTime:00:10, |IndividualL1-Nom:NA, IndividualL1-T1Neg:0, IndividualL1-T1Pos:0, IndividualL1-T2Neg:NA, IndividualL1-T2Pos:NA, IndividualL1-LimitOn:NA, IndividualL1-ReportOn:NA, IndividualL1-Nomenclature:NA, IndividualL1-DispersionTime:NA, ','Individual-DispersionTime:01:00, |IndividualL1-Nom:0.520, IndividualL1-T1Neg:0, IndividualL1-T1Pos:0, IndividualL1-T2Neg:0.030, IndividualL1-T2Pos:0.030, IndividualL1-LimitOn:Actual, IndividualL1-ReportOn:Standard, IndividualL1-Nomenclature:Standard, IndividualL1-DispersionTime:01:10, ','NA','NA','NA','NA','NA','NA','NA','KETOPROFHEN',NULL,NULL,0),
(28,'2025-09-30','15:11:23','Tantra','Tantrasoft','Edit Product','RTGH','TRIO25','TRIOCHEM-25','BT-10.2','1235',1,'Product:Layer1Name:NA,  | Individual-DispersionTime:00:10, |IndividualL1-Nom:NA, IndividualL1-T1Neg:0, IndividualL1-T1Pos:0, IndividualL1-T2Neg:NA, IndividualL1-T2Pos:NA, IndividualL1-LimitOn:NA, IndividualL1-ReportOn:NA, IndividualL1-Nomenclature:NA, IndividualL1-DispersionTime:NA, ','Product:Layer1Name:WHITE,  | Individual-DispersionTime:01:00, |IndividualL1-Nom:0.520, IndividualL1-T1Neg:0, IndividualL1-T1Pos:0, IndividualL1-T2Neg:0.030, IndividualL1-T2Pos:0.030, IndividualL1-LimitOn:Actual, IndividualL1-ReportOn:Standard, IndividualL1-Nomenclature:Standard, IndividualL1-DispersionTime:01:10, ','NA','NA','NA','NA','Compressed','Product:Layer1Name:NA,  | ','Product:Layer1Name:WHITE,  | ','KETOPROFHEN',NULL,NULL,0),
(29,'2025-09-30','15:21:43','45','shruti','Add Product','RTYUKL','050624','NETFIX-200','12345','2546',1,'NA','Layer1 Name : LAYERS|Individual-Nom:0.500,T1Neg:0,T1Pos:0,T2Neg:0.020,T2Pos:0.020,NMT:0,LimitOn:Actual,ReportOn:Standard,Nomenclature:Standard,Unit:gm,DispersionTime:00:12, Group-Nom:10.000,T1Neg:0,T1Pos:0,T2Neg:0.300,T2Pos:0.300,NMT:0,LimitOn:Actual,ReportOn:Standard,Unit:gm,DispersionTime:00:12, Thickness-Nom:5.000,T1Neg:0,T1Pos:0,T2Neg:0.300,T2Pos:0.300,NMT:0,Unit:mm, Width-Nom:8.000,T1Neg:0,T1Pos:0,T2Neg:0.300,T2Pos:0.300,NMT:0,Unit:mm, Length-Nom:10.000,T1Neg:0,T1Pos:0,T2Neg:0.200,T2Pos:0.200,NMT:0,Unit:mm, Diameter-Nom:5.000,T1Neg:0,T1Pos:0,T2Neg:0.100,T2Pos:0.100,NMT:0,Unit:mm, Hardness-Nom:75,NLT:50,NMT:150,HrdUnit:N,ReportOn:Standard, Friability-FriNMT:1,FriSetCnt:100,FriSetRPM:25, LOD-NLT:20,NMT:55, DT-DTTime:00:15:00,DTMinTemp:35,DTMaxTemp:50, IndividualL1-Nom:0.550,T1Neg:0,T1Pos:0,T2Neg:0.030,T2Pos:0.030,NMT:0,LimitOn:Actual,GraphOn:,Nomenclature:Standard,Unit:gm,DispersionTime:00:15,ReportOn:Standard,','NA','NA','NA','NA','Compressed','NA','NA','NACMED-AD',NULL,NULL,0),
(30,'2025-09-30','15:22:30','Tantra','Tantrasoft','Approve Product','ERTYU','050624','NETFIX-200','12345','2546',1,'NA','NA','NA','NA','NA','NA','NA','NA','NA','NACMED-AD',NULL,NULL,0),
(31,'2025-09-30','15:32:09','13','Devendra','Approve Product','dfgh','01','ibrupine','001','1.1',1,'NA','NA','NA','NA','NA','NA','NA','NA','NA','ibrupine',NULL,NULL,0),
(32,'2025-09-30','15:33:51','13','Devendra','Edit Product','cvbn','01','ibrupine','001','1.1',1,'Thickness-Nom:NA, Thickness-T1Neg:0, Thickness-T1Pos:0, Thickness-T2Neg:NA, Thickness-T2Pos:NA, |Width-Nom:NA, Width-T1Neg:0, Width-T1Pos:0, Width-T2Neg:NA, Width-T2Pos:NA, |Length-Nom:NA, Length-T1Neg:0, Length-T1Pos:0, Length-T2Neg:NA, Length-T2Pos:NA, |Diameter-Nom:NA, Diameter-T1Neg:0, Diameter-T1Pos:0, Diameter-T2Neg:NA, Diameter-T2Pos:NA, |Hardness-Nom:NA, Hardness-NLT:NA, Hardness-NMT:NA, Hardness-HrdUnit:NA, Hardness-ReportOn:NA, |Friability-FriNMT:NA, Friability-FriSetCnt:NA, Friability-FriSetRPM:NA, |DT-DTTime:NA:NA:NA, DT-DTMinTemp:NA, DT-DTMaxTemp:NA, |LOD-NLT:NA, LOD-NMT:NA, ','Thickness-Nom:4.00, Thickness-T1Neg:0.00, Thickness-T1Pos:0.00, Thickness-T2Neg:0.02, Thickness-T2Pos:0.20, |Width-Nom:4.20, Width-T1Neg:0.00, Width-T1Pos:0.00, Width-T2Neg:0.20, Width-T2Pos:0.20, |Length-Nom:4.50, Length-T1Neg:0.00, Length-T1Pos:0.00, Length-T2Neg:0.25, Length-T2Pos:0.25, |Diameter-Nom:4.10, Diameter-T1Neg:0.00, Diameter-T1Pos:0.00, Diameter-T2Neg:0.20, Diameter-T2Pos:0.20, |Hardness-Nom:75, Hardness-NLT:55, Hardness-NMT:155, Hardness-HrdUnit:N, Hardness-ReportOn:Standard, |Friability-FriNMT:1, Friability-FriSetCnt:100, Friability-FriSetRPM:25, |DT-DTTime:00:15:00, DT-DTMinTemp:35.50, DT-DTMaxTemp:39.50, |LOD-NLT:1.00, LOD-NMT:3.00, ','NA','NA','NA','NA','Compressed','','','ibrupine',NULL,NULL,0),
(33,'2025-09-30','15:34:07','13','Devendra','Approve Product','vb','01','ibrupine','001','1.1',1,'NA','NA','NA','NA','NA','NA','NA','NA','NA','ibrupine',NULL,NULL,0),
(34,'2025-09-30','15:34:59','13','Devendra','Edit Product','FGHM','01','ibrupine','001','1.1',1,'IndividualL1-Nom:NA, IndividualL1-T1Neg:0, IndividualL1-T1Pos:0, IndividualL1-T2Neg:NA, IndividualL1-T2Pos:NA, IndividualL1-LimitOn:NA, IndividualL1-ReportOn:NA, IndividualL1-Nomenclature:NA, IndividualL1-DispersionTime:NA, |LOD-NLT:NA, LOD-NMT:NA, ','IndividualL1-Nom:0.550, IndividualL1-T1Neg:0, IndividualL1-T1Pos:0, IndividualL1-T2Neg:0.020, IndividualL1-T2Pos:0.030, IndividualL1-LimitOn:Actual, IndividualL1-ReportOn:Standard, IndividualL1-Nomenclature:Standard, IndividualL1-DispersionTime:01:20, |LOD-NLT:1.00, LOD-NMT:3.00, ','NA','NA','NA','NA','NA','NA','NA','ibrupine',NULL,NULL,0),
(35,'2025-09-30','15:34:59','13','Devendra','Edit Product','FGHM','01','ibrupine','001','1.1',1,'Product:Layer1Name:NA,  | IndividualL1-Nom:NA, IndividualL1-T1Neg:0, IndividualL1-T1Pos:0, IndividualL1-T2Neg:NA, IndividualL1-T2Pos:NA, IndividualL1-LimitOn:NA, IndividualL1-ReportOn:NA, IndividualL1-Nomenclature:NA, IndividualL1-DispersionTime:NA, |LOD-NLT:NA, LOD-NMT:NA, ','Product:Layer1Name:WHITE,  | IndividualL1-Nom:0.550, IndividualL1-T1Neg:0, IndividualL1-T1Pos:0, IndividualL1-T2Neg:0.020, IndividualL1-T2Pos:0.030, IndividualL1-LimitOn:Actual, IndividualL1-ReportOn:Standard, IndividualL1-Nomenclature:Standard, IndividualL1-DispersionTime:01:20, |LOD-NLT:1.00, LOD-NMT:3.00, ','NA','NA','NA','NA','Compressed','Product:Layer1Name:NA,  | ','Product:Layer1Name:WHITE,  | ','ibrupine',NULL,NULL,0),
(36,'2025-10-04','12:41:11','12','Sail','Add Product','5','Pro_54','Dolo 500 mg','12','785',1,'NA','Individual-Nom:0.500,T1Neg:0,T1Pos:0,T2Neg:5.00,T2Pos:5.000,NMT:0,LimitOn:Percentage,ReportOn:Standard,Nomenclature:Standard,Unit:gm,DispersionTime:05:12, Group-Nom:10.000,T1Neg:0,T1Pos:0,T2Neg:9.785,T2Pos:10.120,NMT:0,LimitOn:Actual,ReportOn:Standard,Unit:gm,DispersionTime:10:15, Thickness-Nom:5.000,T1Neg:0,T1Pos:0,T2Neg:4.80,T2Pos:5.20,NMT:0,Unit:mm, Width-Nom:3.00,T1Neg:0,T1Pos:0,T2Neg:2.80,T2Pos:3.20,NMT:0,Unit:mm, Length-Nom:8.00,T1Neg:0,T1Pos:0,T2Neg:7.50,T2Pos:8.20,NMT:0,Unit:mm, Diameter-Nom:4.00,T1Neg:0,T1Pos:0,T2Neg:3.80,T2Pos:4.20,NMT:0,Unit:mm, Hardness-Nom:50,NLT:30,NMT:80,HrdUnit:N,ReportOn:Standard, Friability-FriNMT:1,FriSetCnt:100,FriSetRPM:25, LOD-NLT:2.000,NMT:4.000, DT-DTTime:00:15:20,DTMinTemp:35,DTMaxTemp:39,','NA','NA','NA','NA','Compressed','NA','NA','12',NULL,NULL,0),
(37,'2025-10-04','16:07:58','1','Prachiti Shah','Approve Product','55','Pro_54','Dolo 500 mg','12','785',1,'NA','NA','NA','NA','NA','NA','NA','NA','NA','12',NULL,NULL,0),
(38,'2025-10-06','11:38:07','45','shruti','Edit Product','iuytr','DOLO_0005','DOLO 250MG','00001','002',1,'IndividualL1-Nom:NA, IndividualL1-T1Neg:0, IndividualL1-T1Pos:0, IndividualL1-T2Neg:NA, IndividualL1-T2Pos:NA, IndividualL1-LimitOn:NA, IndividualL1-ReportOn:NA, IndividualL1-Nomenclature:NA, IndividualL1-DispersionTime:NA, ','IndividualL1-Nom:0.020, IndividualL1-T1Neg:0, IndividualL1-T1Pos:0, IndividualL1-T2Neg:0.3, IndividualL1-T2Pos:0.3, IndividualL1-LimitOn:Actual, IndividualL1-ReportOn:Standard, IndividualL1-Nomenclature:Standard, IndividualL1-DispersionTime:00:05, ','NA','NA','NA','NA','NA','NA','NA','BENDRYL',NULL,NULL,0),
(39,'2025-10-06','11:38:07','45','shruti','Edit Product','iuytr','DOLO_0005','DOLO 250MG','00001','002',1,'Product:Layer1Name:NA,  |IndividualL1-Nom:NA, IndividualL1-T1Neg:0, IndividualL1-T1Pos:0, IndividualL1-T2Neg:NA, IndividualL1-T2Pos:NA, IndividualL1-LimitOn:NA, IndividualL1-ReportOn:NA, IndividualL1-Nomenclature:NA, IndividualL1-DispersionTime:NA,','Product:Layer1Name:er,  |IndividualL1-Nom:0.020, IndividualL1-T1Neg:0, IndividualL1-T1Pos:0, IndividualL1-T2Neg:0.3, IndividualL1-T2Pos:0.3, IndividualL1-LimitOn:Actual, IndividualL1-ReportOn:Standard, IndividualL1-Nomenclature:Standard, IndividualL1-DispersionTime:00:05,','NA','NA','NA','NA','Compressed','Product:Layer1Name:NA,  |','Product:Layer1Name:er,  |','BENDRYL',NULL,NULL,0),
(40,'2025-10-06','11:38:47','Tantra','Tantrasoft','Approve Product','sdfghj','DOLO_0005','DOLO 250MG','00001','002',1,'NA','NA','NA','NA','NA','NA','NA','NA','NA','BENDRYL',NULL,NULL,0);

/*Table structure for table `tbl_audit_product_capsule` */


CREATE TABLE `tbl_audit_product_capsule` (
  `RecNo` int(11) NOT NULL AUTO_INCREMENT,
  `DT` date DEFAULT NULL,
  `TM` time DEFAULT NULL,
  `userid` varchar(150) DEFAULT 'NULL',
  `username` varchar(150) DEFAULT 'NULL',
  `ACT` varchar(150) DEFAULT 'NULL',
  `Remark` varchar(300) DEFAULT 'NULL',
  `ProductId` varchar(150) DEFAULT 'NULL',
  `ProductName` varchar(500) DEFAULT 'NULL',
  `PrdVersion` varchar(150) DEFAULT 'NA',
  `Version` varchar(150) DEFAULT 'NA',
  `ProductType` int(11) DEFAULT '0',
  `OldValueComp` varchar(10000) DEFAULT 'NA',
  `NewValueComp` varchar(10000) DEFAULT 'NA',
  `OldValueGran` varchar(10000) DEFAULT 'NA',
  `NewValueGran` varchar(10000) DEFAULT 'NA',
  `OldValueCoat` varchar(10000) DEFAULT 'NA',
  `NewValueCoat` varchar(10000) DEFAULT 'NA',
  `type` varchar(1000) DEFAULT 'NA',
  `OldValue` varchar(1200) DEFAULT 'NA',
  `NewValue` varchar(1200) DEFAULT 'NA',
  `GenericName` varchar(250) DEFAULT 'NA',
  `useBefore` int(11) DEFAULT '0',
  PRIMARY KEY (`RecNo`)
) ENGINE=InnoDB AUTO_INCREMENT=11 DEFAULT CHARSET=latin1;

/*Data for the table `tbl_audit_product_capsule` */

insert  into `tbl_audit_product_capsule`(`RecNo`,`DT`,`TM`,`userid`,`username`,`ACT`,`Remark`,`ProductId`,`ProductName`,`PrdVersion`,`Version`,`ProductType`,`OldValueComp`,`NewValueComp`,`OldValueGran`,`NewValueGran`,`OldValueCoat`,`NewValueCoat`,`type`,`OldValue`,`NewValue`,`GenericName`,`useBefore`) values 
(1,'2025-09-24','08:42:19','11','Mangesh','Add Product','test','1811','Domperidene IP20 MG','3322','4455',2,'NA','Individual-Nom:0.500,T1Neg:0,T1Pos:0,T2Neg:0.030,T2Pos:0.030,NMT:0,LimitOn:Actual,ReportOn:Standard,Nomenclature:Standard,Unit:gm,DispersionTime:18:30, Group-Nom:10.000,T1Neg:0,T1Pos:0,T2Neg:0.300,T2Pos:0.300,NMT:0,LimitOn:Actual,ReportOn:Standard,Unit:gm,DispersionTime:18:30, Net-Nom:0.400,T1Neg:0,T1Pos:0,T2Neg:0.030,T2Pos:0.030,NMT:0,LimitOn:Actual,ReportOn:Standard,Nomenclature:,Unit:gm, Empty-Nom:0.100,T1Neg:0,T1Pos:0,T2Neg:0.030,T2Pos:0.030,NMT:0,LimitOn:Actual,ReportOn:Standard,Nomenclature:,Unit:gm, Length-Nom:10.00,T1Neg:0,T1Pos:0,T2Neg:0.30,T2Pos:0.30,NMT:0,Unit:mm, Diameter-Nom:11.00,T1Neg:0,T1Pos:0,T2Neg:0.30,T2Pos:0.30,NMT:0,Unit:mm, DT-DTTime:00:15:00,DTMinTemp:35,DTMaxTemp:39, LOD-NLT:1,NMT:2,','NA','NA','NA','NA','Capsule Filling','NA','NA','Paracetamoll IP350 MG',0),
(2,'2025-09-24','08:42:49','12','Sail','Approve Product','test','1811','Domperidene IP20 MG','3322','4455',2,'NA','NA','NA','NA','NA','NA','NA','NA','NA','Paracetamoll IP350 MG',0),
(3,'2025-09-26','15:06:40','1','Prachiti Shah','Add Product','test','01','B-cousil','001','1.1',2,'NA','Individual-Nom:0.500,T1Neg:0,T1Pos:0,T2Neg:0.025,T2Pos:0.025,NMT:0,LimitOn:Actual,ReportOn:Standard,Nomenclature:Standard,Unit:gm,DispersionTime:1:10, Group-Nom:0.550,T1Neg:0,T1Pos:0,T2Neg:0.035,T2Pos:0.035,NMT:0,LimitOn:Actual,ReportOn:Standard,Unit:gm,DispersionTime:1:8,','NA','NA','NA','NA','Capsule Filling','NA','NA','B-cousil',0),
(4,'2025-10-01','11:02:25','13','Devendra','Approve Product','dfgh','01','B-cousil','001','1.1',2,'NA','NA','NA','NA','NA','NA','NA','NA','NA','B-cousil',0),
(5,'2025-10-01','11:09:56','13','Devendra','Add Product','ERG','Lima_CAP12','LIMARIN 140 MG CAPSULE','LI_123','0110125',2,'NA','Individual-Nom:0.450,T1Neg:0,T1Pos:0,T2Neg:0.020,T2Pos:0.020,NMT:0,LimitOn:Actual,ReportOn:Standard,Nomenclature:Standard,Unit:gm,DispersionTime:01:00, Group-Nom:9.500,T1Neg:0,T1Pos:0,T2Neg:0.200,T2Pos:0.200,NMT:0,LimitOn:Actual,ReportOn:Standard,Unit:gm,DispersionTime:02:00, Net-Nom:0.350,T1Neg:0,T1Pos:0,T2Neg:0.020,T2Pos:0.020,NMT:0,LimitOn:Actual,ReportOn:Standard,Nomenclature:,Unit:gm, Empty-Nom:0.100,T1Neg:0,T1Pos:0,T2Neg:0.020,T2Pos:0.020,NMT:0,LimitOn:Actual,ReportOn:Standard,Nomenclature:,Unit:gm, Length-Nom:5.00,T1Neg:0,T1Pos:0,T2Neg:0.20,T2Pos:0.20,NMT:0,Unit:mm, Diameter-Nom:4.00,T1Neg:0,T1Pos:0,T2Neg:0.20,T2Pos:0.20,NMT:0,Unit:mm, DT-DTTime:00:15:10,DTMinTemp:35.00,DTMaxTemp:39.00, LOD-NLT:1.00,NMT:3.00, Content1-Nom:0.225,T1Neg:0,T1Pos:0,T2Neg:0.020,T2Pos:0.020,NMT:0,LimitOn:Actual,ReportOn:Standard,Type:Pallet_01,Name:WHITE,Unit:gm, Content2-Nom:0.225,T1Neg:0,T1Pos:0,T2Neg:0.020,T2Pos:0.020,NMT:0,LimitOn:Actual,ReportOn:Standard,Type:Pallet_01,Name:YELLOW,Unit:gm,','NA','NA','NA','NA','Capsule Filling','NA','NA','ERGO HEALTH',0),
(6,'2025-10-01','11:10:10','14','Prakash','Approve Product','EFG','Lima_CAP12','LIMARIN 140 MG CAPSULE','LI_123','0110125',2,'NA','NA','NA','NA','NA','NA','NA','NA','NA','ERGO HEALTH',0),
(7,'2025-10-01','14:02:46','13','Devendra','Add Product','WERT','ZVX_CAP0110','ZONICEP 25 MG CAPSULE','Z_V2.0','ZCAP0110',2,'NA','Individual-Nom:0.500,T1Neg:0,T1Pos:0,T2Neg:0.030,T2Pos:0.030,NMT:0,LimitOn:Actual,ReportOn:Standard,Nomenclature:Standard,Unit:gm,DispersionTime:01:15, Group-Nom:10.000,T1Neg:0,T1Pos:0,T2Neg:0.250,T2Pos:0.250,NMT:0,LimitOn:Actual,ReportOn:Standard,Unit:gm,DispersionTime:02:00, Net-Nom:0.400,T1Neg:0,T1Pos:0,T2Neg:0.020,T2Pos:0.020,NMT:0,LimitOn:Actual,ReportOn:Standard,Nomenclature:,Unit:gm, Empty-Nom:0.100,T1Neg:0,T1Pos:0,T2Neg:0.020,T2Pos:0.020,NMT:0,LimitOn:Actual,ReportOn:Standard,Nomenclature:,Unit:gm, Length-Nom:4.50,T1Neg:0,T1Pos:0,T2Neg:0.20,T2Pos:0.20,NMT:0,Unit:mm, Diameter-Nom:3.50,T1Neg:0,T1Pos:0,T2Neg:0.20,T2Pos:0.20,NMT:0,Unit:mm, DT-DTTime:00:15:20,DTMinTemp:35.50,DTMaxTemp:39.50, LOD-NLT:0.50,NMT:3.50,','NA','NA','NA','NA','Capsule Filling','NA','NA','ERGO HEALTH',0),
(8,'2025-10-01','14:03:02','14','Prakash','Approve Product','WERFG','ZVX_CAP0110','ZONICEP 25 MG CAPSULE','Z_V2.0','ZCAP0110',2,'NA','NA','NA','NA','NA','NA','NA','NA','NA','ERGO HEALTH',0),
(9,'2025-10-03','11:16:32','45','shruti','Add Product','test','PRODUCT-005','CANDILIX-200','NQT1.0','12345',2,'NA','Individual-Nom:0.500,T1Neg:0,T1Pos:0,T2Neg:0.020,T2Pos:0.020,NMT:0,LimitOn:Actual,ReportOn:Standard,Nomenclature:Standard,Unit:gm,DispersionTime:00:15, Group-Nom:10.000,T1Neg:0,T1Pos:0,T2Neg:0.300,T2Pos:0.300,NMT:0,LimitOn:Actual,ReportOn:Standard,Unit:gm,DispersionTime:00:15, Net-Nom:0.400,T1Neg:0,T1Pos:0,T2Neg:0.020,T2Pos:0.020,NMT:0,LimitOn:Actual,ReportOn:Standard,Nomenclature:,Unit:gm, Empty-Nom:0.100,T1Neg:0,T1Pos:0,T2Neg:0.020,T2Pos:0.020,NMT:0,LimitOn:Actual,ReportOn:Standard,Nomenclature:,Unit:gm, Length-Nom:8.00,T1Neg:0,T1Pos:0,T2Neg:0.45,T2Pos:0.45,NMT:0,Unit:mm, Diameter-Nom:5.00,T1Neg:0,T1Pos:0,T2Neg:0.30,T2Pos:0.30,NMT:0,Unit:mm, DT-DTTime:00:15:05,DTMinTemp:35.0,DTMaxTemp:39.0, LOD-NLT:0.50,NMT:2.50,','NA','NA','NA','NA','Capsule Filling','NA','NA','DULOSYS',0),
(10,'2025-10-03','11:17:40','Tantra','Tantrasoft','Approve Product','test','PRODUCT-005','CANDILIX-200','NQT1.0','12345',2,'NA','NA','NA','NA','NA','NA','NA','NA','NA','DULOSYS',0);

/*Table structure for table `tbl_audit_product_drysyrup` */


CREATE TABLE `tbl_audit_product_drysyrup` (
  `RecNo` int(11) NOT NULL AUTO_INCREMENT,
  `DT` date DEFAULT NULL,
  `TM` time DEFAULT NULL,
  `userid` varchar(150) DEFAULT 'NULL',
  `username` varchar(150) DEFAULT 'NULL',
  `ACT` varchar(150) DEFAULT 'NULL',
  `Remark` varchar(300) DEFAULT 'NULL',
  `ProductId` varchar(150) DEFAULT 'NULL',
  `ProductName` varchar(500) DEFAULT 'NULL',
  `PrdVersion` varchar(150) DEFAULT 'NA',
  `Version` varchar(150) DEFAULT 'NA',
  `ProductType` int(11) DEFAULT '0',
  `OldValue` varchar(10000) DEFAULT 'NA',
  `NewValue` varchar(10000) DEFAULT 'NA',
  `OldValuePrd` varchar(1500) DEFAULT 'NA',
  `NewValuePrd` varchar(1500) DEFAULT 'NA',
  `GenericName` varchar(500) DEFAULT 'NA',
  PRIMARY KEY (`RecNo`)
) ENGINE=InnoDB AUTO_INCREMENT=6 DEFAULT CHARSET=latin1;

/*Data for the table `tbl_audit_product_drysyrup` */

insert  into `tbl_audit_product_drysyrup`(`RecNo`,`DT`,`TM`,`userid`,`username`,`ACT`,`Remark`,`ProductId`,`ProductName`,`PrdVersion`,`Version`,`ProductType`,`OldValue`,`NewValue`,`OldValuePrd`,`NewValuePrd`,`GenericName`) values 
(1,'2025-09-10','12:02:11','11','Mangesh','Add Product','test','1211','Bactoclov Dry Syrup','1345','3212',5,'NA','DrySyrup-Nom:30.000,T2Neg:0.500,T2Pos:0.500,LimitOn:Actual,','NA','NA','Amoxillin and Calvalunate Potassium for Oral Suspention'),
(2,'2025-09-10','12:13:34','12','Sail','Approve Product','test','1211','Bactoclov Dry Syrup','1345','3212',5,'NA','NA','NA','NA','Amoxillin and Calvalunate Potassium for Oral Suspention'),
(3,'2025-09-26','15:58:18','1','Prachiti Shah','Add Product','test','001','paramol','001','1.1',5,'NA','DrySyrup-Nom:0.500,T2Neg:0.025,T2Pos:0.025,LimitOn:Actual,','NA','NA','paramol'),
(4,'2025-09-26','16:07:31','12','Sail','Approve Product','test','001','paramol','001','1.1',5,'NA','NA','NA','NA','paramol'),
(5,'2025-09-26','16:13:31','12','Sail','Deactivate Product','test','001','paramol','001','1.1',5,'NA','NA','NA','NA','paramol');

/*Table structure for table `tbl_audit_pwd_complexity` */


CREATE TABLE `tbl_audit_pwd_complexity` (
  `id` int(11) NOT NULL AUTO_INCREMENT,
  `dt` date DEFAULT NULL,
  `tm` time DEFAULT NULL,
  `userid` varchar(100) DEFAULT NULL,
  `username` varchar(100) DEFAULT NULL,
  `remark` varchar(500) DEFAULT NULL,
  `act` varchar(200) DEFAULT NULL,
  `oldvalues` varchar(250) DEFAULT NULL,
  `newvalues` varchar(250) DEFAULT NULL,
  PRIMARY KEY (`id`)
) ENGINE=InnoDB AUTO_INCREMENT=4 DEFAULT CHARSET=utf8;

/*Data for the table `tbl_audit_pwd_complexity` */

insert  into `tbl_audit_pwd_complexity`(`id`,`dt`,`tm`,`userid`,`username`,`remark`,`act`,`oldvalues`,`newvalues`) values 
(1,'2025-09-10','11:26:09','Tantra','Tantrasoft','er','Update Password Policy','Minimum Password Length: 5\n Alphabet (Uppercase): 1\n Numeric: 1\n Special Characters: 0','Minimum Password Length: 1\n Alphabet (Uppercase): 1\n Numeric: 0\n Special Characters: 0'),
(2,'2025-09-10','11:27:24','Tantra','Tantrasoft','D','Update Password Policy','Minimum Password Length: 1\n Alphabet (Uppercase): 1\n Numeric: 0\n Special Characters: 0','Minimum Password Length: 1\n Alphabet (Uppercase): 0\n Numeric: 1\n Special Characters: 0'),
(3,'2025-09-30','10:42:31','1','Prachiti Shah','test','Update Password Policy','Minimum Password Length: 1\n Alphabet (Uppercase): 0\n Numeric: 1\n Special Characters: 0','Minimum Password Length: 3\n Alphabet (Uppercase): 2\n Numeric: 0\n Special Characters: 1');

/*Table structure for table `tbl_audit_recalibration` */


CREATE TABLE `tbl_audit_recalibration` (
  `RecNo` int(11) NOT NULL AUTO_INCREMENT,
  `DT` date NOT NULL,
  `TM` time NOT NULL,
  `userid` varchar(50) NOT NULL DEFAULT 'NULL',
  `username` varchar(50) NOT NULL DEFAULT 'NULL',
  `Remark` varchar(300) NOT NULL DEFAULT 'NULL',
  `ACT` varchar(50) NOT NULL DEFAULT 'NULL',
  `idsIP` varchar(50) NOT NULL DEFAULT 'NULL',
  `CalibType` varchar(20) DEFAULT 'NULL',
  `EquipmentID` varchar(100) DEFAULT 'NULL',
  `EqpType` varchar(500) DEFAULT 'NULL',
  PRIMARY KEY (`RecNo`)
) ENGINE=InnoDB AUTO_INCREMENT=23 DEFAULT CHARSET=latin1;

/*Data for the table `tbl_audit_recalibration` */

insert  into `tbl_audit_recalibration`(`RecNo`,`DT`,`TM`,`userid`,`username`,`Remark`,`ACT`,`idsIP`,`CalibType`,`EquipmentID`,`EqpType`) values 
(1,'2025-09-10','15:30:42','11','Mangesh','test','Add Recalibration','0','Daily','Bal_23','Balance'),
(2,'2025-09-12','14:23:28','14','Prakash','fgh','Add Recalibration','0','Daily','BAL001','Balance'),
(3,'2025-09-13','09:33:35','13','Devendra','efgn','Add Recalibration','0','Periodic','BAL002','Balance'),
(4,'2025-09-15','09:38:31','11','Mangesh','test','Add Recalibration','0','Periodic','Bal_24','Balance'),
(5,'2025-09-15','10:22:36','13','Devendra','rtyuk','Add Recalibration','0','Periodic','VR01','Vernier'),
(6,'2025-09-15','11:43:04','13','Devendra','ertherg','Add Recalibration','0','Periodic','BAL002','Balance'),
(7,'2025-09-16','10:18:53','D','Dharmesh sakpal','test','Add Recalibration','0','Periodic','BAL002','Balance'),
(8,'2025-09-17','12:22:38','45','shruti','ff','Add Recalibration','0','Daily','Bal_23','Balance'),
(9,'2025-09-17','17:06:47','13','Devendra','wergh','Add Recalibration','0','Periodic','BAL002','Balance'),
(10,'2025-09-19','11:39:44','14','Prakash','FGHJ','Add Recalibration','0','Daily','BAL002','Balance'),
(11,'2025-09-20','16:16:53','45','shruti','FF','Add Recalibration','0','Periodic','BALANCE_002','Balance'),
(12,'2025-09-20','16:17:45','45','shruti','VBN','Add Recalibration','0','Daily','BALANCE_002','Balance'),
(13,'2025-09-23','09:14:20','13','Devendra','fghjm','Add Recalibration','0','Periodic','BAL003','Balance'),
(14,'2025-09-24','10:37:09','13','Devendra','w3rt','Add Recalibration','0','Periodic','VR01','Vernier'),
(15,'2025-09-26','10:10:08','13','Devendra','ERFG','Add Recalibration','0','Periodic','VR01','Vernier'),
(16,'2025-09-27','11:33:04','021','Tejal','hj','Add Recalibration','0','Periodic','OQ1','Balance'),
(17,'2025-09-27','11:51:36','021','Tejal','test','Add Recalibration','0','Periodic','OQ1','Balance'),
(18,'2025-09-27','11:58:33','021','Tejal','test','Add Recalibration','0','Periodic','OQ1','Balance'),
(19,'2025-10-03','10:38:57','45','shruti','TEST','Add Recalibration','0','Daily','SHR05','Balance'),
(20,'2025-10-03','10:43:42','45','shruti','TEST','Add Recalibration','0','Daily','SHR05','Balance'),
(21,'2025-10-03','10:47:50','45','shruti','test','Add Recalibration','0','Daily','SHR05','Balance'),
(22,'2025-10-03','11:33:38','45','shruti','TEST','Add Recalibration','0','Daily','SHR05','Balance');

/*Table structure for table `tbl_audit_role` */


CREATE TABLE `tbl_audit_role` (
  `RecNo` int(11) NOT NULL AUTO_INCREMENT,
  `DT` date NOT NULL,
  `TM` time NOT NULL,
  `userid` varchar(50) NOT NULL DEFAULT 'NULL',
  `username` varchar(50) NOT NULL DEFAULT 'NULL',
  `Remark` varchar(500) NOT NULL DEFAULT 'NULL',
  `ACT` varchar(50) NOT NULL DEFAULT 'NULL',
  `RoleName` varchar(50) NOT NULL DEFAULT 'NULL',
  `old_add_user_assign_roles` varchar(50) NOT NULL DEFAULT 'NULL',
  `new_add_user_assign_roles` varchar(50) NOT NULL DEFAULT 'NULL',
  `RightAdded` varchar(1000) NOT NULL DEFAULT 'NULL',
  `RightRemoved` varchar(1000) NOT NULL DEFAULT 'NULL',
  PRIMARY KEY (`RecNo`)
) ENGINE=InnoDB AUTO_INCREMENT=5 DEFAULT CHARSET=latin1;

/*Data for the table `tbl_audit_role` */

insert  into `tbl_audit_role`(`RecNo`,`DT`,`TM`,`userid`,`username`,`Remark`,`ACT`,`RoleName`,`old_add_user_assign_roles`,`new_add_user_assign_roles`,`RightAdded`,`RightRemoved`) values 
(1,'2025-09-10','11:25:20','Tantra','Tantrasoft','test','Add','Admin','0','0','Set All Parameters,Add User,Edit User,Manage User,Add Role,Edit Role,Add Department,Edit Department,Add Calibration Standards,Edit Calibration Standards,Add Instruments,Edit Instruments,Add Product,Edit Product,Activate / Deactivate,Cubicle Setting,Alert Setting,Test,Calibration,Set Recalibration,View Report(Self),Reprint Report(Self),View All Report,Reprint All Report,View Audit Trail,Print Audit Trail,Add Machine,Edit Machine,View Activity Log,Area Setting,Batch Reuse,Content Type,Password Policy,Change Password,Verify Report','NA'),
(2,'2025-09-10','11:32:58','Tantra','Tantrasoft','fgh','Add','Supervisor','0','0','Set All Parameters,Add User,Edit User,Manage User,Add Role,Edit Role,Add Department,Edit Department,Add Calibration Standards,Edit Calibration Standards,Add Instruments,Edit Instruments,Add Product,Edit Product,Activate / Deactivate,Cubicle Setting,Alert Setting,Test,Calibration,Set Recalibration,View Report(Self),Reprint Report(Self),View All Report,Reprint All Report,View Audit Trail,Print Audit Trail,Add Machine,Edit Machine,View Activity Log,Area Setting,Batch Reuse,Password Policy,Change Password,Verify Report','NA'),
(3,'2025-09-26','10:05:26','1','Prachiti Shah','ert','Add','manager','0','0','Set All Parameters,Add User,Edit User,Manage User,Add Role,Edit Role,Add Department,Edit Department,Add Calibration Standards,Edit Calibration Standards,Add Instruments,Edit Instruments,Add Product,Edit Product,Activate / Deactivate,Cubicle Setting,Alert Setting,Test,Calibration,Set Recalibration,View Report(Self),Reprint Report(Self),View All Report,Reprint All Report,View Audit Trail,Print Audit Trail,Add Machine,Edit Machine,View Activity Log,Area Setting,Password Policy,Change Password,Verify Report','NA'),
(4,'2025-09-26','10:48:59','11','Mangesh','swdfgbn','Add','role11','0','0','Set All Parameters,Add User,Edit User,Manage User,Add Role,Edit Role,Add Department,Edit Department,Add Calibration Standards,Edit Calibration Standards,Add Instruments,Edit Instruments,Add Product,Edit Product,Activate / Deactivate,Cubicle Setting,Alert Setting,Test,Calibration,Set Recalibration,View Report(Self),Reprint Report(Self),View All Report,Reprint All Report,View Audit Trail,Print Audit Trail,Add Machine,View Activity Log,Area Setting,Batch Reuse,Password Policy,Change Password,Verify Report','NA');

/*Table structure for table `tbl_audit_stages` */


CREATE TABLE `tbl_audit_stages` (
  `RecNo` int(11) NOT NULL AUTO_INCREMENT,
  `DT` date NOT NULL,
  `TM` time NOT NULL,
  `userid` varchar(100) NOT NULL DEFAULT 'NULL',
  `username` varchar(100) NOT NULL DEFAULT 'NULL',
  `Stage` varchar(100) NOT NULL DEFAULT 'NULL',
  `Remark` varchar(500) NOT NULL DEFAULT 'NULL',
  `ACT` varchar(20) NOT NULL DEFAULT 'NULL',
  PRIMARY KEY (`RecNo`)
) ENGINE=InnoDB DEFAULT CHARSET=utf8;

/*Data for the table `tbl_audit_stages` */

/*Table structure for table `tbl_audit_unauthorized_user` */


CREATE TABLE `tbl_audit_unauthorized_user` (
  `RecNo` int(11) NOT NULL AUTO_INCREMENT,
  `dt` date NOT NULL,
  `tm` time NOT NULL,
  `userid` varchar(50) NOT NULL DEFAULT 'NULL',
  `username` varchar(100) NOT NULL DEFAULT 'NULL',
  `Host` varchar(100) NOT NULL DEFAULT 'NULL',
  PRIMARY KEY (`RecNo`)
) ENGINE=InnoDB AUTO_INCREMENT=40 DEFAULT CHARSET=utf8;

/*Data for the table `tbl_audit_unauthorized_user` */

insert  into `tbl_audit_unauthorized_user`(`RecNo`,`dt`,`tm`,`userid`,`username`,`Host`) values 
(1,'2025-09-10','11:26:49','A','NA','192.168.1.134'),
(2,'2025-09-10','12:27:47','a','Abhishek','127.0.0.1'),
(3,'2025-09-10','12:27:49','a','Abhishek','127.0.0.1'),
(4,'2025-09-11','10:16:58','13','NA','192.168.1.108'),
(5,'2025-09-11','14:05:29','11','NA','192.168.1.166'),
(6,'2025-09-13','09:15:08','14','NA','192.168.1.108'),
(7,'2025-09-15','09:58:07','a','NA','192.168.1.157'),
(8,'2025-09-15','09:58:16','A','NA','192.168.1.157'),
(9,'2025-09-15','09:58:17','A','NA','192.168.1.157'),
(10,'2025-09-15','09:58:23','A','NA','192.168.1.157'),
(11,'2025-09-15','09:58:29','A','NA','192.168.1.157'),
(12,'2025-09-15','09:58:30','A','NA','192.168.1.157'),
(13,'2025-09-15','09:58:31','A','NA','192.168.1.157'),
(14,'2025-09-15','09:58:42','A','NA','192.168.1.157'),
(15,'2025-09-15','09:59:13','A','NA','192.168.1.157'),
(16,'2025-09-15','11:10:09','Tantra','NA','192.168.1.157'),
(17,'2025-09-16','14:30:11','45','NA','192.168.1.145'),
(18,'2025-09-17','12:14:51','45','NA','192.168.1.105'),
(19,'2025-09-19','08:55:25','1','NA','192.168.1.171'),
(20,'2025-09-20','16:16:40','1','NA','192.168.1.185'),
(21,'2025-09-22','12:06:13','1','NA','192.168.1.184'),
(22,'2025-09-22','14:33:39','12','NA','192.168.1.105'),
(23,'2025-09-23','08:55:02','1','NA','192.168.1.171'),
(24,'2025-09-25','16:41:42','11','NA','192.168.1.129'),
(25,'2025-09-25','16:41:42','11','NA','192.168.1.129'),
(26,'2025-09-25','16:41:43','11','NA','192.168.1.129'),
(27,'2025-09-26','10:56:28','11','NA','192.168.1.145'),
(28,'2025-09-27','11:35:54','021','NA','192.168.1.145'),
(29,'2025-10-03','10:51:58','A','NA','192.168.1.108'),
(30,'2025-10-03','10:52:04','123','NA','192.168.1.108'),
(31,'2025-10-03','10:52:10','123','NA','192.168.1.108'),
(32,'2025-10-03','15:39:07','11','NA','192.168.1.105'),
(33,'2025-10-03','15:42:01','021','NA','192.168.1.108'),
(34,'2025-10-03','15:42:04','021','NA','192.168.1.108'),
(35,'2025-10-04','10:28:01','12','NA','192.168.1.128'),
(36,'2025-10-04','10:28:04','12','NA','192.168.1.128'),
(37,'2025-10-06','10:03:33','13','NA','192.168.1.108'),
(38,'2025-10-06','10:04:13','13','NA','192.168.1.108'),
(39,'2025-10-06','10:04:14','13','NA','192.168.1.108');

/*Table structure for table `tbl_audit_user_chgpwdown` */


CREATE TABLE `tbl_audit_user_chgpwdown` (
  `RecNo` int(11) NOT NULL AUTO_INCREMENT,
  `dt` date NOT NULL,
  `tm` time NOT NULL,
  `userid` varchar(50) NOT NULL DEFAULT 'NULL',
  `username` varchar(255) NOT NULL DEFAULT 'NULL',
  `oldValue` varchar(50) NOT NULL DEFAULT 'NULL',
  `NewValue` varchar(50) NOT NULL DEFAULT 'NULL',
  `Remark` varchar(500) NOT NULL DEFAULT 'NULL',
  PRIMARY KEY (`RecNo`)
) ENGINE=InnoDB AUTO_INCREMENT=11 DEFAULT CHARSET=latin1;

/*Data for the table `tbl_audit_user_chgpwdown` */

insert  into `tbl_audit_user_chgpwdown`(`RecNo`,`dt`,`tm`,`userid`,`username`,`oldValue`,`NewValue`,`Remark`) values 
(1,'2025-09-10','11:27:06','A','Abhishek','Q','A','test'),
(2,'2025-09-10','11:28:20','11','Mangesh','13','11','11'),
(3,'2025-09-10','11:28:55','12','Sail','11','12','12'),
(4,'2025-09-10','11:33:25','13','Devendra','1','2','rg'),
(5,'2025-09-10','11:34:03','14','Prakash','2','3','234r'),
(6,'2025-09-10','11:34:34','D','Dharmesh sakpal','3','1','d'),
(7,'2025-09-15','09:22:47','1','Prachiti Shah','2','1','1'),
(8,'2025-09-15','11:12:29','45','shruti','45','54','-'),
(9,'2025-09-17','12:15:28','21','shruti','21','22','2'),
(10,'2025-09-26','10:55:42','021','Tejal','21','31','reset');

/*Table structure for table `tbl_audit_userpwd` */


CREATE TABLE `tbl_audit_userpwd` (
  `RecNo` int(11) NOT NULL AUTO_INCREMENT,
  `dt` date NOT NULL,
  `tm` time NOT NULL,
  `userid` varchar(50) NOT NULL DEFAULT 'NULL',
  `username` varchar(255) NOT NULL DEFAULT 'NULL',
  `oldValue` varchar(50) NOT NULL DEFAULT 'NA',
  `NewValue` varchar(50) NOT NULL DEFAULT 'NA',
  `Remark` varchar(500) NOT NULL DEFAULT 'NULL',
  `KeyCode` varchar(100) DEFAULT 'NULL',
  `KeyValue` varchar(100) DEFAULT 'NULL',
  PRIMARY KEY (`RecNo`)
) ENGINE=InnoDB DEFAULT CHARSET=latin1;

/*Data for the table `tbl_audit_userpwd` */

/*Table structure for table `tbl_audit_users` */


CREATE TABLE `tbl_audit_users` (
  `RecNo` int(11) NOT NULL AUTO_INCREMENT,
  `dt` date NOT NULL,
  `tm` time NOT NULL,
  `userid` varchar(50) NOT NULL DEFAULT 'NULL',
  `username` varchar(255) NOT NULL DEFAULT 'NULL',
  `OldRole` varchar(50) NOT NULL DEFAULT 'NA',
  `NewRole` varchar(50) NOT NULL DEFAULT 'NA',
  `ACT` varchar(50) NOT NULL DEFAULT 'NULL',
  `KeyCode` varchar(5000) NOT NULL DEFAULT 'NA',
  `KeyValue` varchar(5000) NOT NULL DEFAULT 'NA',
  `RightAdded` varchar(5000) NOT NULL DEFAULT 'NA',
  `RightRemoved` varchar(5000) NOT NULL DEFAULT 'NA',
  `Remark` varchar(500) NOT NULL DEFAULT 'NULL',
  `OldDepartment` varchar(150) DEFAULT 'NA',
  `NewDepartment` varchar(150) DEFAULT 'NA',
  PRIMARY KEY (`RecNo`)
) ENGINE=InnoDB AUTO_INCREMENT=12 DEFAULT CHARSET=latin1;

/*Data for the table `tbl_audit_users` */

insert  into `tbl_audit_users`(`RecNo`,`dt`,`tm`,`userid`,`username`,`OldRole`,`NewRole`,`ACT`,`KeyCode`,`KeyValue`,`RightAdded`,`RightRemoved`,`Remark`,`OldDepartment`,`NewDepartment`) values 
(1,'2025-09-10','11:26:41','Tantra','Tantrasoft','NA','Admin','New User Added','A','Abhishek','NA','NA','asd','NA','QC'),
(2,'2025-09-10','11:28:08','Tantra','Tantrasoft','NA','Admin','New User Added','11','Mangesh','NA','NA','23','NA','QC'),
(3,'2025-09-10','11:28:42','Tantra','Tantrasoft','NA','Admin','New User Added','12','Sail','NA','NA','123','NA','QC'),
(4,'2025-09-10','11:30:27','Tantra','Tantrasoft','NA','Admin','New User Added','13','Devendra','NA','NA','werg','NA','QC'),
(5,'2025-09-10','11:30:50','Tantra','Tantrasoft','NA','Admin','New User Added','14','Prakash','NA','NA','ef','NA','QC'),
(6,'2025-09-10','11:31:32','Tantra','Tantrasoft','NA','Admin','New User Added','D','Dharmesh sakpal','NA','NA','fb','NA','QC'),
(7,'2025-09-15','09:22:35','11','Mangesh','NA','Supervisor','New User Added','1','Prachiti Shah','NA','NA','test','NA','QC'),
(8,'2025-09-15','11:11:16','Tantra','Tantrasoft','NA','Admin','New User Added','45','shruti','NA','NA','test','NA','QC'),
(9,'2025-09-15','11:15:05','Tantra','Tantrasoft','NA','Supervisor','New User Added','21','shruti','NA','NA','test','NA','QC'),
(10,'2025-09-26','10:54:16','11','Mangesh','NA','Supervisor','New User Added','021','Tejal','NA','NA','dsafsg','NA','QC1'),
(11,'2025-10-03','10:16:18','1','Prachiti Shah','NA','role11','New User Added','123','123','NA','NA','TEST','NA','QC');

/*Table structure for table `tbl_audit_vernier` */


CREATE TABLE `tbl_audit_vernier` (
  `RecNo` int(11) NOT NULL AUTO_INCREMENT,
  `dt` date NOT NULL,
  `tm` time NOT NULL,
  `userid` varchar(50) NOT NULL DEFAULT 'NULL',
  `username` varchar(255) NOT NULL DEFAULT 'NULL',
  `ACT` varchar(50) NOT NULL DEFAULT 'NULL',
  `Remark` varchar(300) NOT NULL DEFAULT 'NULL',
  `VernierID` varchar(50) NOT NULL DEFAULT 'NULL',
  `OldParameter` varchar(5000) NOT NULL DEFAULT 'NA',
  `NewParameter` varchar(5000) NOT NULL DEFAULT 'NULL',
  `OldWeight` varchar(5000) NOT NULL DEFAULT 'NA',
  `NewWeight` varchar(5000) NOT NULL DEFAULT 'NULL',
  PRIMARY KEY (`RecNo`)
) ENGINE=InnoDB AUTO_INCREMENT=12 DEFAULT CHARSET=latin1;

/*Data for the table `tbl_audit_vernier` */

insert  into `tbl_audit_vernier`(`RecNo`,`dt`,`tm`,`userid`,`username`,`ACT`,`Remark`,`VernierID`,`OldParameter`,`NewParameter`,`OldWeight`,`NewWeight`) values 
(1,'2025-09-10','11:48:10','11','Mangesh','Add','test','Ver_23','NA','Vernier Code No.: Ver_23,Make: Baker,Model: 3321,Serial No.: 12422,Unit: mm,Least Count: 0.02,Minimum Range: 0.02,Maximum Range: 320.00,Periodic Data: Dates:1,Reminder:5','NA',' Periodic: Standard Block:0.03,(-)Tolerance:0.02,(+)Tolerance:0.04| Standard Block:100.00,(-)Tolerance:99.94,(+)Tolerance:100.07| Standard Block:150.00,(-)Tolerance:149.95,(+)Tolerance:150.06'),
(2,'2025-09-10','12:02:26','14','Prakash','Add','fgn','VR01','NA','Vernier Code No.: VR01,Make: Baker,Model: VER_BK,Serial No.: VR1009,Unit: mm,Least Count: 0.01,Minimum Range: 0.01,Maximum Range: 99.99,Periodic Data: Calibration Date:10-09-2025,Duration :20,Reminder:5','NA',' Periodic: Standard Block:2.00,(-)Tolerance:1.50,(+)Tolerance:2.50| Standard Block:10.00,(-)Tolerance:09.00,(+)Tolerance:11.00'),
(3,'2025-09-10','12:12:53','12','Sail','Activate','test','Ver_23','NA','NA','NA','NA'),
(4,'2025-09-10','12:12:58','12','Sail','Activate','test','VR01','NA','NA','NA','NA'),
(5,'2025-09-10','12:13:32','14','Prakash','Add','FGB','VER02','NA','Vernier Code No.: VER02,Make: Baker,Model: IP 67,Serial No.: 10095WER,Unit: mm,Least Count: 0.01,Minimum Range: 0.01,Maximum Range: 99.99,Periodic Data: Calibration Date:10-09-2025,Duration :25,Reminder:5','NA',' Periodic: Standard Block:5.00,(-)Tolerance:4.00,(+)Tolerance:6.00| Standard Block:10.00,(-)Tolerance:09.00,(+)Tolerance:11.00'),
(6,'2025-09-10','12:14:09','13','Devendra','Activate','RTHJ','Ver_23','NA','NA','NA','NA'),
(7,'2025-09-10','12:14:13','13','Devendra','Activate','RTH','VER02','NA','NA','NA','NA'),
(8,'2025-09-26','12:31:24','021','Tejal','Add','ASDFGH','V001','NA','Vernier Code No.: V001,Make: Baker,Model: ABCSD,Serial No.: 003,Unit: mm,Least Count: 0.01,Minimum Range: 0.01,Maximum Range: 99.9,Periodic Data: Calibration Date:26-09-2025,Duration :8,Reminder:7','NA',' Periodic: Standard Block:0.30,(-)Tolerance:0.10,(+)Tolerance:0.40| Standard Block:65.00,(-)Tolerance:60.00,(+)Tolerance:68.00| Standard Block:15.00,(-)Tolerance:14.00,(+)Tolerance:16.00'),
(9,'2025-09-26','12:32:33','Tantra','Tantrasoft','Activate','test','V001','NA','NA','NA','NA'),
(10,'2025-09-27','11:32:01','45','shruti','Add','fcvghb','vernier05','NA','Vernier Code No.: vernier05,Make: Baker,Model: erty,Serial No.: 12345,Unit: mm,Least Count: 0.01,Minimum Range: 0.01,Maximum Range: 200,Periodic Data: Calibration Date:27-09-2025,Duration :8,Reminder:4','NA',' Periodic: Standard Block:0.03,(-)Tolerance:0.01,(+)Tolerance:0.05| Standard Block:50.00,(-)Tolerance:25.00,(+)Tolerance:90.00| Standard Block:150,(-)Tolerance:50.00,(+)Tolerance:200.00'),
(11,'2025-10-04','15:58:03','12','Sail','Activate','8','vernier05','NA','NA','NA','NA');

/*Table structure for table `tbl_audit_yiled_product` */


CREATE TABLE `tbl_audit_yiled_product` (
  `RecNo` int(11) NOT NULL AUTO_INCREMENT,
  `DT` date DEFAULT NULL,
  `TM` time DEFAULT NULL,
  `userid` varchar(150) DEFAULT 'NULL',
  `username` varchar(150) DEFAULT 'NULL',
  `ACT` varchar(150) DEFAULT 'NULL',
  `Remark` varchar(300) DEFAULT 'NULL',
  `ProductId` varchar(150) DEFAULT 'NULL',
  `ProductName` varchar(500) DEFAULT 'NULL',
  `PrdVersion` varchar(150) DEFAULT 'NA',
  `Version` varchar(150) DEFAULT 'NA',
  `ProductType` int(11) DEFAULT '0',
  `CubicleType` varchar(15) DEFAULT 'NULL',
  `OldValue` varchar(10000) DEFAULT 'NA',
  `NewValue` varchar(10000) DEFAULT 'NA',
  PRIMARY KEY (`RecNo`)
) ENGINE=InnoDB DEFAULT CHARSET=latin1;

/*Data for the table `tbl_audit_yiled_product` */

/*Table structure for table `tbl_balance` */


CREATE TABLE `tbl_balance` (
  `Id` int(11) NOT NULL AUTO_INCREMENT,
  `Bal_Model` varchar(50) NOT NULL DEFAULT 'NULL',
  `Bal_Make` varchar(50) NOT NULL DEFAULT 'NULL',
  `Bal_SrNo` varchar(50) NOT NULL DEFAULT 'NULL',
  `Bal_ID` varchar(50) NOT NULL DEFAULT 'NULL',
  `Bal_Dept` varchar(50) NOT NULL DEFAULT 'NULL',
  `Bal_LeastCnt` decimal(10,5) NOT NULL DEFAULT '0.00000',
  `Bal_MaxCap` decimal(10,5) NOT NULL DEFAULT '0.00000',
  `Bal_MinCap` decimal(10,5) NOT NULL DEFAULT '0.00000',
  `Bal_Unit` varchar(5) NOT NULL DEFAULT 'NULL',
  `Bal_CalbStoreType` int(11) NOT NULL DEFAULT '0',
  `Bal_CalbDates` varchar(100) DEFAULT 'NULL',
  `Bal_CalbDuration` int(11) NOT NULL DEFAULT '0',
  `Bal_CalbDueDt` date DEFAULT '1992-12-08',
  `Bal_CalbDueDtL` date DEFAULT '1992-12-08',
  `Bal_CalbDueDtU` date DEFAULT '1992-12-08',
  `Bal_CalbDueDtR` date DEFAULT '1992-12-08',
  `Bal_CalbDueDtE` date DEFAULT '1992-12-08',
  `Bal_IsCalibFail` int(11) NOT NULL DEFAULT '0',
  `Bal_CalbReminder` int(11) NOT NULL DEFAULT '0',
  `locked` int(1) DEFAULT '0',
  `editCounter` int(11) DEFAULT '0',
  `Bal_MaxoptRange` decimal(10,5) DEFAULT '0.00000',
  `Bal_MinoptRange` decimal(10,5) DEFAULT '0.00000',
  `IsNewBalance` int(11) NOT NULL DEFAULT '0',
  `IsBinBalance` int(1) DEFAULT '0',
  `Bal_isActivate` int(1) DEFAULT '0',
  `Bal_DP` int(5) DEFAULT '0',
  `userID` varchar(200) DEFAULT 'NULL',
  `Bal_DSNW` decimal(10,5) DEFAULT '0.00000',
  `Bal_IsApproved` int(1) DEFAULT '0',
  `Bal_ApprovedBy` varchar(200) DEFAULT 'NULL',
  `Bal_CalbDueMonth` date DEFAULT '1992-12-08',
  `Bal_SOPID` varchar(100) DEFAULT 'NULL',
  `Bal_MassWt` decimal(10,5) DEFAULT '0.00000',
  `Bal_ChangeWt` int(11) DEFAULT '0',
  `Bal_ChangeWtPeriodic` int(11) DEFAULT '0',
  PRIMARY KEY (`Id`)
) ENGINE=InnoDB AUTO_INCREMENT=20 DEFAULT CHARSET=latin1;

/*Data for the table `tbl_balance` */

insert  into `tbl_balance`(`Id`,`Bal_Model`,`Bal_Make`,`Bal_SrNo`,`Bal_ID`,`Bal_Dept`,`Bal_LeastCnt`,`Bal_MaxCap`,`Bal_MinCap`,`Bal_Unit`,`Bal_CalbStoreType`,`Bal_CalbDates`,`Bal_CalbDuration`,`Bal_CalbDueDt`,`Bal_CalbDueDtL`,`Bal_CalbDueDtU`,`Bal_CalbDueDtR`,`Bal_CalbDueDtE`,`Bal_IsCalibFail`,`Bal_CalbReminder`,`locked`,`editCounter`,`Bal_MaxoptRange`,`Bal_MinoptRange`,`IsNewBalance`,`IsBinBalance`,`Bal_isActivate`,`Bal_DP`,`userID`,`Bal_DSNW`,`Bal_IsApproved`,`Bal_ApprovedBy`,`Bal_CalbDueMonth`,`Bal_SOPID`,`Bal_MassWt`,`Bal_ChangeWt`,`Bal_ChangeWtPeriodic`) values 
(1,'HTR 220','Essae','11335','Bal_23','NA',0.00100,320.00000,0.00100,'gm',0,'1',0,'2025-10-01','2025-10-01','2025-10-01','2025-10-01','2025-10-01',0,5,0,0,250.00000,0.02000,0,0,1,3,'11',1.00000,1,'12','1992-12-08','Balance_@123',0.00100,1,1),
(2,'HTR 220','Essae','Bl10092025','BAL001','NA',0.00100,320.00000,0.00100,'gm',1,'0',15,'2025-09-25','2025-09-25','2025-09-25','2025-09-25','2025-09-25',0,5,0,0,300.00000,0.02000,0,0,1,3,'14',1.00000,1,'12','1992-12-08','BAL@12',0.00100,1,1),
(3,'HTR 220 E','Essae','22331','Bal_24','NA',0.00100,320.00000,0.00100,'gm',0,'1',0,'2025-10-01','2025-10-01','2025-10-01','2025-10-01','2025-10-01',0,5,0,0,250.00000,0.02000,0,0,1,3,'11',1.00000,1,'12','1992-12-08','SOP_11092025',0.00100,1,1),
(4,'HTR 220','Essae','42343','Bal_26','NA',0.00100,320.00000,0.00100,'gm',0,'1',0,'2025-10-01','2025-10-01','2025-10-01','2025-10-01','2025-10-01',0,5,0,0,250.00000,0.02000,0,0,1,3,'11',1.00000,1,'12','1992-12-08','SOP_26bal',0.00100,0,0),
(5,'HTR 220 E','Essae','33244','Bal_27','NA',0.00100,320.00000,0.00100,'gm',0,'1',0,'2025-10-01','2025-10-01','2025-10-01','2025-10-01','2025-10-01',0,5,0,0,250.00000,0.02000,0,0,1,3,'11',1.00000,1,'12','1992-12-08','ID_12092025_27',0.00100,1,1),
(6,'HTR 220','Essae','BL1209','BAL002','NA',0.00100,320.00000,0.00100,'gm',1,'0',20,'2025-10-02','2025-10-02','2025-10-02','2025-10-02','2025-10-02',0,5,0,0,300.00000,0.02000,0,0,1,3,'13',1.00000,1,'14','1992-12-08','BLE1209',10.00000,1,1),
(7,'HTR 220 E','Essae','443322','Bal_28','NA',0.00100,320.00000,0.00100,'gm',0,'1',0,'2025-10-01','2025-10-01','2025-10-01','2025-10-01','2025-10-01',0,5,0,0,250.00000,0.02000,0,0,1,3,'11',1.00000,1,'1','1992-12-08','SOP_28bal',0.00100,0,0),
(8,'HTR 220','Essae','0005','A_0001','NA',0.00100,320.00000,0.00100,'gm',1,'0',8,'2025-09-18','2025-09-18','2025-09-18','2025-09-18','2025-09-18',0,4,0,0,250.00000,0.02000,1,0,1,3,'45',1.00000,1,'Tantra','1992-12-08','01',10.00000,1,1),
(9,'HTR 220','Essae','0012','S023','NA',0.00100,320.00000,0.00100,'gm',1,'0',8,'2025-09-27','2025-09-27','2025-09-27','2025-09-27','2025-09-27',0,4,0,0,250.00000,0.02000,0,0,1,3,'45',1.00000,1,'Tantra','1992-12-08','0505',10.00000,1,1),
(10,'HTR 220','Essae','1205BL','BAL003','NA',0.00100,320.00000,0.00100,'gm',1,'0',15,'2025-10-05','2025-10-05','2025-10-05','2025-10-05','2025-10-05',0,5,0,0,300.00000,0.02000,0,0,1,3,'13',1.00000,1,'14','1992-12-08','BID_123E',12.00000,1,1),
(11,'HTR 220','Essae','7890','BALANCE_002','NA',0.00100,320.00000,0.00100,'gm',1,'0',9,'2025-09-29','2025-09-29','2025-09-29','2025-09-29','2025-09-29',0,4,0,0,250.00000,0.02000,0,0,1,3,'45',1.00000,1,'Tantra','1992-12-08','100',10.00000,1,1),
(12,'HTR 220','Essae','2024','SHR05','NA',0.00100,320.00000,0.00100,'gm',1,'0',8,'2025-10-08','2025-10-08','2025-10-08','2025-10-08','2025-10-08',0,4,0,0,250.00000,0.02000,0,0,1,3,'45',1.00000,1,'Tantra','1992-12-08','THK_H05',10.00000,0,1),
(13,'HTR 220 E','Essae','567890','QWE0524','NA',0.00100,320.00000,0.00100,'gm',1,'0',8,'2025-10-12','2025-10-12','2025-10-12','2025-10-12','2025-10-12',0,4,0,0,250.00000,0.02000,0,0,1,3,'45',1.00000,1,'Tantra','1992-12-08','ABC1234',10.00000,0,1),
(14,'HTR 220','Essae','b001','bal-01','NA',0.00100,320.00000,0.00100,'gm',1,'0',5,'2025-09-30','2025-09-30','2025-09-30','2025-09-30','2025-09-30',0,2,0,0,210.00000,0.02000,0,0,1,3,'45',1.00000,1,'Tantra','1992-12-08','1456',50.00000,1,1),
(15,'HTR 220','Essae','0123','Bal0021','NA',0.00100,320.00000,0.00100,'gm',0,'13',0,'1970-01-01','2025-09-25','2025-09-25','2025-09-25','2025-09-25',0,2,0,0,300.00000,0.02000,1,0,1,3,'45',1.00000,1,'Tantra','1992-12-08','1456',0.00100,1,1),
(16,'HTR 220','Essae','1478','OQ1','NA',0.00100,320.00000,0.00100,'gm',1,'0',5,'2025-10-01','2025-10-01','2025-10-01','2025-10-01','2025-10-01',0,2,0,0,310.00000,0.02000,0,0,1,3,'11',1.00000,1,'021','1992-12-08','456',5.00000,0,0),
(17,'HTR 220','Essae','45','12','NA',0.00100,320.00000,0.50000,'gm',1,'0',15,'2025-09-26','2025-09-26','2025-09-26','2025-09-26','2025-09-26',0,3,0,0,100.00000,0.55000,1,0,0,3,'1',1.00000,0,'NULL','1992-12-08','42',10.00000,0,0),
(18,'HTR 220','Essae','23ERGN','BAL2909','NA',0.00100,320.00000,0.00100,'gm',1,'0',25,'2025-10-24','2025-10-24','2025-10-24','2025-10-24','2025-10-24',0,5,0,0,300.00000,0.02000,0,0,1,3,'13',1.00000,1,'14','1992-12-08','D12E4',12.00000,1,1),
(19,'HTR 220','Essae','4545','4545','NA',0.00100,360.00000,0.00100,'gm',1,'0',5,'2025-10-04','2025-10-04','2025-10-04','2025-10-04','2025-10-04',0,3,0,0,250.00000,0.00200,1,0,1,3,'12',1.00000,1,'1','1992-12-08','45',10.00000,0,0);

/*Table structure for table `tbl_balance_weights` */


CREATE TABLE `tbl_balance_weights` (
  `Id` int(11) NOT NULL AUTO_INCREMENT,
  `Bal_ID` varchar(50) NOT NULL DEFAULT 'NULL',
  `Bal_StdWt` decimal(10,5) NOT NULL DEFAULT '0.00000',
  `Bal_NegTol` decimal(10,5) NOT NULL DEFAULT '0.00000',
  `Bal_PosTol` decimal(10,5) NOT NULL DEFAULT '0.00000',
  `Bal_Daily` int(1) NOT NULL DEFAULT '0',
  `Bal_Periodic` int(1) NOT NULL DEFAULT '0',
  `Bal_Linearity` int(1) NOT NULL DEFAULT '0',
  `Bal_IsEccentricity` int(1) NOT NULL DEFAULT '0',
  `Bal_EccentPoint` int(11) NOT NULL DEFAULT '0',
  `Bal_IsUncertinity` int(1) NOT NULL DEFAULT '0',
  `Bal_UncertCount` int(11) NOT NULL DEFAULT '0',
  `Bal_IsRepetability` int(1) NOT NULL DEFAULT '0',
  `Bal_ReptCount` int(11) NOT NULL DEFAULT '0',
  `PercentofCapacity` decimal(10,5) NOT NULL DEFAULT '0.00000',
  PRIMARY KEY (`Id`)
) ENGINE=InnoDB AUTO_INCREMENT=84 DEFAULT CHARSET=latin1;

/*Data for the table `tbl_balance_weights` */

insert  into `tbl_balance_weights`(`Id`,`Bal_ID`,`Bal_StdWt`,`Bal_NegTol`,`Bal_PosTol`,`Bal_Daily`,`Bal_Periodic`,`Bal_Linearity`,`Bal_IsEccentricity`,`Bal_EccentPoint`,`Bal_IsUncertinity`,`Bal_UncertCount`,`Bal_IsRepetability`,`Bal_ReptCount`,`PercentofCapacity`) values 
(1,'Bal_23',0.02000,0.01900,0.02100,1,0,1,0,0,0,0,0,0,0.00000),
(2,'Bal_23',64.00000,63.99700,64.00600,1,0,1,1,5,1,10,0,0,0.00000),
(3,'Bal_23',160.00000,159.99400,160.00900,0,0,1,0,0,0,0,0,0,0.00000),
(4,'Bal_23',256.00000,255.99300,256.00500,1,0,1,0,0,0,0,0,0,0.00000),
(5,'BAL001',0.02000,0.01900,0.02100,1,0,1,1,5,0,0,0,0,0.00000),
(6,'BAL001',10.00000,9.00000,11.00000,1,0,1,0,0,1,10,0,0,0.00000),
(7,'BAL001',20.00000,19.00000,21.00000,1,0,1,0,0,0,0,0,0,0.00000),
(8,'BAL001',30.00000,29.00000,31.00000,0,0,1,0,0,0,0,0,0,0.00000),
(9,'BAL001',40.00000,39.00000,41.00000,0,0,1,0,0,0,0,0,0,0.00000),
(10,'Bal_24',0.02000,0.01900,0.02200,1,0,1,0,0,0,0,0,0,0.00000),
(11,'Bal_24',64.00000,63.99400,64.00700,1,0,1,1,5,1,10,0,0,0.00000),
(12,'Bal_24',160.00000,159.99300,160.00800,0,0,1,0,0,0,0,0,0,0.00000),
(13,'Bal_24',256.00000,255.99200,256.00900,1,0,1,0,0,0,0,0,0,0.00000),
(14,'Bal_26',0.02000,0.01900,0.02200,1,0,1,0,0,0,0,0,0,0.00000),
(15,'Bal_26',10.00000,9.99400,10.00700,0,0,1,0,0,0,0,0,0,0.00000),
(16,'Bal_26',50.00000,49.99300,50.00800,0,0,1,0,0,0,0,0,0,0.00000),
(17,'Bal_26',64.00000,63.99600,64.00500,1,0,1,0,0,0,0,0,0,0.00000),
(18,'Bal_26',100.00000,99.99500,100.00200,0,0,1,1,5,1,10,0,0,0.00000),
(19,'Bal_26',160.00000,159.99400,160.00700,0,0,1,0,0,0,0,0,0,0.00000),
(20,'Bal_26',200.00000,199.99300,200.00400,0,0,1,0,0,0,0,0,0,0.00000),
(21,'Bal_26',220.00000,219.99800,220.00900,0,0,1,0,0,0,0,0,0,0.00000),
(22,'Bal_26',256.00000,255.99100,256.00800,1,0,1,0,0,0,0,0,0,0.00000),
(23,'Bal_27',0.02000,0.01900,0.02200,1,0,1,0,0,0,0,0,0,0.00000),
(24,'Bal_27',64.00000,63.99400,64.00700,1,0,1,1,5,0,0,0,0,0.00000),
(25,'Bal_27',160.00000,159.99500,160.00600,0,0,1,0,0,1,10,0,0,0.00000),
(26,'Bal_27',256.00000,255.99200,256.00900,1,0,1,0,0,0,0,0,0,0.00000),
(27,'BAL002',0.02000,0.01900,0.02100,1,0,1,1,5,0,0,0,0,0.00000),
(28,'BAL002',10.00000,9.00000,11.00000,1,0,1,0,0,0,0,0,0,0.00000),
(29,'BAL002',20.00000,19.00000,21.00000,1,0,1,0,0,1,10,0,0,0.00000),
(30,'BAL002',30.00000,29.00000,31.00000,0,0,1,0,0,0,0,0,0,0.00000),
(31,'BAL002',40.00000,39.00000,41.00000,0,0,1,0,0,0,0,0,0,0.00000),
(32,'Bal_28',0.02000,0.01900,0.02100,1,0,1,1,5,0,0,0,0,0.00000),
(33,'Bal_28',64.00000,63.99800,64.00900,1,0,1,0,0,1,10,0,0,0.00000),
(34,'Bal_28',160.00000,159.99500,160.00800,0,0,1,0,0,0,0,0,0,0.00000),
(35,'Bal_28',256.00000,255.99400,256.00700,1,0,1,0,0,0,0,0,0,0.00000),
(36,'A_0001',0.02000,0.01500,0.03000,1,0,1,0,0,1,10,0,0,0.00000),
(37,'A_0001',64.00000,0.02000,65.00000,1,0,1,1,5,0,0,0,0,0.00000),
(38,'A_0001',160.00000,0.30000,161.00000,1,0,1,0,0,0,0,0,0,0.00000),
(39,'A_0001',256.00000,0.25000,258.00000,0,0,1,0,0,0,0,0,0,0.00000),
(40,'S023',0.02000,0.01500,0.02500,1,0,1,1,5,0,0,0,0,0.00000),
(41,'S023',64.00000,63.91500,64.32000,1,0,1,0,0,0,0,0,0,0.00000),
(42,'S023',160.00000,159.99000,160.25000,1,0,1,0,0,1,10,0,0,0.00000),
(43,'S023',256.00000,255.91500,256.22000,0,0,1,0,0,0,0,0,0,0.00000),
(44,'BAL003',0.02000,0.01900,0.02100,1,0,1,1,5,0,0,0,0,0.00000),
(45,'BAL003',10.00000,9.00000,11.00000,1,0,1,0,0,1,10,0,0,0.00000),
(46,'BAL003',20.00000,19.00000,21.00000,1,0,1,0,0,0,0,0,0,0.00000),
(47,'BAL003',30.00000,29.00000,31.00000,0,0,1,0,0,0,0,0,0,0.00000),
(48,'BAL003',40.00000,39.00000,41.00000,0,0,1,0,0,0,0,0,0,0.00000),
(49,'BALANCE_002',64.00000,63.95000,64.20000,1,0,1,1,5,1,10,0,0,0.00000),
(50,'BALANCE_002',160.00000,159.99000,160.20000,1,0,1,0,0,0,0,0,0,0.00000),
(51,'BALANCE_002',0.02000,0.01000,0.03000,1,0,1,0,0,0,0,0,0,0.00000),
(52,'BALANCE_002',256.00000,255.95000,256.25000,0,0,1,0,0,0,0,0,0,0.00000),
(53,'SHR05',0.02000,0.01000,0.03000,1,0,0,1,5,0,0,0,0,0.00000),
(54,'SHR05',64.00000,63.98000,64.20000,1,0,1,0,0,0,0,0,0,0.00000),
(55,'SHR05',160.00000,159.97000,160.30000,1,0,1,0,0,0,0,0,0,0.00000),
(56,'SHR05',256.00000,255.99000,256.30000,0,0,1,0,0,0,0,0,0,0.00000),
(57,'QWE0524',0.02000,0.01000,0.03000,1,0,0,1,5,0,0,0,0,0.00000),
(58,'QWE0524',64.00000,63.80000,64.20000,1,0,0,0,0,1,10,0,0,0.00000),
(59,'QWE0524',160.00000,159.60000,160.30000,1,0,1,0,0,0,0,0,0,0.00000),
(60,'QWE0524',256.00000,255.80000,256.30000,0,0,1,0,0,0,0,0,0,0.00000),
(61,'bal-01',0.02000,0.01500,0.03000,1,0,1,0,0,0,0,0,0,0.00000),
(62,'bal-01',64.00000,60.00000,67.00000,1,0,0,1,5,0,0,0,0,0.00000),
(63,'bal-01',160.00000,145.00000,170.00000,1,0,1,0,0,0,0,0,0,0.00000),
(64,'bal-01',256.00000,250.00000,300.00000,0,0,1,0,0,1,10,0,0,0.00000),
(65,'Bal0021',0.02000,0.01000,0.02500,1,0,1,1,5,1,10,0,0,0.00000),
(66,'Bal0021',64.00000,60.00000,68.00000,1,0,1,0,0,0,0,0,0,0.00000),
(67,'Bal0021',160.00000,155.00000,168.00000,1,0,1,0,0,0,0,0,0,0.00000),
(68,'Bal0021',256.00000,250.00000,300.00000,0,0,1,0,0,0,0,0,0,0.00000),
(69,'OQ1',0.02000,0.01000,0.03000,1,0,1,0,0,0,0,0,0,0.00000),
(70,'OQ1',64.00000,60.00000,68.00000,1,0,1,1,5,1,10,0,0,0.00000),
(71,'OQ1',256.00000,250.00000,300.00000,1,0,1,0,0,0,0,0,0,0.00000),
(72,'OQ1',160.00000,158.00000,190.00000,0,0,1,0,0,0,0,0,0,0.00000),
(73,'12',20.00000,19.98000,20.02000,1,0,1,1,5,1,10,0,0,0.00000),
(74,'12',40.00000,39.96000,40.04000,1,0,1,0,0,0,0,0,0,0.00000),
(75,'12',50.00000,49.95000,50.05000,1,0,1,0,0,0,0,0,0,0.00000),
(76,'BAL2909',0.02000,0.01900,0.02100,1,0,1,0,0,1,10,0,0,0.00000),
(77,'BAL2909',10.00000,9.00000,11.00000,1,0,1,0,0,0,0,0,0,0.00000),
(78,'BAL2909',20.00000,19.00000,21.00000,1,0,1,0,0,0,0,0,0,0.00000),
(79,'BAL2909',30.00000,29.00000,31.00000,0,0,1,1,5,0,0,0,0,0.00000),
(80,'BAL2909',40.00000,39.00000,41.00000,0,0,1,0,0,0,0,0,0,0.00000),
(81,'4545',0.02000,0.01800,0.02200,1,0,1,1,5,1,10,0,0,0.00000),
(82,'4545',10.00000,9.89600,10.12000,1,0,0,0,0,0,0,0,0,0.00000),
(83,'4545',20.00000,19.12000,21.00000,1,0,0,0,0,0,0,0,0,0.00000);

/*Table structure for table `tbl_batches` */


CREATE TABLE `tbl_batches` (
  `RecNo` int(11) NOT NULL AUTO_INCREMENT,
  `Batch` varchar(100) NOT NULL DEFAULT 'NULL',
  `Status` varchar(1) DEFAULT 'N',
  `dt` date DEFAULT NULL,
  `tm` time DEFAULT NULL,
  `CubicNo` int(11) NOT NULL,
  `cubicleType` varchar(100) DEFAULT 'NULL',
  `Prod_ID` varchar(500) DEFAULT 'NULL',
  `Prod_Name` varchar(500) DEFAULT 'NULL',
  `Prod_Version` varchar(500) DEFAULT 'NA',
  `Version` varchar(500) DEFAULT 'NA',
  `GenericName` varchar(250) DEFAULT 'NULL',
  `batchStatusInCubicle` varchar(500) DEFAULT 'NULL',
  `BatchStartDTTM` timestamp NULL DEFAULT '0000-00-00 00:00:00' COMMENT 'For veersandra summary',
  `BatchEndDTTM` timestamp NULL DEFAULT '0000-00-00 00:00:00' COMMENT 'For veersandra summary',
  PRIMARY KEY (`RecNo`)
) ENGINE=InnoDB AUTO_INCREMENT=147 DEFAULT CHARSET=latin1;

/*Data for the table `tbl_batches` */

insert  into `tbl_batches`(`RecNo`,`Batch`,`Status`,`dt`,`tm`,`CubicNo`,`cubicleType`,`Prod_ID`,`Prod_Name`,`Prod_Version`,`Version`,`GenericName`,`batchStatusInCubicle`,`BatchStartDTTM`,`BatchEndDTTM`) values 
(1,'BT_01_Test','E','2025-09-10','12:24:06',15,'Dry Syrup','1211','Bactoclov Dry Syrup','1345','3212','Amoxillin and Calvalunate Potassium for Oral Suspention','NA','2025-09-10 12:24:06','2025-09-11 08:04:40'),
(2,'BT-COM-INI/S','E','2025-09-13','15:06:43',1,'Compression','Para_123','PARACETAMOL 50 MG','PVR_102','10092025','ERGO HEALTH','NA','2025-09-10 14:34:49','2025-09-13 15:06:47'),
(3,'BT_02_Test','E','2025-09-11','09:35:39',15,'Dry Syrup','1211','Bactoclov Dry Syrup','1345','3212','Amoxillin and Calvalunate Potassium for Oral Suspention','NA','2025-09-11 08:07:36','2025-09-11 10:56:40'),
(4,'BT_03_Test','E','2025-09-11','11:07:29',15,'Dry Syrup','1211','Bactoclov Dry Syrup','1345','3212','Amoxillin and Calvalunate Potassium for Oral Suspention','NA','2025-09-11 11:07:29','2025-09-11 11:32:07'),
(5,'BT_04_Test','E','2025-09-11','11:34:45',15,'Dry Syrup','1211','Bactoclov Dry Syrup','1345','3212','Amoxillin and Calvalunate Potassium for Oral Suspention','NA','2025-09-11 11:34:45','2025-09-11 13:57:34'),
(7,'BT_07_Test','E','2025-09-13','13:59:26',6,'QC','1411','Donepile Tablet 600 mg','2233','4455','Bromodenepine Suspention','NA','2025-09-12 09:01:40','2025-09-13 13:59:31'),
(8,'BT_08_Test','E','2025-09-13','08:11:29',15,'Dry Syrup','1211','Bactoclov Dry Syrup','1345','3212','Amoxillin and Calvalunate Potassium for Oral Suspention','NA','2025-09-12 10:00:23','2025-09-13 08:11:36'),
(9,'BT_09_Test','E','2025-09-13','08:13:19',15,'Dry Syrup','1211','Bactoclov Dry Syrup','1345','3212','Amoxillin and Calvalunate Potassium for Oral Suspention','NA','2025-09-13 08:13:19','2025-09-13 11:59:04'),
(10,'BT_10_Test','E','2025-09-15','08:23:40',15,'Dry Syrup','1211','Bactoclov Dry Syrup','1345','3212','Amoxillin and Calvalunate Potassium for Oral Suspention','NA','2025-09-13 12:02:56','2025-09-15 08:24:00'),
(11,'BT_11_Test','E','2025-09-13','14:00:36',6,'QC','1411','Donepile Tablet 600 mg','2233','4455','Bromodenepine Suspention','NA','2025-09-13 14:00:36','2025-09-13 14:56:31'),
(12,'BT_12_Test','E','2025-09-13','15:03:44',6,'QC','1411','Donepile Tablet 600 mg','2233','4455','Bromodenepine Suspention','NA','2025-09-13 15:03:44','2025-09-15 08:23:29'),
(13,'BT-COM-REG/S','E','2025-09-15','08:42:50',1,'Compression','Para_123','PARACETAMOL 50 MG','PVR_102','10092025','ERGO HEALTH','NA','2025-09-13 15:13:12','2025-09-15 08:42:53'),
(14,'BT_13_Test','E','2025-09-15','08:51:04',15,'Dry Syrup','1211','Bactoclov Dry Syrup','1345','3212','Amoxillin and Calvalunate Potassium for Oral Suspention','NA','2025-09-15 08:24:49','2025-09-15 10:49:58'),
(18,'12','E','2025-09-15','10:27:32',1,'Compression','1411','Donepile Tablet 600 mg','2233','4455','Bromodenepine Suspention','NA','2025-09-15 08:43:10','2025-09-15 14:30:35'),
(19,'BT_18_Test','E','2025-09-15','12:53:46',15,'Dry Syrup','1211','Bactoclov Dry Syrup','1345','3212','Amoxillin and Calvalunate Potassium for Oral Suspention','NA','2025-09-15 10:51:00','2025-09-16 08:26:31'),
(20,'TEST_0005','E','2025-09-15','11:59:07',2,'Compression','1411','Donepile Tablet 600 mg','2233','4455','Bromodenepine Suspention','NA','2025-09-15 11:59:07','2025-09-17 10:09:28'),
(21,'BT_20_Test','E','2025-09-15','12:11:40',6,'QC','1411','Donepile Tablet 600 mg','2233','4455','Bromodenepine Suspention','NA','2025-09-15 12:11:40','2025-09-15 12:37:19'),
(22,'BT_22_Test','E','2025-09-16','09:40:19',6,'QC','1411','Donepile Tablet 600 mg','2233','4455','Bromodenepine Suspention','NA','2025-09-15 12:37:51','2025-09-16 09:40:27'),
(23,'BT-COM-REG/S1','E','2025-09-15','14:31:29',1,'Compression','Para_123','PARACETAMOL 50 MG','PVR_102','10092025','ERGO HEALTH','NA','2025-09-15 14:31:29','2025-09-15 15:55:58'),
(24,'BT-COM-REG/S2','E','2025-09-15','15:56:55',1,'Compression','Para_123','PARACETAMOL 50 MG','PVR_102','10092025','ERGO HEALTH','NA','2025-09-15 15:56:55','2025-09-16 12:33:57'),
(25,'BT_22_Test','E','2025-09-16','08:27:22',15,'Dry Syrup','1211','Bactoclov Dry Syrup','1345','3212','Amoxillin and Calvalunate Potassium for Oral Suspention','NA','2025-09-16 08:27:22','2025-09-16 09:37:12'),
(26,'BT_23_Test','E','2025-09-16','09:52:15',6,'QC','1411','Donepile Tablet 600 mg','2233','4455','Bromodenepine Suspention','NA','2025-09-16 09:52:15','2025-09-16 11:32:37'),
(27,'BT_24_Test','E','2025-09-16','11:42:07',15,'Dry Syrup','1211','Bactoclov Dry Syrup','1345','3212','Amoxillin and Calvalunate Potassium for Oral Suspention','NA','2025-09-16 11:42:07','2025-09-16 12:32:38'),
(28,'BT_25_Test','E','2025-09-16','12:33:40',6,'QC','1411','Donepile Tablet 600 mg','2233','4455','Bromodenepine Suspention','NA','2025-09-16 12:33:40','2025-09-16 12:35:26'),
(29,'BT_26_Test','E','2025-09-16','12:47:02',6,'QC','1411','Donepile Tablet 600 mg','2233','4455','Bromodenepine Suspention','NA','2025-09-16 12:47:02','2025-09-17 08:29:38'),
(30,'BT_27_Test','E','2025-09-17','10:21:45',15,'Dry Syrup','1211','Bactoclov Dry Syrup','1345','3212','Amoxillin and Calvalunate Potassium for Oral Suspention','NA','2025-09-17 08:32:07','2025-09-18 08:37:23'),
(31,'BT_29_Test','E','2025-09-18','08:38:36',6,'QC','1411','Donepile Tablet 600 mg','2233','4455','Bromodenepine Suspention','NA','2025-09-17 10:12:56','2025-09-18 08:38:41'),
(32,'BATCH_05','E','2025-09-17','10:33:07',2,'Compression','1411','Donepile Tablet 600 mg','2233','4455','Bromodenepine Suspention','NA','2025-09-17 10:33:07','2025-09-17 11:55:49'),
(33,'BATCH_05','E','2025-09-17','11:57:23',2,'Compression','1411','Donepile Tablet 600 mg','2233','4455','Bromodenepine Suspention','NA','2025-09-17 11:57:23','2025-09-17 12:06:43'),
(34,'BATCH_05','E','2025-09-17','11:57:23',2,'Compression','1411','Donepile Tablet 600 mg','2233','4455','Bromodenepine Suspention','NA','2025-09-17 11:57:23','2025-09-17 12:06:43'),
(35,'BATCH_10','E','2025-09-17','12:07:43',2,'Compression','Para_123','PARACETAMOL 50 MG','PVR_102','10092025','ERGO HEALTH','NA','2025-09-17 12:07:43','2025-09-18 14:28:57'),
(36,'BT-123','E','2025-09-17','14:21:39',1,'Compression','Para_123','PARACETAMOL 50 MG','PVR_102','10092025','ERGO HEALTH','NA','2025-09-17 14:21:39','2025-09-18 14:47:22'),
(37,'BT_30_Test','E','2025-09-18','09:03:41',6,'QC','1411','Donepile Tablet 600 mg','2233','4455','Bromodenepine Suspention','NA','2025-09-18 09:03:41','2025-09-18 09:23:02'),
(38,'BT_31_Test','E','2025-09-18','09:51:15',6,'QC','1411','Donepile Tablet 600 mg','2233','4455','Bromodenepine Suspention','NA','2025-09-18 09:51:15','2025-09-18 10:19:52'),
(39,'HM_0005','E','2025-09-18','15:24:45',2,'Compression','DOLO_0005','DOLO 250MG','00001','002','BENDRYL','NA','2025-09-18 15:24:45','2025-09-19 10:58:11'),
(40,'ACC-QC-REG/S','E','2025-09-18','16:09:28',6,'QC','Para_123','PARACETAMOL 50 MG','PVR_102','10092025','ERGO HEALTH','NA','2025-09-18 16:09:28','2025-09-18 16:23:52'),
(41,'BT-COM-REG/S3','E','2025-09-20','12:43:28',1,'Compression','Para_123','PARACETAMOL 50 MG','PVR_102','10092025','ERGO HEALTH','NA','2025-09-18 16:26:12','2025-09-20 12:43:32'),
(42,'BATCH_02','E','2025-09-19','10:59:46',2,'Compression','DOLO_0005','DOLO 250MG','00001','002','BENDRYL','NA','2025-09-19 10:59:46','2025-09-20 12:39:18'),
(43,'BT-112','E','2025-09-19','14:40:42',6,'QC','Para_123','PARACETAMOL 50 MG','PVR_102','10092025','ERGO HEALTH','NA','2025-09-19 14:40:42','2025-09-20 09:35:23'),
(46,'BT_32_Test','E','2025-09-20','09:37:04',6,'QC','1411','Donepile Tablet 600 mg','2233','4455','Bromodenepine Suspention','NA','2025-09-20 09:37:04','2025-09-20 10:20:59'),
(48,'BT_33_Test','E','2025-09-20','11:33:16',15,'Dry Syrup','1211','Bactoclov Dry Syrup','1345','3212','Amoxillin and Calvalunate Potassium for Oral Suspention','NA','2025-09-20 11:33:16','2025-09-20 14:17:57'),
(52,'BT-COM-REG/D','E','2025-09-20','12:44:31',1,'Compression','Para_123','PARACETAMOL 50 MG','PVR_102','10092025','ERGO HEALTH','NA','2025-09-20 12:44:31','2025-09-23 13:51:15'),
(53,'BT_35_Test','E','2025-09-20','14:19:52',6,'QC','1411','Donepile Tablet 600 mg','2233','4455','Bromodenepine Suspention','NA','2025-09-20 14:19:52','2025-09-20 14:23:08'),
(57,'BT_38_Test','E','2025-09-22','08:31:18',6,'QC','1411','Donepile Tablet 600 mg','2233','4455','Bromodenepine Suspention','NA','2025-09-22 08:31:18','2025-09-22 09:59:46'),
(58,'BT_39_Test','E','2025-09-22','10:10:15',6,'QC','1411','Donepile Tablet 600 mg','2233','4455','Bromodenepine Suspention','NA','2025-09-22 10:10:15','2025-09-22 10:19:43'),
(59,'BT_40_Test','E','2025-09-23','11:24:46',6,'QC','1411','Donepile Tablet 600 mg','2233','4455','Bromodenepine Suspention','NA','2025-09-22 10:20:23','2025-09-23 11:24:49'),
(60,'BATCH05','E','2025-09-22','10:41:06',2,'Compression','DOLO_0005','DOLO 250MG','00001','002','BENDRYL','NA','2025-09-22 10:41:06','2025-09-22 11:02:05'),
(61,'VBN_10','E','2025-09-22','11:03:20',2,'Compression','Para_123','PARACETAMOL 50 MG','PVR_102','10092025','ERGO HEALTH','NA','2025-09-22 11:03:20','2025-09-22 11:34:56'),
(62,'BATCH-002','E','2025-09-22','14:05:32',2,'Compression','DOLO_0005','DOLO 250MG','00001','002','BENDRYL','NA','2025-09-22 14:05:32','2025-09-22 14:19:49'),
(63,'MMC-05','E','2025-09-22','14:21:13',2,'Compression','TRIO25','TRIOCHEM-25','BT-10.2','1235','KETOPROFHEN','NA','2025-09-22 14:21:13','2025-09-22 14:27:17'),
(64,'BATCH-SR05','E','2025-09-22','14:40:30',2,'Compression','TRIO25','TRIOCHEM-25','BT-10.2','1235','KETOPROFHEN','NA','2025-09-22 14:40:30','2025-09-24 10:18:11'),
(65,'BT_41_Test','E','2025-09-23','11:28:33',6,'QC','1411','Donepile Tablet 600 mg','2233','4455','Bromodenepine Suspention','NA','2025-09-23 11:28:33','2025-09-23 12:00:36'),
(66,'BT_42_Test','E','2025-09-23','14:09:34',6,'QC','1411','Donepile Tablet 600 mg','2233','4455','Bromodenepine Suspention','NA','2025-09-23 14:09:34','2025-09-23 14:19:42'),
(67,'COM-HD-INI/S','E','2025-09-23','14:25:05',1,'Compression','Para_123','PARACETAMOL 50 MG','PVR_102','10092025','ERGO HEALTH','NA','2025-09-23 14:25:05','2025-09-24 10:21:14'),
(68,'BT_43_Test','E','2025-09-23','14:45:45',6,'QC','1411','Donepile Tablet 600 mg','2233','4455','Bromodenepine Suspention','NA','2025-09-23 14:45:45','2025-09-23 14:55:49'),
(69,'BT_45_Test','E','2025-09-23','15:26:29',6,'QC','1411','Donepile Tablet 600 mg','2233','4455','Bromodenepine Suspention','NA','2025-09-23 15:26:29','2025-09-23 15:27:34'),
(70,'BT_46_Test','E','2025-09-23','15:29:23',6,'QC','1411','Donepile Tablet 600 mg','2233','4455','Bromodenepine Suspention','NA','2025-09-23 15:29:23','2025-09-23 15:32:15'),
(71,'BT_47_Test','E','2025-09-23','16:00:21',6,'QC','1211','Flecinide Asetite Tablet','2332','4556','Ferrous Fulfate RE Tablet','NA','2025-09-23 16:00:21','2025-09-23 16:09:05'),
(72,'BT_49_Test','E','2025-09-24','08:09:05',6,'QC','1211','Flecinide Asetite Tablet','2332','4556','Ferrous Fulfate RE Tablet','NA','2025-09-24 08:09:05','2025-09-24 08:31:45'),
(73,'BT_50_Test','E','2025-09-24','09:22:18',6,'QC','1411','Donepile Tablet 600 mg','2233','4455','Bromodenepine Suspention','NA','2025-09-24 09:22:18','2025-09-24 10:41:20'),
(74,'BT-TEST_REG/S','E','2025-09-24','10:25:08',1,'Compression','Para_123','PARACETAMOL 50 MG','PVR_102','10092025','ERGO HEALTH','NA','2025-09-24 10:25:08','2025-09-26 10:06:13'),
(75,'BAC_05','E','2025-09-24','10:49:37',2,'Compression','TRIO25','TRIOCHEM-25','BT-10.2','1235','KETOPROFHEN','NA','2025-09-24 10:49:37','2025-09-24 10:59:51'),
(76,'BAC_N','E','2025-09-24','11:00:48',2,'Compression','DOLO_0005','DOLO 250MG','00001','002','BENDRYL','NA','2025-09-24 11:00:48','2025-09-24 11:10:24'),
(77,'BT-02','E','2025-09-24','11:18:11',6,'QC','TRIO25','TRIOCHEM-25','BT-10.2','1235','KETOPROFHEN','NA','2025-09-24 11:18:11','2025-09-25 11:00:18'),
(78,'BT_51_Test','E','2025-09-25','11:06:31',6,'QC','1211','Flecinide Asetite Tablet','2332','4556','Ferrous Fulfate RE Tablet','NA','2025-09-25 11:06:31','2025-09-25 11:21:11'),
(79,'BT_52_Test','E','2025-09-25','11:23:01',6,'QC','1411','Donepile Tablet 600 mg','2233','4455','Bromodenepine Suspention','NA','2025-09-25 11:23:01','2025-09-25 12:30:58'),
(80,'BATCH001','E','2025-09-25','11:31:00',2,'Compression','TRIO25','TRIOCHEM-25','BT-10.2','1235','KETOPROFHEN','NA','2025-09-25 11:31:00','2025-09-25 12:31:54'),
(81,'BT_54_Test','E','2025-09-25','12:33:00',6,'QC','1411','Donepile Tablet 600 mg','2233','4455','Bromodenepine Suspention','NA','2025-09-25 12:33:00','2025-09-25 13:42:22'),
(82,'BT_55_Test','E','2025-09-26','15:04:44',6,'QC','1211','Flecinide Asetite Tablet','2332','4556','Ferrous Fulfate RE Tablet','NA','2025-09-25 13:44:34','2025-09-26 15:04:48'),
(83,'BT_56_Test','E','2025-09-25','14:11:28',15,'Dry Syrup','1211','Bactoclov Dry Syrup','1345','3212','Amoxillin and Calvalunate Potassium for Oral Suspention','NA','2025-09-25 14:11:28','2025-09-25 14:35:01'),
(84,'SHR24','E','2025-09-25','14:12:15',2,'Compression','TRIO25','TRIOCHEM-25','BT-10.2','1235','KETOPROFHEN','NA','2025-09-25 14:12:15','2025-09-25 16:56:36'),
(85,'BT_57_Test','S','2025-09-25','14:36:28',15,'Dry Syrup','1211','Bactoclov Dry Syrup','1345','3212','Amoxillin and Calvalunate Potassium for Oral Suspention','Assigned','2025-09-25 14:36:28','0000-00-00 00:00:00'),
(86,'BT-TEST-INI/S','E','2025-09-26','10:09:45',1,'Compression','Para_123','PARACETAMOL 50 MG','PVR_102','10092025','ERGO HEALTH','NA','2025-09-26 10:09:45','2025-09-26 16:42:01'),
(87,'BATCH55','E','2025-09-26','11:05:03',2,'Compression','TRIO25','TRIOCHEM-25','BT-10.2','1235','KETOPROFHEN','NA','2025-09-26 11:05:03','2025-09-26 14:23:20'),
(88,'BATCH01','P','2025-09-26','11:41:37',3,'Compression','DOLO_0005','DOLO 250MG','00001','002','BENDRYL','Paused','2025-09-26 11:41:37','0000-00-00 00:00:00'),
(89,'0213','P','2025-09-26','11:50:45',3,'Compression','D01','DOLO','D123','213','abcd','Paused','2025-09-26 11:50:45','0000-00-00 00:00:00'),
(90,'23645','E','2025-09-26','12:08:24',3,'Compression','d002','dolo2','456123','1589','do1','NA','2025-09-26 12:08:24','2025-09-26 12:34:38'),
(91,'02145','E','2025-09-26','12:43:43',3,'Compression','d002','dolo2','456123','1589','do1','NA','2025-09-26 12:43:43','2025-09-26 12:45:49'),
(92,'003','P','2025-09-26','12:58:55',3,'Compression','D01','DOLO','D123','213','abcd','Paused','2025-09-26 12:58:55','0000-00-00 00:00:00'),
(93,'bal011','E','2025-09-26','14:21:32',3,'Compression','d002','dolo2','456123','1589','do1','NA','2025-09-26 14:21:32','2025-09-26 14:29:05'),
(94,'BATCHHH05','E','2025-09-26','14:26:45',2,'Compression','TRIO25','TRIOCHEM-25','BT-10.2','1235','KETOPROFHEN','NA','2025-09-26 14:26:45','2025-09-26 14:55:16'),
(95,'batch01','E','2025-09-26','14:36:32',3,'Compression','Para_123','PARACETAMOL 50 MG','PVR_102','10092025','ERGO HEALTH','NA','2025-09-26 14:36:32','2025-09-26 15:04:04'),
(96,'BT55','E','2025-09-27','11:41:00',2,'Compression','TRIO25','TRIOCHEM-25','BT-10.2','1235','KETOPROFHEN','NA','2025-09-27 11:41:00','2025-09-27 11:41:06'),
(97,'BT009','E','2025-09-26','15:05:29',6,'QC','TRIO25','TRIOCHEM-25','BT-10.2','1235','KETOPROFHEN','NA','2025-09-26 15:05:29','2025-09-26 15:07:44'),
(98,'bt56','E','2025-09-26','15:08:40',6,'QC','1811','Domperidene IP20 MG','3322','4455','Paracetamoll IP350 MG','NA','2025-09-26 15:08:40','2025-09-27 11:18:30'),
(99,'batch01','E','2025-09-26','15:53:18',3,'Compression','Para_123','PARACETAMOL 50 MG','PVR_102','10092025','ERGO HEALTH','NA','2025-09-26 15:53:18','2025-09-26 16:34:16'),
(100,'batch02','E','2025-09-26','16:37:12',3,'Compression','Para_123','PARACETAMOL 50 MG','PVR_102','10092025','ERGO HEALTH','NA','2025-09-26 16:37:12','2025-09-27 09:19:34'),
(101,'BT-TEST-REG/D','E','2025-09-26','17:30:48',1,'Compression','Para_123','PARACETAMOL 50 MG','PVR_102','10092025','ERGO HEALTH','NA','2025-09-26 17:30:48','2025-09-27 11:25:54'),
(102,'batch21','P','2025-09-27','09:27:01',3,'Compression','Para_123','PARACETAMOL 50 MG','PVR_102','10092025','ERGO HEALTH','Paused','2025-09-27 09:27:01','0000-00-00 00:00:00'),
(103,'batch22','E','2025-09-27','11:10:26',3,'Compression','D01','DOLO','D123','213','abcd','NA','2025-09-27 11:10:26','2025-09-27 11:12:31'),
(104,'batch22','E','2025-09-27','11:10:26',3,'Compression','D01','DOLO','D123','213','abcd','NA','2025-09-27 11:10:26','2025-09-27 11:12:31'),
(105,'batch22','E','2025-09-27','11:13:56',3,'Compression','D01','DOLO','D123','213','abcd','NA','2025-09-27 11:13:56','2025-09-30 11:36:37'),
(106,'254','E','2025-09-27','11:27:41',4,'Capsule Filling','1811','Domperidene IP20 MG','3322','4455','Paracetamoll IP350 MG','NA','2025-09-27 11:23:06','2025-09-27 11:27:45'),
(107,'BT-TEST-REG/S1','E','2025-09-27','11:27:33',1,'Compression','Para_123','PARACETAMOL 50 MG','PVR_102','10092025','ERGO HEALTH','NA','2025-09-27 11:27:33','2025-09-27 13:57:58'),
(108,'batchh24','E','2025-09-27','11:55:17',2,'Compression','TRIO25','TRIOCHEM-25','BT-10.2','1235','KETOPROFHEN','NA','2025-09-27 11:42:14','2025-09-29 11:48:28'),
(109,'batchh24','E','2025-09-27','11:55:17',2,'Compression','TRIO25','TRIOCHEM-25','BT-10.2','1235','KETOPROFHEN','NA','2025-09-27 11:42:14','2025-09-29 11:48:28'),
(110,'BT-TEST-REG/S2','E','2025-09-27','13:58:48',1,'Compression','Para_123','PARACETAMOL 50 MG','PVR_102','10092025','ERGO HEALTH','NA','2025-09-27 13:58:48','2025-09-27 14:29:30'),
(111,'BT-QC-INI/S','E','2025-09-29','10:45:21',6,'QC','Para_123','PARACETAMOL 50 MG','PVR_102','10092025','ERGO HEALTH','NA','2025-09-27 14:39:51','2025-09-29 16:09:39'),
(112,'100.12','E','2025-09-29','12:19:07',2,'Compression','73979','VANOPAX-20','WWE2.0','1234','LINIPAN','NA','2025-09-29 11:50:19','2025-09-29 12:19:19'),
(113,'SHRTTT-001','E','2025-09-29','12:20:33',2,'Compression','73979','VANOPAX-20','WWE2.0','1234','LINIPAN','NA','2025-09-29 12:20:33','2025-09-29 12:32:28'),
(114,'HRM-0005','E','2025-09-29','12:36:00',2,'Compression','73979','VANOPAX-20','WWE2.0','1234','LINIPAN','NA','2025-09-29 12:36:00','2025-09-29 14:26:41'),
(115,'WE234','E','2025-09-29','14:32:36',2,'Compression','73979','VANOPAX-20','WWE2.0','1234','LINIPAN','NA','2025-09-29 14:32:36','2025-09-29 15:28:52'),
(116,'BRANCH-009','E','2025-09-29','15:41:24',2,'Compression','73979','VANOPAX-20','WWE2.0','1234','LINIPAN','NA','2025-09-29 15:41:24','2025-09-29 15:54:28'),
(121,'SHR24','E','2025-09-30','10:20:20',2,'Compression','73979','VANOPAX-20','WWE2.0','1234','LINIPAN','NA','2025-09-30 10:20:20','2025-09-30 10:41:43'),
(122,'TB_0005','E','2025-09-30','10:44:45',2,'Compression','73979','VANOPAX-20','WWE2.0','1234','LINIPAN','NA','2025-09-30 10:44:45','2025-09-30 11:35:00'),
(123,'ACC-COM-INI','E','2025-09-30','11:37:22',3,'Compression','Para_123','PARACETAMOL 50 MG','PVR_102','10092025','ERGO HEALTH','NA','2025-09-30 11:37:22','2025-09-30 12:01:39'),
(124,'BAT45','E','2025-09-30','12:01:43',2,'Compression','73979','VANOPAX-20','WWE2.0','1234','LINIPAN','NA','2025-09-30 12:01:43','2025-09-30 13:54:57'),
(125,'ACC-COM-REG/S','E','2025-09-30','12:02:23',3,'Compression','Para_123','PARACETAMOL 50 MG','PVR_102','10092025','ERGO HEALTH','NA','2025-09-30 12:02:23','2025-09-30 13:59:18'),
(127,'QT05','E','2025-09-30','13:55:49',2,'Compression','73979','VANOPAX-20','WWE2.0','1234','LINIPAN','NA','2025-09-30 13:55:49','2025-09-30 14:00:18'),
(128,'ACC-COM-REG/S1','E','2025-09-30','14:00:06',3,'Compression','Para_123','PARACETAMOL 50 MG','PVR_102','10092025','ERGO HEALTH','NA','2025-09-30 14:00:06','2025-09-30 14:41:25'),
(129,'YT01','E','2025-09-30','14:01:19',2,'Compression','73979','VANOPAX-20','WWE2.0','1234','LINIPAN','NA','2025-09-30 14:01:19','2025-09-30 14:45:06'),
(130,'US-0005','E','2025-09-30','15:23:31',2,'Compression','050624','NETFIX-200','12345','2546','NACMED-AD','NA','2025-09-30 15:23:31','2025-09-30 16:10:55'),
(131,'BATCH IN-1','E','2025-09-30','16:21:41',2,'Compression','050624','NETFIX-200','12345','2546','NACMED-AD','NA','2025-09-30 16:21:41','2025-10-01 10:38:30'),
(132,'COMBT_01','E','2025-10-01','10:45:31',2,'Compression','050624','NETFIX-200','12345','2546','NACMED-AD','NA','2025-10-01 10:41:59','2025-10-01 11:18:04'),
(133,'COMP-0001','E','2025-10-01','11:19:32',2,'Compression','73979','VANOPAX-20','WWE2.0','1234','LINIPAN','NA','2025-10-01 11:19:32','2025-10-01 12:01:55'),
(134,'BT234','E','2025-10-01','12:02:36',2,'Compression','050624','NETFIX-200','12345','2546','NACMED-AD','NA','2025-10-01 12:02:36','2025-10-01 14:42:24'),
(135,'CAPS-DIF-INI1','E','2025-10-04','10:19:33',4,'Capsule Filling','ZVX_CAP0110','ZONICEP 25 MG CAPSULE','Z_V2.0','ZCAP0110','ERGO HEALTH','NA','2025-10-01 14:38:48','2025-10-04 10:19:37'),
(136,'COMP234','E','2025-10-01','14:55:07',2,'Compression','050624','NETFIX-200','12345','2546','NACMED-AD','NA','2025-10-01 14:47:55','2025-10-01 14:55:11'),
(137,'BATCH002','E','2025-10-01','15:02:35',2,'Compression','050624','NETFIX-200','12345','2546','NACMED-AD','NA','2025-10-01 14:57:03','2025-10-03 11:27:02'),
(138,'BT-24','E','2025-10-03','13:57:12',5,'Capsule Filling','PRODUCT-005','CANDILIX-200','NQT1.0','12345','DULOSYS','NA','2025-10-03 11:31:45','2025-10-03 17:12:44'),
(139,'CAPS-CHK-REG','E','2025-10-04','10:23:40',5,'Capsule Filling','ZVX_CAP0110','ZONICEP 25 MG CAPSULE','Z_V2.0','ZCAP0110','ERGO HEALTH','NA','2025-10-04 10:23:40','2025-10-04 11:41:21'),
(140,'BATCH-04','R','2025-10-04','11:16:25',4,'Capsule Filling','PRODUCT-005','CANDILIX-200','NQT1.0','12345','DULOSYS','Assigned','2025-10-04 11:06:43','0000-00-00 00:00:00'),
(141,'BT-CAP-1','E','2025-10-04','11:43:11',5,'Capsule Filling','ZVX_CAP0110','ZONICEP 25 MG CAPSULE','Z_V2.0','ZCAP0110','ERGO HEALTH','NA','2025-10-04 11:43:11','2025-10-06 11:33:00'),
(142,'BT_450','P','2025-10-04','16:22:24',1,'Compression','Pro_54','Dolo 500 mg','12','785','12','Paused','2025-10-04 16:22:24','0000-00-00 00:00:00'),
(143,'BT_450','P','2025-10-04','16:22:24',1,'Compression','Pro_54','Dolo 500 mg','12','785','12','Paused','2025-10-04 16:22:24','0000-00-00 00:00:00'),
(144,'BT_450','P','2025-10-04','16:22:24',1,'Compression','Pro_54','Dolo 500 mg','12','785','12','Paused','2025-10-04 16:22:24','0000-00-00 00:00:00'),
(145,'CAP-CN-REG/S','S','2025-10-06','11:34:25',5,'Capsule Filling','Lima_CAP12','LIMARIN 140 MG CAPSULE','LI_123','0110125','ERGO HEALTH','Assigned','2025-10-06 11:34:25','0000-00-00 00:00:00'),
(146,'344','E','2025-10-06','11:40:47',3,'Compression','DOLO_0005','DOLO 250MG','00001','002','BENDRYL','NA','2025-10-06 11:40:47','2025-10-06 11:41:11');

/*Table structure for table `tbl_batchsummary` */


CREATE TABLE `tbl_batchsummary` (
  `RecNo` int(11) NOT NULL AUTO_INCREMENT,
  `ProductType` int(1) NOT NULL DEFAULT '0',
  `CubType` varchar(100) NOT NULL DEFAULT 'NULL',
  `ReportOption` varchar(200) DEFAULT 'NULL',
  `ProductId` varchar(150) NOT NULL DEFAULT 'NULL',
  `ProductName` varchar(300) DEFAULT 'NULL',
  `PrdVersion` varchar(200) DEFAULT 'NULL',
  `Version` varchar(200) DEFAULT 'NULL',
  `BatchNo` varchar(100) DEFAULT 'NULL',
  `Side` varchar(20) DEFAULT 'NULL',
  `PrintNo` int(11) NOT NULL DEFAULT '0',
  `Area` varchar(200) DEFAULT 'NULL',
  `GenericName` varchar(250) DEFAULT 'NULL',
  `BMRNo` varchar(200) DEFAULT 'NULL',
  PRIMARY KEY (`RecNo`)
) ENGINE=InnoDB AUTO_INCREMENT=37 DEFAULT CHARSET=latin1;

/*Data for the table `tbl_batchsummary` */

insert  into `tbl_batchsummary`(`RecNo`,`ProductType`,`CubType`,`ReportOption`,`ProductId`,`ProductName`,`PrdVersion`,`Version`,`BatchNo`,`Side`,`PrintNo`,`Area`,`GenericName`,`BMRNo`) values 
(1,1,'Compression','NULL','1411','Donepile Tablet 600 mg','2233','4455','TEST_0005','NULL',1,'NULL','Bromodenepine Suspention','NULL'),
(2,1,'Compression','NULL','Para_123','PARACETAMOL 50 MG','PVR_102','10092025','BT-COM-REG/S','NULL',12,'NULL','ERGO HEALTH','NULL'),
(3,1,'Compression','NULL','Para_123','PARACETAMOL 50 MG','PVR_102','10092025','BT-COM-REG/S1','NULL',2,'NULL','ERGO HEALTH','NULL'),
(4,1,'Compression','NULL','Para_123','PARACETAMOL 50 MG','PVR_102','10092025','BT-COM-REG/S2','NULL',2,'NULL','ERGO HEALTH','NULL'),
(5,1,'Compression','NULL','Para_123','PARACETAMOL 50 MG','PVR_102','10092025','BATCH_10','NULL',0,'NULL','ERGO HEALTH','NULL'),
(6,1,'Compression','NULL','Para_123','PARACETAMOL 50 MG','PVR_102','10092025','BT-123','NULL',0,'NULL','ERGO HEALTH','NULL'),
(7,1,'Compression','NULL','Para_123','PARACETAMOL 50 MG','PVR_102','10092025','ACC-QC-REG/S','NULL',0,'NULL','ERGO HEALTH','NULL'),
(8,1,'Compression','NULL','Para_123','PARACETAMOL 50 MG','PVR_102','10092025','BT-COM-REG/S3','NULL',0,'NULL','ERGO HEALTH','NULL'),
(9,1,'Compression','NULL','1411','Donepile Tablet 600 mg','2233','4455','BT_32_Test','NULL',1,'NULL','Bromodenepine Suspention','NULL'),
(10,1,'Compression','NULL','1411','Donepile Tablet 600 mg','2233','4455','BT_35_Test','NULL',0,'NULL','Bromodenepine Suspention','NULL'),
(11,1,'Compression','NULL','1411','Donepile Tablet 600 mg','2233','4455','BT_38_Test','NULL',1,'NULL','Bromodenepine Suspention','NULL'),
(12,1,'Compression','NULL','Para_123','PARACETAMOL 50 MG','PVR_102','10092025','BT-COM-REG/D','NULL',0,'NULL','ERGO HEALTH','NULL'),
(13,1,'Compression','NULL','1411','Donepile Tablet 600 mg','2233','4455','BT_39_Test','NULL',0,'NULL','Bromodenepine Suspention','NULL'),
(14,1,'Compression','NULL','TRIO25','TRIOCHEM-25','BT-10.2','1235','BATCH-SR05','NULL',0,'NULL','KETOPROFHEN','NULL'),
(15,1,'Compression','NULL','1411','Donepile Tablet 600 mg','2233','4455','BT_41_Test','NULL',1,'NULL','Bromodenepine Suspention','NULL'),
(16,1,'Compression','NULL','1411','Donepile Tablet 600 mg','2233','4455','BT_42_Test','NULL',0,'NULL','Bromodenepine Suspention','NULL'),
(17,1,'Compression','NULL','1411','Donepile Tablet 600 mg','2233','4455','BT_43_Test','NULL',0,'NULL','Bromodenepine Suspention','NULL'),
(18,1,'Compression','NULL','1411','Donepile Tablet 600 mg','2233','4455','BT_45_Test','NULL',0,'NULL','Bromodenepine Suspention','NULL'),
(19,1,'Compression','NULL','1411','Donepile Tablet 600 mg','2233','4455','BT_46_Test','NULL',0,'NULL','Bromodenepine Suspention','NULL'),
(20,1,'Compression','NULL','1211','Flecinide Asetite Tablet','2332','4556','BT_47_Test','NULL',0,'NULL','Ferrous Fulfate RE Tablet','NULL'),
(21,1,'Compression','NULL','1211','Flecinide Asetite Tablet','2332','4556','BT_49_Test','NULL',0,'NULL','Ferrous Fulfate RE Tablet','NULL'),
(22,1,'Compression','NULL','Para_123','PARACETAMOL 50 MG','PVR_102','10092025','batch01','NULL',1,'NULL','ERGO HEALTH','NULL'),
(23,1,'Compression','NULL','Para_123','PARACETAMOL 50 MG','PVR_102','10092025','BT-TEST-INI/S','NULL',0,'NULL','ERGO HEALTH','NULL'),
(24,1,'Compression','NULL','73979','VANOPAX-20','WWE2.0','1234','100.12','NULL',0,'NULL','LINIPAN','NULL'),
(25,1,'Compression','NULL','73979','VANOPAX-20','WWE2.0','1234','SHRTTT-001','NULL',0,'NULL','LINIPAN','NULL'),
(26,1,'Compression','NULL','73979','VANOPAX-20','WWE2.0','1234','HRM-0005','NULL',0,'NULL','LINIPAN','NULL'),
(27,1,'Compression','NULL','73979','VANOPAX-20','WWE2.0','1234','WE234','NULL',0,'NULL','LINIPAN','NULL'),
(28,1,'Compression','NULL','73979','VANOPAX-20','WWE2.0','1234','BRANCH-009','NULL',0,'NULL','LINIPAN','NULL'),
(29,1,'Compression','NULL','73979','VANOPAX-20','WWE2.0','1234','TB_0005','NULL',0,'NULL','LINIPAN','NULL'),
(30,1,'Compression','NULL','Para_123','PARACETAMOL 50 MG','PVR_102','10092025','ACC-COM-REG/S1','NULL',0,'NULL','ERGO HEALTH','NULL'),
(31,1,'Compression','NULL','73979','VANOPAX-20','WWE2.0','1234','YT01','NULL',0,'NULL','LINIPAN','NULL'),
(32,1,'Compression','NULL','050624','NETFIX-200','12345','2546','US-0005','NULL',0,'NULL','NACMED-AD','NULL'),
(33,1,'Compression','NULL','D01','DOLO','D123','213','batch22','NULL',0,'NULL','abcd','NULL'),
(34,2,'Capsule Filling','NULL','PRODUCT-005','CANDILIX-200','NQT1.0','12345','BT-24','NULL',0,'NULL','DULOSYS','NULL'),
(35,1,'Compression','NULL','Para_123','PARACETAMOL 50 MG','PVR_102','10092025','BT-TEST-REG/S1','NULL',0,'NULL','ERGO HEALTH','NULL'),
(36,1,'Compression','NULL','DOLO_0005','DOLO 250MG','00001','002','BATCH05','NULL',0,'NULL','BENDRYL','NULL');

/*Table structure for table `tbl_batchsummary_detail1` */


CREATE TABLE `tbl_batchsummary_detail1` (
  `SerNo` int(11) NOT NULL AUTO_INCREMENT,
  `RepSerNo` int(11) DEFAULT NULL,
  `RecSeqNo` int(11) DEFAULT NULL,
  `Date` date DEFAULT NULL,
  `Time` time DEFAULT NULL,
  `InstrumentID` varchar(200) DEFAULT 'NULL',
  `Side` varchar(10) DEFAULT 'NULL',
  `Min` decimal(10,5) DEFAULT '0.00000',
  `Max` decimal(10,5) DEFAULT '0.00000',
  `Avg` decimal(10,5) DEFAULT '0.00000',
  `MinTimeDT` time DEFAULT '00:00:00',
  `MaxTimeDT` time DEFAULT '00:00:00',
  `AvgTimeDT` time DEFAULT '00:00:00',
  `TestResult` varchar(200) DEFAULT 'NULL',
  `UserID` varchar(200) DEFAULT 'NULL',
  `UserName` varchar(200) DEFAULT 'NULL',
  `LODStage` varchar(200) DEFAULT 'NULL',
  PRIMARY KEY (`SerNo`)
) ENGINE=InnoDB AUTO_INCREMENT=134 DEFAULT CHARSET=utf8;

/*Data for the table `tbl_batchsummary_detail1` */

insert  into `tbl_batchsummary_detail1`(`SerNo`,`RepSerNo`,`RecSeqNo`,`Date`,`Time`,`InstrumentID`,`Side`,`Min`,`Max`,`Avg`,`MinTimeDT`,`MaxTimeDT`,`AvgTimeDT`,`TestResult`,`UserID`,`UserName`,`LODStage`) values 
(1,1,1,'2025-09-13','15:33:53','BAL002','Single',0.48000,0.52000,0.49900,'00:00:00','00:00:00','00:00:00','Ok','D','Dharmesh sakpal','NULL'),
(2,1,2,'2025-09-13','15:39:40','BAL002','Single',0.49100,0.52000,0.50900,'00:00:00','00:00:00','00:00:00','Ok','D','Dharmesh sakpal','NULL'),
(3,1,3,'2025-09-13','15:42:27','BAL002','Single',0.47500,0.52500,0.50000,'00:00:00','00:00:00','00:00:00','Not Ok','D','Dharmesh sakpal','NULL'),
(4,2,1,'2025-09-15','14:48:05','BAL002','Single',0.48000,0.51000,0.49400,'00:00:00','00:00:00','00:00:00','Ok','D','Dharmesh sakpal','NULL'),
(5,2,2,'2025-09-15','14:48:41','BAL002','Single',0.48100,0.50200,0.48900,'00:00:00','00:00:00','00:00:00','Ok','D','Dharmesh sakpal','NULL'),
(6,2,3,'2025-09-15','14:49:23','BAL002','Single',0.48100,0.52600,0.49100,'00:00:00','00:00:00','00:00:00','Not Ok','D','Dharmesh sakpal','NULL'),
(7,2,4,'2025-09-15','15:00:12','BAL002','Single',0.48500,0.52000,0.50500,'00:00:00','00:00:00','00:00:00','Ok','14','Prakash','NULL'),
(8,3,1,'2025-09-15','14:57:30','Bal_23','Single',0.57700,0.63000,0.60300,'00:00:00','00:00:00','00:00:00','Ok','21','shruti','NULL'),
(9,4,1,'2025-09-15','16:16:27','BAL002','Single',0.48900,0.52000,0.50400,'00:00:00','00:00:00','00:00:00','Ok','D','Dharmesh sakpal','NULL'),
(10,4,2,'2025-09-15','16:20:05','BAL002','Single',0.47500,0.51600,0.49300,'00:00:00','00:00:00','00:00:00','Not Ok','D','Dharmesh sakpal','NULL'),
(11,4,3,'2025-09-15','18:05:23','BAL002','Single',0.48000,0.51000,0.49500,'00:00:00','00:00:00','00:00:00','Ok','D','Dharmesh sakpal','NULL'),
(12,4,4,'2025-09-16','10:29:07','BAL002','Single',0.48000,513.00000,51.74500,'00:00:00','00:00:00','00:00:00','Not Ok','D','Dharmesh sakpal','NULL'),
(13,4,5,'2025-09-16','10:29:57','BAL002','Single',0.48600,0.52000,0.50400,'00:00:00','00:00:00','00:00:00','Ok','D','Dharmesh sakpal','NULL'),
(14,3,2,'2025-09-16','11:10:20','Bal_23','Single',0.56000,0.68000,0.61300,'00:00:00','00:00:00','00:00:00','Not Ok','21','shruti','NULL'),
(15,5,1,'2025-09-16','12:34:33','Bal_27','Single',0.58500,0.62800,0.60800,'00:00:00','00:00:00','00:00:00','Ok','a','Abhishek','NULL'),
(16,6,1,'2025-09-16','12:48:06','Bal_26','Single',0.57000,0.59900,0.58300,'00:00:00','00:00:00','00:00:00','Ok','D','Dharmesh sakpal','NULL'),
(17,6,2,'2025-09-16','12:48:20','Bal_26','Single',0.58800,0.62900,0.60900,'00:00:00','00:00:00','00:00:00','Ok','D','Dharmesh sakpal','NULL'),
(18,6,3,'2025-09-16','12:50:59','Bal_27','Single',0.59500,0.62400,0.60700,'00:00:00','00:00:00','00:00:00','Ok','a','Abhishek','NULL'),
(19,7,1,'2025-09-17','14:20:31','Bal_23','Single',0.48200,0.52000,0.50100,'00:00:00','00:00:00','00:00:00','Ok','21','shruti','NULL'),
(20,8,1,'2025-09-17','14:28:03','BAL002','Single',0.48000,0.52000,0.50000,'00:00:00','00:00:00','00:00:00','Ok','D','Dharmesh sakpal','NULL'),
(21,8,2,'2025-09-17','14:38:36','BAL002','Single',0.48500,0.51500,0.50200,'00:00:00','00:00:00','00:00:00','Ok','D','Dharmesh sakpal','NULL'),
(22,9,1,'2025-09-18','09:15:18','Bal_27','Single',0.58400,0.62400,0.60500,'00:00:00','00:00:00','00:00:00','Ok','a','Abhishek','NULL'),
(23,9,2,'2025-09-18','09:15:31','Bal_27','Single',0.57400,0.62800,0.60600,'00:00:00','00:00:00','00:00:00','Ok','a','Abhishek','NULL'),
(24,10,1,'2025-09-18','16:18:47','Bal_26','Single',0.48000,0.52000,0.50300,'00:00:00','00:00:00','00:00:00','Ok','D','Dharmesh sakpal','NULL'),
(25,10,2,'2025-09-18','16:19:43','Bal_26','Single',0.48600,0.52000,0.51000,'00:00:00','00:00:00','00:00:00','Ok','D','Dharmesh sakpal','NULL'),
(26,10,3,'2025-09-18','16:20:21','Bal_26','Single',0.47500,0.70000,0.52100,'00:00:00','00:00:00','00:00:00','Not Ok','D','Dharmesh sakpal','NULL'),
(27,11,1,'2025-09-18','16:26:57','BAL002','Single',0.48000,0.52000,0.50000,'00:00:00','00:00:00','00:00:00','Ok','D','Dharmesh sakpal','NULL'),
(28,11,2,'2025-09-18','16:27:48','BAL002','Single',0.48300,0.50000,0.49200,'00:00:00','00:00:00','00:00:00','Ok','D','Dharmesh sakpal','NULL'),
(29,12,1,'2025-09-20','09:42:10','Bal_27','Single',0.57500,0.59900,0.59000,'00:00:00','00:00:00','00:00:00','Ok','a','Abhishek','NULL'),
(30,12,2,'2025-09-20','09:47:23','Bal_27','Single',0.60800,0.62800,0.61700,'00:00:00','00:00:00','00:00:00','Ok','a','Abhishek','NULL'),
(31,13,1,'2025-09-20','12:56:38','BAL003','LHS',0.48600,0.50500,0.49500,'00:00:00','00:00:00','00:00:00','Ok','D','Dharmesh sakpal','NULL'),
(32,13,1,'2025-09-20','12:56:57','BAL003','RHS',0.48700,0.51000,0.50000,'00:00:00','00:00:00','00:00:00','Ok','D','Dharmesh sakpal','NULL'),
(33,14,1,'2025-09-20','14:20:06','Bal_27','Single',0.59200,0.62800,0.60700,'00:00:00','00:00:00','00:00:00','Ok','a','Abhishek','NULL'),
(34,14,2,'2025-09-20','14:22:43','Bal_27','Single',0.59900,0.62400,0.61100,'00:00:00','00:00:00','00:00:00','Ok','a','Abhishek','NULL'),
(35,15,1,'2025-09-22','08:36:02','Bal_27','Single',0.57400,0.59900,0.58800,'00:00:00','00:00:00','00:00:00','Ok','a','Abhishek','NULL'),
(36,15,2,'2025-09-22','08:38:49','Bal_27','Single',0.60400,0.62700,0.61500,'00:00:00','00:00:00','00:00:00','Ok','a','Abhishek','NULL'),
(37,15,3,'2025-09-22','08:40:02','Bal_27','Single',0.59000,0.61000,0.59900,'00:00:00','00:00:00','00:00:00','Ok','a','Abhishek','NULL'),
(38,13,2,'2025-09-22','10:00:57','BAL003','LHS',0.48400,0.49800,0.49000,'00:00:00','00:00:00','00:00:00','Ok','D','Dharmesh sakpal','NULL'),
(39,13,2,'2025-09-22','10:01:32','BAL003','RHS',0.48800,0.52000,0.50500,'00:00:00','00:00:00','00:00:00','Ok','D','Dharmesh sakpal','NULL'),
(40,16,1,'2025-09-22','14:54:13','SHR05','Single',0.46200,0.59300,0.50400,'00:00:00','00:00:00','00:00:00','Not Ok','21','shruti','NULL'),
(41,16,2,'2025-09-23','10:50:13','SHR05','Single',0.41000,0.59900,0.49200,'00:00:00','00:00:00','00:00:00','Not Ok','21','shruti','NULL'),
(42,17,1,'2025-09-23','11:29:02','Bal_27','Single',0.57700,0.59600,0.58400,'00:00:00','00:00:00','00:00:00','Ok','a','Abhishek','NULL'),
(43,17,2,'2025-09-23','11:38:06','Bal_27','Single',0.60800,0.62700,0.61600,'00:00:00','00:00:00','00:00:00','Ok','a','Abhishek','NULL'),
(44,17,3,'2025-09-23','11:43:34','Bal_27','Single',0.56700,0.63100,0.60300,'00:00:00','00:00:00','00:00:00','Not Ok','a','Abhishek','NULL'),
(45,18,1,'2025-09-25','11:30:02','Bal_27','Single',0.56900,0.59800,0.58300,'00:00:00','00:00:00','00:00:00','Not Ok','a','Abhishek','NULL'),
(46,18,2,'2025-09-25','11:41:13','Bal_27','Single',0.57800,0.61500,0.59700,'00:00:00','00:00:00','00:00:00','Ok','a','Abhishek','NULL'),
(47,18,3,'2025-09-25','11:45:22','Bal_27','Single',0.59300,0.63500,0.60900,'00:00:00','00:00:00','00:00:00','Not Ok','a','Abhishek','NULL'),
(48,18,4,'2025-09-25','11:50:28','Bal_27','Single',0.58400,0.62400,0.60400,'00:00:00','00:00:00','00:00:00','Ok','a','Abhishek','NULL'),
(49,19,1,'2025-09-25','12:47:46','Bal_27','Single',0.58500,0.58500,0.58500,'00:00:00','00:00:00','00:00:00','Ok','a','Abhishek','NULL'),
(50,20,1,'2025-09-25','14:22:13','QWE0524','Single',0.42100,0.61000,0.51600,'00:00:00','00:00:00','00:00:00','Not Ok','21','shruti','NULL'),
(51,20,2,'2025-09-25','14:38:18','QWE0524','Single',0.48000,0.51000,0.49200,'00:00:00','00:00:00','00:00:00','Ok','21','shruti','NULL'),
(52,21,1,'2025-09-26','10:01:29','Bal_26','Single',0.45000,0.51000,0.48600,'00:00:00','00:00:00','00:00:00','Not Ok','a','Abhishek','NULL'),
(53,22,1,'2025-09-26','11:24:26','SHR05','Single',0.40000,520.00000,104.38500,'00:00:00','00:00:00','00:00:00','Not Ok','21','shruti','NULL'),
(54,23,1,'2025-09-26','11:57:25','OQ1','Single',0.48000,0.48800,0.48200,'00:00:00','00:00:00','00:00:00','Ok','a','Abhishek','NULL'),
(55,23,2,'2025-09-26','11:59:13','OQ1','Single',0.48000,0.48800,0.48100,'00:00:00','00:00:00','00:00:00','Ok','a','Abhishek','NULL'),
(56,24,1,'2025-09-26','12:05:04','BAL003','Single',0.48100,0.51500,0.49600,'00:00:00','00:00:00','00:00:00','Ok','D','Dharmesh sakpal','NULL'),
(57,24,2,'2025-09-26','12:19:53','BAL003','Single',0.48500,0.52100,0.49900,'00:00:00','00:00:00','00:00:00','Not Ok','D','Dharmesh sakpal','NULL'),
(58,24,3,'2025-09-26','12:37:11','BAL003','Single',0.48200,0.52000,0.50200,'00:00:00','00:00:00','00:00:00','Ok','D','Dharmesh sakpal','NULL'),
(59,25,1,'2025-09-26','14:37:50','OQ1','Single',0.48000,481.00000,320.82600,'00:00:00','00:00:00','00:00:00','Not Ok','a','Abhishek','NULL'),
(60,25,2,'2025-09-26','14:59:33','OQ1','Single',0.48000,0.48500,0.48200,'00:00:00','00:00:00','00:00:00','Ok','11','Mangesh','NULL'),
(61,26,1,'2025-09-26','15:09:57','Bal_27','Single',0.47000,0.52500,0.50000,'00:00:00','00:00:00','00:00:00','Ok','21','shruti','NULL'),
(62,25,3,'2025-09-26','15:54:16','OQ1','Single',581.00000,581.00000,581.00000,'00:00:00','00:00:00','00:00:00','Not Ok','11','Mangesh','NULL'),
(63,26,2,'2025-09-27','10:18:03','Bal_27','Single',0.47700,0.52000,0.49500,'00:00:00','00:00:00','00:00:00','Ok','21','shruti','NULL'),
(64,27,1,'2025-09-27','11:21:15','BAL003','LHS',0.48500,0.52000,0.50200,'00:00:00','00:00:00','00:00:00','Ok','D','Dharmesh sakpal','NULL'),
(65,27,1,'2025-09-27','11:21:27','BAL003','RHS',0.49900,0.52000,0.50800,'00:00:00','00:00:00','00:00:00','Ok','D','Dharmesh sakpal','NULL'),
(66,28,1,'2025-09-27','11:21:41','OQ1','Single',0.48000,0.52000,0.49300,'00:00:00','00:00:00','00:00:00','Ok','Tantra','Tantrasoft','NULL'),
(67,28,2,'2025-09-27','11:23:52','OQ1','Single',0.46000,0.58000,0.50300,'00:00:00','00:00:00','00:00:00','Not Ok','Tantra','Tantrasoft','NULL'),
(68,29,1,'2025-09-27','11:57:29','SHR05','Single',0.48000,0.52200,0.50200,'00:00:00','00:00:00','00:00:00','Not Ok','21','shruti','NULL'),
(69,29,2,'2025-09-27','12:03:14','SHR05','Single',0.48000,0.52000,0.50200,'00:00:00','00:00:00','00:00:00','Ok','21','shruti','NULL'),
(70,29,3,'2025-09-27','12:07:05','SHR05','Single',0.49900,0.56000,0.52400,'00:00:00','00:00:00','00:00:00','Not Ok','21','shruti','NULL'),
(71,29,4,'2025-09-27','12:08:54','SHR05','Single',0.49000,0.52000,0.49900,'00:00:00','00:00:00','00:00:00','Ok','21','shruti','NULL'),
(72,29,5,'2025-09-29','10:22:22','SHR05','Single',0.47700,0.52000,0.49700,'00:00:00','00:00:00','00:00:00','Not Ok','21','shruti','NULL'),
(73,28,3,'2025-09-29','10:26:30','OQ1','Single',0.48500,0.53000,0.50200,'00:00:00','00:00:00','00:00:00','Not Ok','a','Abhishek','NULL'),
(74,28,4,'2025-09-29','10:31:17','OQ1','Single',0.48100,0.48800,0.48300,'00:00:00','00:00:00','00:00:00','Ok','a','Abhishek','NULL'),
(75,29,6,'2025-09-29','10:33:43','SHR05','Single',0.52000,0.52000,0.52000,'00:00:00','00:00:00','00:00:00','Ok','21','shruti','NULL'),
(76,30,1,'2025-09-29','12:02:20','SHR05','Single',0.48100,0.52000,0.49900,'00:00:00','00:00:00','00:00:00','Ok','21','shruti','NULL'),
(77,30,2,'2025-09-29','12:03:13','SHR05','Single',0.48000,0.50100,0.48800,'00:00:00','00:00:00','00:00:00','Ok','21','shruti','NULL'),
(78,30,3,'2025-09-29','12:03:49','SHR05','Single',0.48500,0.51200,0.49800,'00:00:00','00:00:00','00:00:00','Ok','21','shruti','NULL'),
(79,31,1,'2025-09-29','12:21:19','SHR05','Single',0.40100,0.55500,0.48100,'00:00:00','00:00:00','00:00:00','Not Ok','21','shruti','NULL'),
(80,31,2,'2025-09-29','12:23:14','SHR05','Single',0.40000,0.59800,0.49500,'00:00:00','00:00:00','00:00:00','Not Ok','21','shruti','NULL'),
(81,31,3,'2025-09-29','12:24:13','SHR05','Single',0.11100,0.53300,0.43300,'00:00:00','00:00:00','00:00:00','Not Ok','21','shruti','NULL'),
(82,32,1,'2025-09-29','12:37:03','SHR05','LHS',0.48000,0.53600,0.50600,'00:00:00','00:00:00','00:00:00','Not Ok','21','shruti','NULL'),
(83,32,2,'2025-09-29','12:38:46','SHR05','LHS',0.50100,0.55600,0.52300,'00:00:00','00:00:00','00:00:00','Not Ok','21','shruti','NULL'),
(84,32,3,'2025-09-29','12:39:58','SHR05','LHS',0.50200,0.59200,0.54800,'00:00:00','00:00:00','00:00:00','Not Ok','21','shruti','NULL'),
(85,32,1,'2025-09-29','12:47:43','SHR05','RHS',0.52000,0.53300,0.52200,'00:00:00','00:00:00','00:00:00','Not Ok','21','shruti','NULL'),
(86,32,2,'2025-09-29','12:52:25','SHR05','RHS',0.40100,0.57800,0.48500,'00:00:00','00:00:00','00:00:00','Not Ok','21','shruti','NULL'),
(87,32,3,'2025-09-29','12:57:26','SHR05','RHS',0.40100,0.49800,0.45300,'00:00:00','00:00:00','00:00:00','Not Ok','21','shruti','NULL'),
(88,32,4,'2025-09-29','13:46:58','SHR05','LHS',0.48000,0.52000,0.49600,'00:00:00','00:00:00','00:00:00','Ok','21','shruti','NULL'),
(89,32,5,'2025-09-29','13:47:36','SHR05','LHS',0.50200,0.52000,0.51300,'00:00:00','00:00:00','00:00:00','Ok','21','shruti','NULL'),
(90,32,6,'2025-09-29','13:48:41','SHR05','LHS',0.48000,0.52000,0.50000,'00:00:00','00:00:00','00:00:00','Ok','21','shruti','NULL'),
(91,32,4,'2025-09-29','13:52:36','SHR05','RHS',0.48000,0.50800,0.49400,'00:00:00','00:00:00','00:00:00','Ok','21','shruti','NULL'),
(92,32,5,'2025-09-29','13:55:24','SHR05','RHS',0.50000,0.51900,0.50900,'00:00:00','00:00:00','00:00:00','Ok','21','shruti','NULL'),
(93,32,6,'2025-09-29','14:00:39','SHR05','RHS',0.50000,0.50400,0.50200,'00:00:00','00:00:00','00:00:00','Ok','21','shruti','NULL'),
(94,33,1,'2025-09-29','14:37:15','SHR05','Single',0.48000,0.57000,0.53400,'00:00:00','00:00:00','00:00:00','Not Ok','21','shruti','NULL'),
(95,33,2,'2025-09-29','15:14:29','SHR05','Single',0.40100,0.52500,0.46800,'00:00:00','00:00:00','00:00:00','Not Ok','21','shruti','NULL'),
(96,33,3,'2025-09-29','15:17:12','SHR05','Single',0.40100,0.52000,0.46100,'00:00:00','00:00:00','00:00:00','Not Ok','21','shruti','NULL'),
(97,34,1,'2025-09-29','15:43:33','SHR05','LHS',0.40100,4.70000,2.11600,'00:00:00','00:00:00','00:00:00','Not Ok','21','shruti','NULL'),
(98,34,1,'2025-09-29','15:45:42','SHR05','RHS',0.40100,0.57000,0.51200,'00:00:00','00:00:00','00:00:00','Not Ok','21','shruti','NULL'),
(99,35,1,'2025-09-30','10:21:11','SHR05','Single',0.48000,0.52000,0.49300,'00:00:00','00:00:00','00:00:00','Ok','21','shruti','NULL'),
(100,35,2,'2025-09-30','10:24:07','SHR05','Single',0.48000,0.51100,0.49600,'00:00:00','00:00:00','00:00:00','Ok','21','shruti','NULL'),
(101,35,3,'2025-09-30','10:26:20','SHR05','Single',0.49500,0.51400,0.50500,'00:00:00','00:00:00','00:00:00','Ok','21','shruti','NULL'),
(102,28,5,'2025-09-30','10:42:28','Bal_26','Single',0.48500,0.49900,0.49100,'00:00:00','00:00:00','00:00:00','Ok','D','Dharmesh sakpal','NULL'),
(103,28,6,'2025-09-30','10:42:41','Bal_26','Single',0.50100,0.51900,0.50900,'00:00:00','00:00:00','00:00:00','Ok','D','Dharmesh sakpal','NULL'),
(104,28,7,'2025-09-30','10:42:58','Bal_26','Single',0.47700,0.52500,0.50800,'00:00:00','00:00:00','00:00:00','Not Ok','D','Dharmesh sakpal','NULL'),
(105,36,1,'2025-09-30','10:45:14','SHR05','LHS',0.48000,0.50600,0.49400,'00:00:00','00:00:00','00:00:00','Ok','21','shruti','NULL'),
(106,36,1,'2025-09-30','10:46:02','SHR05','RHS',0.48000,0.52000,0.50000,'00:00:00','00:00:00','00:00:00','Ok','21','shruti','NULL'),
(107,36,2,'2025-09-30','10:46:41','SHR05','LHS',0.48000,0.50100,0.49100,'00:00:00','00:00:00','00:00:00','Ok','21','shruti','NULL'),
(108,36,2,'2025-09-30','10:47:14','SHR05','RHS',0.48000,0.50100,0.49200,'00:00:00','00:00:00','00:00:00','Ok','21','shruti','NULL'),
(109,36,3,'2025-09-30','10:48:58','SHR05','RHS',0.48000,0.52000,0.49900,'00:00:00','00:00:00','00:00:00','Ok','21','shruti','NULL'),
(110,36,3,'2025-09-30','11:12:08','SHR05','LHS',0.48000,0.52000,0.50100,'00:00:00','00:00:00','00:00:00','Ok','21','shruti','NULL'),
(111,37,1,'2025-09-30','12:02:31','SHR05','LHS',0.42000,550.00000,110.36500,'00:00:00','00:00:00','00:00:00','Not Ok','21','shruti','NULL'),
(112,38,1,'2025-09-30','12:02:56','Bal_26','Single',0.48500,0.50000,0.49100,'00:00:00','00:00:00','00:00:00','Ok','D','Dharmesh sakpal','NULL'),
(113,38,2,'2025-09-30','12:03:12','Bal_26','Single',0.48500,0.52000,0.50500,'00:00:00','00:00:00','00:00:00','Ok','D','Dharmesh sakpal','NULL'),
(114,38,3,'2025-09-30','12:03:28','Bal_26','Single',0.47500,0.52100,0.49900,'00:00:00','00:00:00','00:00:00','Not Ok','D','Dharmesh sakpal','NULL'),
(115,37,1,'2025-09-30','12:04:27','SHR05','RHS',0.42500,0.45500,0.44900,'00:00:00','00:00:00','00:00:00','Not Ok','21','shruti','NULL'),
(116,37,2,'2025-09-30','12:05:10','SHR05','LHS',0.40100,0.42500,0.41500,'00:00:00','00:00:00','00:00:00','Not Ok','21','shruti','NULL'),
(117,37,2,'2025-09-30','12:06:39','SHR05','RHS',0.40000,0.58900,0.51100,'00:00:00','00:00:00','00:00:00','Not Ok','21','shruti','NULL'),
(118,37,3,'2025-09-30','12:07:51','SHR05','LHS',0.56700,0.58800,0.58200,'00:00:00','00:00:00','00:00:00','Not Ok','21','shruti','NULL'),
(119,37,3,'2025-09-30','12:10:40','SHR05','RHS',0.58100,0.59900,0.58900,'00:00:00','00:00:00','00:00:00','Not Ok','21','shruti','NULL'),
(120,39,1,'2025-09-30','14:00:24','Bal_26','Single',0.48200,0.50000,0.49300,'00:00:00','00:00:00','00:00:00','Ok','D','Dharmesh sakpal','NULL'),
(121,39,2,'2025-09-30','14:00:35','Bal_26','Single',0.49700,0.51600,0.50500,'00:00:00','00:00:00','00:00:00','Ok','D','Dharmesh sakpal','NULL'),
(122,39,3,'2025-09-30','14:00:47','Bal_26','Single',0.47500,0.53200,0.50100,'00:00:00','00:00:00','00:00:00','Not Ok','D','Dharmesh sakpal','NULL'),
(123,40,1,'2025-09-30','14:01:48','SHR05','LHS',0.43300,0.56000,0.50000,'00:00:00','00:00:00','00:00:00','Not Ok','21','shruti','NULL'),
(124,40,1,'2025-09-30','14:03:11','SHR05','RHS',0.50000,0.59600,0.54000,'00:00:00','00:00:00','00:00:00','Not Ok','21','shruti','NULL'),
(125,40,2,'2025-09-30','14:09:57','SHR05','LHS',0.47000,0.51100,0.49300,'00:00:00','00:00:00','00:00:00','Not Ok','21','shruti','NULL'),
(126,40,2,'2025-09-30','14:13:28','SHR05','RHS',0.47000,0.58900,0.52500,'00:00:00','00:00:00','00:00:00','Not Ok','21','shruti','NULL'),
(127,40,3,'2025-09-30','14:21:14','SHR05','LHS',0.50900,0.58900,0.54500,'00:00:00','00:00:00','00:00:00','Not Ok','21','shruti','NULL'),
(128,40,3,'2025-09-30','14:24:35','SHR05','RHS',0.41200,0.51400,0.47800,'00:00:00','00:00:00','00:00:00','Not Ok','21','shruti','NULL'),
(129,41,1,'2025-10-01','14:49:55','SHR05','LHS',0.45800,0.57800,0.51000,'00:00:00','00:00:00','00:00:00','Not Ok','21','shruti','NULL'),
(130,42,1,'2025-10-01','14:59:21','SHR05','LHS',0.41500,0.48800,0.44600,'00:00:00','00:00:00','00:00:00','Not Ok','21','shruti','NULL'),
(131,43,1,'2025-10-03','11:38:51','SHR05','Single',0.48000,0.51100,0.50000,'00:00:00','00:00:00','00:00:00','Ok','21','shruti','NULL'),
(132,43,2,'2025-10-03','11:44:16','SHR05','Single',0.44000,0.52600,0.48300,'00:00:00','00:00:00','00:00:00','Not Ok','21','shruti','NULL'),
(133,44,1,'2025-10-04','16:26:51','QWE0524','Single',0.50000,0.50000,0.50000,'00:00:00','00:00:00','00:00:00','Ok','21','shruti','NULL');

/*Table structure for table `tbl_batchsummary_detail11` */


CREATE TABLE `tbl_batchsummary_detail11` (
  `SerNo` int(11) NOT NULL AUTO_INCREMENT,
  `RepSerNo` int(11) DEFAULT NULL,
  `RecSeqNo` int(11) DEFAULT NULL,
  `Date` date DEFAULT NULL,
  `Time` time DEFAULT NULL,
  `InstrumentID` varchar(200) DEFAULT 'NULL',
  `Side` varchar(10) DEFAULT 'NULL',
  `Min` decimal(10,5) DEFAULT '0.00000',
  `Max` decimal(10,5) DEFAULT '0.00000',
  `Avg` decimal(10,5) DEFAULT '0.00000',
  `MinTimeDT` time DEFAULT '00:00:00',
  `MaxTimeDT` time DEFAULT '00:00:00',
  `AvgTimeDT` time DEFAULT '00:00:00',
  `TestResult` varchar(200) DEFAULT 'NULL',
  `UserID` varchar(200) DEFAULT 'NULL',
  `UserName` varchar(200) DEFAULT 'NULL',
  `LODStage` varchar(200) DEFAULT 'NULL',
  PRIMARY KEY (`SerNo`)
) ENGINE=InnoDB DEFAULT CHARSET=utf8;

/*Data for the table `tbl_batchsummary_detail11` */

/*Table structure for table `tbl_batchsummary_detail13` */


CREATE TABLE `tbl_batchsummary_detail13` (
  `SerNo` int(11) NOT NULL AUTO_INCREMENT,
  `RepSerNo` int(11) DEFAULT NULL,
  `RecSeqNo` int(11) DEFAULT NULL,
  `Date` date DEFAULT NULL,
  `Time` time DEFAULT NULL,
  `InstrumentID` varchar(200) DEFAULT 'NULL',
  `Side` varchar(10) DEFAULT 'NULL',
  `Min` decimal(10,5) DEFAULT '0.00000',
  `Max` decimal(10,5) DEFAULT '0.00000',
  `Avg` decimal(10,5) DEFAULT '0.00000',
  `MinTimeDT` time DEFAULT '00:00:00',
  `MaxTimeDT` time DEFAULT '00:00:00',
  `AvgTimeDT` time DEFAULT '00:00:00',
  `TestResult` varchar(200) DEFAULT 'NULL',
  `UserID` varchar(200) DEFAULT 'NULL',
  `UserName` varchar(200) DEFAULT 'NULL',
  `LODStage` varchar(200) DEFAULT 'NULL',
  PRIMARY KEY (`SerNo`)
) ENGINE=InnoDB AUTO_INCREMENT=46 DEFAULT CHARSET=utf8;

/*Data for the table `tbl_batchsummary_detail13` */

insert  into `tbl_batchsummary_detail13`(`SerNo`,`RepSerNo`,`RecSeqNo`,`Date`,`Time`,`InstrumentID`,`Side`,`Min`,`Max`,`Avg`,`MinTimeDT`,`MaxTimeDT`,`AvgTimeDT`,`TestResult`,`UserID`,`UserName`,`LODStage`) values 
(1,1,1,'2025-09-12',NULL,'NULL','NA',0.00000,0.00000,0.00000,'00:00:36','00:09:59','00:02:59','Complies','a','Abhishek','NULL'),
(2,1,1,'2025-09-12',NULL,'NULL','NA',0.00000,0.00000,0.00000,'00:00:36','00:09:59','00:02:59','Complies','a','Abhishek','NULL'),
(3,1,1,'2025-09-12',NULL,'NULL','NA',0.00000,0.00000,0.00000,'00:00:36','00:09:59','00:02:59','Complies','a','Abhishek','NULL'),
(4,1,1,'2025-09-12',NULL,'NULL','NA',0.00000,0.00000,0.00000,'00:00:36','00:09:59','00:02:59','Complies','a','Abhishek','NULL'),
(5,2,1,'2025-09-13',NULL,'NULL','NA',0.00000,0.00000,0.00000,'00:00:36','00:09:59','00:02:59','Complies','a','Abhishek','NULL'),
(6,3,1,'2025-09-13',NULL,'NULL','NA',0.00000,0.00000,0.00000,'00:00:36','00:09:59','00:02:59','Complies','a','Abhishek','NULL'),
(7,4,1,'2025-09-15',NULL,'NULL','NA',0.00000,0.00000,0.00000,'00:00:36','00:09:59','00:02:59','Complies','a','Abhishek','NULL'),
(8,5,1,'2025-09-15',NULL,'NULL','NA',0.00000,0.00000,0.00000,'00:00:36','00:09:59','00:02:59','Complies','a','Abhishek','NULL'),
(9,6,1,'2025-09-16',NULL,'NULL','NA',0.00000,0.00000,0.00000,'00:00:36','00:09:59','00:02:59','Complies','a','Abhishek','NULL'),
(10,6,1,'2025-09-16',NULL,'NULL','NA',0.00000,0.00000,0.00000,'00:00:36','00:08:23','00:02:43','Complies','a','Abhishek','NULL'),
(11,6,1,'2025-09-16',NULL,'NULL','NA',0.00000,0.00000,0.00000,'00:01:28','00:13:00','00:04:54','Complies','a','Abhishek','NULL'),
(12,6,1,'2025-09-16',NULL,'NULL','NA',0.00000,0.00000,0.00000,'00:01:28','00:10:30','00:03:24','Complies','a','Abhishek','NULL'),
(13,6,1,'2025-09-16',NULL,'NULL','NA',0.00000,0.00000,0.00000,'00:00:23','00:04:41','00:01:23','Complies','a','Abhishek','NULL'),
(14,7,1,'2025-09-16',NULL,'NULL','NA',0.00000,0.00000,0.00000,'00:00:23','00:04:41','00:01:23','Complies','a','Abhishek','NULL'),
(15,7,1,'2025-09-16',NULL,'NULL','NA',0.00000,0.00000,0.00000,'00:01:28','00:11:30','00:05:04','Complies','a','Abhishek','NULL'),
(16,8,1,'2025-09-18',NULL,'NULL','NA',0.00000,0.00000,0.00000,'00:00:36','00:09:59','00:02:59','Complies','a','Abhishek','NULL'),
(17,8,1,'2025-09-18',NULL,'NULL','NA',0.00000,0.00000,0.00000,'00:00:55','00:12:25','00:05:13','Complies','a','Abhishek','NULL'),
(18,8,1,'2025-09-18',NULL,'NULL','NA',0.00000,0.00000,0.00000,'00:01:28','00:13:01','00:04:54','Complies','a','Abhishek','NULL'),
(19,8,1,'2025-09-18',NULL,'NULL','NA',0.00000,0.00000,0.00000,'00:01:28','00:10:30','00:03:14','Complies','a','Abhishek','NULL'),
(20,9,1,'2025-09-20',NULL,'NULL','NA',0.00000,0.00000,0.00000,'00:00:36','00:09:59','00:02:59','Complies','a','Abhishek','NULL'),
(21,9,1,'2025-09-20',NULL,'NULL','NA',0.00000,0.00000,0.00000,'00:01:28','00:06:53','00:02:43','Complies','a','Abhishek','NULL'),
(22,10,1,'2025-09-20',NULL,'NULL','NA',0.00000,0.00000,0.00000,'00:00:36','00:09:59','00:02:59','Complies','a','Abhishek','NULL'),
(23,11,1,'2025-09-20',NULL,'NULL','NA',0.00000,0.00000,0.00000,'00:01:28','00:06:53','00:02:43','Complies','a','Abhishek','NULL'),
(24,12,1,'2025-09-22',NULL,'NULL','NA',0.00000,0.00000,0.00000,'00:00:36','00:11:59','00:03:19','Complies','a','Abhishek','NULL'),
(25,13,1,'2025-09-22',NULL,'NULL','NA',0.00000,0.00000,0.00000,'00:01:28','00:13:30','00:04:23','Complies','a','Abhishek','NULL'),
(26,14,1,'2025-09-23',NULL,'NULL','NA',0.00000,0.00000,0.00000,'00:00:36','00:09:59','00:02:59','Complies','a','Abhishek','NULL'),
(27,15,1,'2025-09-23',NULL,'NULL','NA',0.00000,0.00000,0.00000,'00:01:28','00:06:53','00:02:43','Complies','a','Abhishek','NULL'),
(28,16,1,'2025-09-23',NULL,'NULL','NA',0.00000,0.00000,0.00000,'00:00:36','00:15:05','00:03:50','Not Complies','a','Abhishek','NULL'),
(29,17,1,'2025-09-23',NULL,'NULL','NA',0.00000,0.00000,0.00000,'00:00:25','00:14:31','00:04:22','Complies','a','Abhishek','NULL'),
(30,18,1,'2025-09-23',NULL,'NULL','NA',0.00000,0.00000,0.00000,'00:00:47','00:10:11','00:03:11','Complies','a','Abhishek','NULL'),
(31,19,1,'2025-09-23',NULL,'NULL','NA',0.00000,0.00000,0.00000,'00:00:47','00:15:41','00:05:01','Not Complies','a','Abhishek','NULL'),
(32,20,1,'2025-09-23',NULL,'NULL','NA',0.00000,0.00000,0.00000,'00:00:25','00:14:31','00:04:22','Complies','a','Abhishek','NULL'),
(33,21,1,'2025-09-23',NULL,'NULL','NA',0.00000,0.00000,0.00000,'00:00:25','00:07:31','00:03:12','Complies','a','Abhishek','NULL'),
(34,22,1,'2025-09-23',NULL,'NULL','NA',0.00000,0.00000,0.00000,'00:00:47','00:10:11','00:03:11','Complies','a','Abhishek','NULL'),
(35,23,1,'2025-09-23',NULL,'NULL','NA',0.00000,0.00000,0.00000,'00:00:47','00:15:55','00:05:41','Not Complies','a','Abhishek','NULL'),
(36,24,1,'2025-09-23',NULL,'NULL','NA',0.00000,0.00000,0.00000,'00:00:47','00:10:55','00:04:51','Complies','a','Abhishek','NULL'),
(37,25,1,'2025-09-23',NULL,'NULL','NA',0.00000,0.00000,0.00000,'00:00:47','00:16:41','00:06:51','Not Complies','a','Abhishek','NULL'),
(38,26,1,'2025-09-23',NULL,'NULL','NA',0.00000,0.00000,0.00000,'00:00:47','00:15:41','00:06:40','Not Complies','a','Abhishek','NULL'),
(39,27,1,'2025-09-23',NULL,'NULL','NA',0.00000,0.00000,0.00000,'00:00:47','00:10:50','00:05:40','Complies','a','Abhishek','NULL'),
(40,28,1,'2025-09-23',NULL,'NULL','NA',0.00000,0.00000,0.00000,'00:00:47','00:10:50','00:05:40','Complies','a','Abhishek','NULL'),
(41,29,1,'2025-09-23',NULL,'NULL','NA',0.00000,0.00000,0.00000,'00:00:47','00:15:41','00:06:40','Not Complies','a','Abhishek','NULL'),
(42,30,1,'2025-09-24',NULL,'NULL','NA',0.00000,0.00000,0.00000,'00:01:58','00:08:22','00:04:23','Complies','a','Abhishek','NULL'),
(43,31,1,'2025-09-24',NULL,'NULL','NA',0.00000,0.00000,0.00000,'00:01:28','00:06:53','00:02:43','Complies','a','Abhishek','NULL'),
(44,32,1,'2025-09-24',NULL,'NULL','NA',0.00000,0.00000,0.00000,'00:00:52','00:15:35','00:05:24','Not Complies','a','Abhishek','NULL'),
(45,33,1,'2025-09-24',NULL,'NULL','NA',0.00000,0.00000,0.00000,'00:01:29','00:12:31','00:03:50','Complies','a','Abhishek','NULL');

/*Table structure for table `tbl_batchsummary_detail2` */


CREATE TABLE `tbl_batchsummary_detail2` (
  `SerNo` int(11) NOT NULL AUTO_INCREMENT,
  `RepSerNo` int(11) DEFAULT NULL,
  `RecSeqNo` int(11) DEFAULT NULL,
  `Date` date DEFAULT NULL,
  `Time` time DEFAULT NULL,
  `InstrumentID` varchar(200) DEFAULT 'NULL',
  `Side` varchar(10) DEFAULT 'NULL',
  `Min` decimal(10,5) DEFAULT '0.00000',
  `Max` decimal(10,5) DEFAULT '0.00000',
  `Avg` decimal(10,5) DEFAULT '0.00000',
  `MinTimeDT` time DEFAULT '00:00:00',
  `MaxTimeDT` time DEFAULT '00:00:00',
  `AvgTimeDT` time DEFAULT '00:00:00',
  `TestResult` varchar(200) DEFAULT 'NULL',
  `UserID` varchar(200) DEFAULT 'NULL',
  `UserName` varchar(200) DEFAULT 'NULL',
  `LODStage` varchar(200) DEFAULT 'NULL',
  PRIMARY KEY (`SerNo`)
) ENGINE=InnoDB AUTO_INCREMENT=183 DEFAULT CHARSET=utf8;

/*Data for the table `tbl_batchsummary_detail2` */

insert  into `tbl_batchsummary_detail2`(`SerNo`,`RepSerNo`,`RecSeqNo`,`Date`,`Time`,`InstrumentID`,`Side`,`Min`,`Max`,`Avg`,`MinTimeDT`,`MaxTimeDT`,`AvgTimeDT`,`TestResult`,`UserID`,`UserName`,`LODStage`) values 
(1,1,2,'2025-09-13','16:30:23','NULL','Single',9.75000,9.75000,9.75000,'00:00:00','00:00:00','00:00:00','Ok','D','Dharmesh sakpal','NULL'),
(2,1,3,'2025-09-13','16:30:33','NULL','Single',9.80000,9.80000,9.80000,'00:00:00','00:00:00','00:00:00','Ok','D','Dharmesh sakpal','NULL'),
(3,1,4,'2025-09-13','16:30:39','NULL','Single',9.90000,9.90000,9.90000,'00:00:00','00:00:00','00:00:00','Ok','D','Dharmesh sakpal','NULL'),
(4,1,5,'2025-09-13','16:33:55','NULL','Single',10.02000,10.02000,10.02000,'00:00:00','00:00:00','00:00:00','Ok','D','Dharmesh sakpal','NULL'),
(5,2,2,'2025-09-15','15:06:37','NULL','Single',9.80000,9.80000,9.80000,'00:00:00','00:00:00','00:00:00','Ok','21','shruti','NULL'),
(6,3,2,'2025-09-15','15:14:30','NULL','Single',9.80000,9.80000,9.80000,'00:00:00','00:00:00','00:00:00','Ok','14','Prakash','NULL'),
(7,3,3,'2025-09-15','15:14:40','NULL','Single',9.90000,9.90000,9.90000,'00:00:00','00:00:00','00:00:00','Ok','14','Prakash','NULL'),
(8,3,4,'2025-09-15','15:14:53','NULL','Single',10.13000,10.13000,10.13000,'00:00:00','00:00:00','00:00:00','Ok','14','Prakash','NULL'),
(9,3,5,'2025-09-15','15:34:14','NULL','Single',10.50000,10.50000,10.50000,'00:00:00','00:00:00','00:00:00','Ok','D','Dharmesh sakpal','NULL'),
(10,3,6,'2025-09-15','15:34:30','NULL','Single',10.50000,10.50000,10.50000,'00:00:00','00:00:00','00:00:00','Ok','D','Dharmesh sakpal','NULL'),
(11,4,1,'2025-09-15','16:20:55','NULL','Single',9.79000,9.79000,9.79000,'00:00:00','00:00:00','00:00:00','Ok','D','Dharmesh sakpal','NULL'),
(12,2,3,'2025-09-15','16:38:21','NULL','Single',10.12000,10.12000,10.12000,'00:00:00','00:00:00','00:00:00','Ok','21','shruti','NULL'),
(13,4,2,'2025-09-16','10:43:28','NULL','Single',10.00000,10.00000,10.00000,'00:00:00','00:00:00','00:00:00','Ok','D','Dharmesh sakpal','NULL'),
(14,2,4,'2025-09-16','11:08:28','NULL','Single',10.40000,10.40000,10.40000,'00:00:00','00:00:00','00:00:00','Not Ok','21','shruti','NULL'),
(15,5,1,'2025-09-16','12:34:45','NULL','Single',9.85800,9.85800,9.85800,'00:00:00','00:00:00','00:00:00','Ok','a','Abhishek','NULL'),
(16,5,2,'2025-09-16','12:34:50','NULL','Single',10.25200,10.25200,10.25200,'00:00:00','00:00:00','00:00:00','Ok','a','Abhishek','NULL'),
(17,6,1,'2025-09-16','14:05:04','NULL','Single',9.89800,9.89800,9.89800,'00:00:00','00:00:00','00:00:00','Ok','D','Dharmesh sakpal','NULL'),
(18,6,2,'2025-09-16','14:05:11','NULL','Single',10.00000,10.00000,10.00000,'00:00:00','00:00:00','00:00:00','Ok','D','Dharmesh sakpal','NULL'),
(19,6,3,'2025-09-16','14:05:20','NULL','Single',9.78500,9.78500,9.78500,'00:00:00','00:00:00','00:00:00','Ok','D','Dharmesh sakpal','NULL'),
(20,6,4,'2025-09-16','14:06:03','NULL','Single',10.30100,10.30100,10.30100,'00:00:00','00:00:00','00:00:00','Not Ok','D','Dharmesh sakpal','NULL'),
(21,7,1,'2025-09-17','12:01:14','NULL','LHS',9.70000,9.70000,9.70000,'00:00:00','00:00:00','00:00:00','Ok','21','shruti','NULL'),
(22,8,1,'2025-09-17','12:01:14','NULL','LHS',9.70000,9.70000,9.70000,'00:00:00','00:00:00','00:00:00','Ok','21','shruti','NULL'),
(23,9,1,'2025-09-17','12:08:09','NULL','Single',9.70000,9.70000,9.70000,'00:00:00','00:00:00','00:00:00','Ok','21','shruti','NULL'),
(24,9,2,'2025-09-17','14:02:58','NULL','Single',9.60100,9.60100,9.60100,'00:00:00','00:00:00','00:00:00','Ok','21','shruti','NULL'),
(25,9,3,'2025-09-17','14:04:30','NULL','Single',9.55900,9.55900,9.55900,'00:00:00','00:00:00','00:00:00','Not Ok','21','shruti','NULL'),
(26,9,4,'2025-09-17','14:04:54','NULL','Single',10.45200,10.45200,10.45200,'00:00:00','00:00:00','00:00:00','Ok','21','shruti','NULL'),
(27,9,5,'2025-09-17','14:05:26','NULL','Single',10.46000,10.46000,10.46000,'00:00:00','00:00:00','00:00:00','Ok','21','shruti','NULL'),
(28,10,1,'2025-09-17','14:29:14','NULL','Single',9.69800,9.69800,9.69800,'00:00:00','00:00:00','00:00:00','Ok','D','Dharmesh sakpal','NULL'),
(29,11,1,'2025-09-18','09:16:20','NULL','Single',9.89800,9.89800,9.89800,'00:00:00','00:00:00','00:00:00','Ok','a','Abhishek','NULL'),
(30,11,2,'2025-09-18','09:16:53','NULL','Single',10.22500,10.22500,10.22500,'00:00:00','00:00:00','00:00:00','Ok','a','Abhishek','NULL'),
(31,11,3,'2025-09-18','09:20:27','NULL','Single',10.12500,10.12500,10.12500,'00:00:00','00:00:00','00:00:00','Ok','a','Abhishek','NULL'),
(32,11,4,'2025-09-18','09:20:58','NULL','Single',9.78500,9.78500,9.78500,'00:00:00','00:00:00','00:00:00','Ok','a','Abhishek','NULL'),
(33,10,2,'2025-09-18','14:45:20','NULL','Single',9.87500,9.87500,9.87500,'00:00:00','00:00:00','00:00:00','Ok','D','Dharmesh sakpal','NULL'),
(34,10,3,'2025-09-18','14:45:28','NULL','Single',9.99900,9.99900,9.99900,'00:00:00','00:00:00','00:00:00','Ok','D','Dharmesh sakpal','NULL'),
(35,10,4,'2025-09-18','14:45:41','NULL','Single',10.12500,10.12500,10.12500,'00:00:00','00:00:00','00:00:00','Ok','D','Dharmesh sakpal','NULL'),
(36,10,5,'2025-09-18','14:45:48','NULL','Single',10.40000,10.40000,10.40000,'00:00:00','00:00:00','00:00:00','Ok','D','Dharmesh sakpal','NULL'),
(37,10,6,'2025-09-18','14:46:41','NULL','Single',10.49900,10.49900,10.49900,'00:00:00','00:00:00','00:00:00','Ok','D','Dharmesh sakpal','NULL'),
(38,10,7,'2025-09-18','14:46:47','NULL','Single',10.50100,10.50100,10.50100,'00:00:00','00:00:00','00:00:00','Not Ok','D','Dharmesh sakpal','NULL'),
(39,12,1,'2025-09-18','16:20:53','NULL','Single',9.66600,9.66600,9.66600,'00:00:00','00:00:00','00:00:00','Ok','D','Dharmesh sakpal','NULL'),
(40,12,2,'2025-09-18','16:20:59','NULL','Single',9.88800,9.88800,9.88800,'00:00:00','00:00:00','00:00:00','Ok','D','Dharmesh sakpal','NULL'),
(41,12,3,'2025-09-18','16:21:05','NULL','Single',10.01400,10.01400,10.01400,'00:00:00','00:00:00','00:00:00','Ok','D','Dharmesh sakpal','NULL'),
(42,12,4,'2025-09-18','16:21:11','NULL','Single',10.14800,10.14800,10.14800,'00:00:00','00:00:00','00:00:00','Ok','D','Dharmesh sakpal','NULL'),
(43,12,5,'2025-09-18','16:21:16','NULL','Single',10.49900,10.49900,10.49900,'00:00:00','00:00:00','00:00:00','Ok','D','Dharmesh sakpal','NULL'),
(44,12,6,'2025-09-18','16:21:24','NULL','Single',9.60100,9.60100,9.60100,'00:00:00','00:00:00','00:00:00','Ok','D','Dharmesh sakpal','NULL'),
(45,13,1,'2025-09-18','16:30:35','NULL','Single',9.78200,9.78200,9.78200,'00:00:00','00:00:00','00:00:00','Ok','D','Dharmesh sakpal','NULL'),
(46,13,2,'2025-09-18','16:30:42','NULL','Single',10.02100,10.02100,10.02100,'00:00:00','00:00:00','00:00:00','Ok','D','Dharmesh sakpal','NULL'),
(47,13,3,'2025-09-18','16:30:48','NULL','Single',9.96500,9.96500,9.96500,'00:00:00','00:00:00','00:00:00','Ok','D','Dharmesh sakpal','NULL'),
(48,13,4,'2025-09-18','16:30:54','NULL','Single',10.12900,10.12900,10.12900,'00:00:00','00:00:00','00:00:00','Ok','D','Dharmesh sakpal','NULL'),
(49,13,5,'2025-09-18','16:31:00','NULL','Single',10.48500,10.48500,10.48500,'00:00:00','00:00:00','00:00:00','Ok','D','Dharmesh sakpal','NULL'),
(50,14,1,'2025-09-20','10:12:57','NULL','Single',9.96800,9.96800,9.96800,'00:00:00','00:00:00','00:00:00','Ok','a','Abhishek','NULL'),
(51,14,2,'2025-09-20','10:15:05','NULL','Single',10.25500,10.25500,10.25500,'00:00:00','00:00:00','00:00:00','Ok','a','Abhishek','NULL'),
(52,15,1,'2025-09-20','14:20:26','NULL','Single',10.15200,10.15200,10.15200,'00:00:00','00:00:00','00:00:00','Ok','a','Abhishek','NULL'),
(53,16,2,'2025-09-20','14:20:32','NULL','Single',9.85800,9.85800,9.85800,'00:00:00','00:00:00','00:00:00','Ok','a','Abhishek','NULL'),
(54,17,1,'2025-09-22','08:57:18','NULL','Single',10.11200,10.11200,10.11200,'00:00:00','00:00:00','00:00:00','Ok','a','Abhishek','NULL'),
(55,18,2,'2025-09-22','09:00:53','NULL','Single',9.89800,9.89800,9.89800,'00:00:00','00:00:00','00:00:00','Ok','a','Abhishek','NULL'),
(56,19,3,'2025-09-22','09:12:04','NULL','Single',10.29800,10.29800,10.29800,'00:00:00','00:00:00','00:00:00','Ok','a','Abhishek','NULL'),
(57,20,4,'2025-09-22','09:55:24','NULL','Single',0.29400,0.29400,0.29400,'00:00:00','00:00:00','00:00:00','Not Ok','a','Abhishek','NULL'),
(58,21,1,'2025-09-22','10:06:11','NULL','LHS',9.65400,9.65400,9.65400,'00:00:00','00:00:00','00:00:00','Ok','D','Dharmesh sakpal','NULL'),
(59,21,1,'2025-09-22','10:06:17','NULL','RHS',9.86500,9.86500,9.86500,'00:00:00','00:00:00','00:00:00','Ok','D','Dharmesh sakpal','NULL'),
(60,21,2,'2025-09-22','10:06:23','NULL','LHS',9.95800,9.95800,9.95800,'00:00:00','00:00:00','00:00:00','Ok','D','Dharmesh sakpal','NULL'),
(61,21,2,'2025-09-22','10:06:36','NULL','RHS',9.78000,9.78000,9.78000,'00:00:00','00:00:00','00:00:00','Ok','D','Dharmesh sakpal','NULL'),
(62,22,1,'2025-09-22','10:12:51','NULL','Single',10.21100,10.21100,10.21100,'00:00:00','00:00:00','00:00:00','Ok','a','Abhishek','NULL'),
(63,23,2,'2025-09-22','10:14:13','NULL','Single',9.85800,9.85800,9.85800,'00:00:00','00:00:00','00:00:00','Ok','a','Abhishek','NULL'),
(64,24,1,'2025-09-22','10:20:50','NULL','Single',10.14500,10.14500,10.14500,'00:00:00','00:00:00','00:00:00','Ok','a','Abhishek','NULL'),
(65,25,2,'2025-09-22','10:21:34','NULL','Single',9.78800,9.78800,9.78800,'00:00:00','00:00:00','00:00:00','Ok','a','Abhishek','NULL'),
(66,26,1,'2025-09-22','10:43:27','NULL','Single',10.20000,10.20000,10.20000,'00:00:00','00:00:00','00:00:00','Ok','21','shruti','NULL'),
(67,26,2,'2025-09-22','10:55:27','NULL','Single',9.90000,9.90000,9.90000,'00:00:00','00:00:00','00:00:00','Ok','21','shruti','NULL'),
(68,26,3,'2025-09-22','10:55:47','NULL','Single',10.60000,10.60000,10.60000,'00:00:00','00:00:00','00:00:00','Not Ok','21','shruti','NULL'),
(69,26,4,'2025-09-22','10:56:04','NULL','Single',9.80000,9.80000,9.80000,'00:00:00','00:00:00','00:00:00','Ok','21','shruti','NULL'),
(70,26,5,'2025-09-22','10:56:17','NULL','Single',9.30000,9.30000,9.30000,'00:00:00','00:00:00','00:00:00','Not Ok','21','shruti','NULL'),
(71,27,1,'2025-09-22','11:04:19','NULL','Single',9.70000,9.70000,9.70000,'00:00:00','00:00:00','00:00:00','Ok','21','shruti','NULL'),
(72,28,1,'2025-09-22','16:43:01','NULL','Single',10.20000,10.20000,10.20000,'00:00:00','00:00:00','00:00:00','Ok','21','shruti','NULL'),
(73,29,1,'2025-09-23','11:44:47','NULL','Single',10.25200,10.25200,10.25200,'00:00:00','00:00:00','00:00:00','Ok','a','Abhishek','NULL'),
(74,30,2,'2025-09-23','11:45:02','NULL','Single',10.35400,10.35400,10.35400,'00:00:00','00:00:00','00:00:00','Not Ok','a','Abhishek','NULL'),
(75,31,3,'2025-09-23','11:47:53','NULL','Single',9.89600,9.89600,9.89600,'00:00:00','00:00:00','00:00:00','Ok','a','Abhishek','NULL'),
(76,32,4,'2025-09-23','11:48:07','NULL','Single',9.69900,9.69900,9.69900,'00:00:00','00:00:00','00:00:00','Not Ok','a','Abhishek','NULL'),
(77,33,1,'2025-09-24','09:23:28','NULL','Single',9.89600,9.89600,9.89600,'00:00:00','00:00:00','00:00:00','Ok','a','Abhishek','NULL'),
(78,33,2,'2025-09-24','09:25:10','NULL','Single',10.11600,10.11600,10.11600,'00:00:00','00:00:00','00:00:00','Ok','a','Abhishek','NULL'),
(79,34,1,'2025-09-24','10:53:47','NULL','Single',10.20000,10.20000,10.20000,'00:00:00','00:00:00','00:00:00','Ok','21','shruti','NULL'),
(80,34,2,'2025-09-24','10:56:34','NULL','Single',10.30000,10.30000,10.30000,'00:00:00','00:00:00','00:00:00','Ok','21','shruti','NULL'),
(81,34,3,'2025-09-24','10:56:51','NULL','Single',9.80000,9.80000,9.80000,'00:00:00','00:00:00','00:00:00','Ok','21','shruti','NULL'),
(82,35,1,'2025-09-24','11:01:06','NULL','Single',9.80000,9.80000,9.80000,'00:00:00','00:00:00','00:00:00','Ok','21','shruti','NULL'),
(83,36,1,'2025-09-24','17:13:45','NULL','Single',9.65400,9.65400,9.65400,'00:00:00','00:00:00','00:00:00','Ok','D','Dharmesh sakpal','NULL'),
(84,36,2,'2025-09-24','17:14:09','NULL','Single',9.78900,9.78900,9.78900,'00:00:00','00:00:00','00:00:00','Ok','D','Dharmesh sakpal','NULL'),
(85,36,3,'2025-09-24','17:21:14','NULL','Single',10.49900,10.49900,10.49900,'00:00:00','00:00:00','00:00:00','Ok','D','Dharmesh sakpal','NULL'),
(86,37,1,'2025-09-25','11:51:47','NULL','Single',10.21100,10.21100,10.21100,'00:00:00','00:00:00','00:00:00','Ok','a','Abhishek','NULL'),
(87,37,2,'2025-09-25','11:52:49','NULL','Single',9.89900,9.89900,9.89900,'00:00:00','00:00:00','00:00:00','Ok','a','Abhishek','NULL'),
(88,37,3,'2025-09-25','12:00:02','NULL','Single',10.32600,10.32600,10.32600,'00:00:00','00:00:00','00:00:00','Not Ok','a','Abhishek','NULL'),
(89,38,1,'2025-09-25','12:48:04','NULL','Single',10.23500,10.23500,10.23500,'00:00:00','00:00:00','00:00:00','Ok','a','Abhishek','NULL'),
(90,39,1,'2025-09-25','14:48:30','NULL','Single',10.00000,10.00000,10.00000,'00:00:00','00:00:00','00:00:00','Ok','21','shruti','NULL'),
(91,39,2,'2025-09-25','14:50:22','NULL','Single',9.80000,9.80000,9.80000,'00:00:00','00:00:00','00:00:00','Ok','21','shruti','NULL'),
(92,39,3,'2025-09-25','14:54:03','NULL','Single',10.50000,10.50000,10.50000,'00:00:00','00:00:00','00:00:00','Not Ok','21','shruti','NULL'),
(93,40,1,'2025-09-26','12:19:44','NULL','Single',9.80000,9.80000,9.80000,'00:00:00','00:00:00','00:00:00','Ok','a','Abhishek','NULL'),
(94,40,2,'2025-09-26','12:20:26','NULL','Single',9.80000,9.80000,9.80000,'00:00:00','00:00:00','00:00:00','Ok','a','Abhishek','NULL'),
(95,40,3,'2025-09-26','12:20:44','NULL','Single',9.70000,9.70000,9.70000,'00:00:00','00:00:00','00:00:00','Ok','a','Abhishek','NULL'),
(96,41,1,'2025-09-26','12:44:14','NULL','Single',9.65200,9.65200,9.65200,'00:00:00','00:00:00','00:00:00','Ok','D','Dharmesh sakpal','NULL'),
(97,41,2,'2025-09-26','12:44:18','NULL','Single',9.89600,9.89600,9.89600,'00:00:00','00:00:00','00:00:00','Ok','D','Dharmesh sakpal','NULL'),
(98,41,3,'2025-09-26','12:44:23','NULL','Single',9.99900,9.99900,9.99900,'00:00:00','00:00:00','00:00:00','Ok','D','Dharmesh sakpal','NULL'),
(99,41,4,'2025-09-26','12:50:19','NULL','Single',10.11500,10.11500,10.11500,'00:00:00','00:00:00','00:00:00','Ok','D','Dharmesh sakpal','NULL'),
(100,41,5,'2025-09-26','12:50:25','NULL','Single',10.48900,10.48900,10.48900,'00:00:00','00:00:00','00:00:00','Ok','D','Dharmesh sakpal','NULL'),
(101,42,1,'2025-09-26','14:22:46','NULL','Single',10.40000,10.40000,10.40000,'00:00:00','00:00:00','00:00:00','Not Ok','a','Abhishek','NULL'),
(102,42,2,'2025-09-26','14:27:00','NULL','Single',9.80000,9.80000,9.80000,'00:00:00','00:00:00','00:00:00','Ok','a','Abhishek','NULL'),
(103,43,1,'2025-09-26','14:39:25','NULL','Single',9.70000,9.70000,9.70000,'00:00:00','00:00:00','00:00:00','Ok','a','Abhishek','NULL'),
(104,43,2,'2025-09-26','14:52:34','NULL','Single',9.60000,9.60000,9.60000,'00:00:00','00:00:00','00:00:00','Ok','a','Abhishek','NULL'),
(105,44,1,'2025-09-27','12:10:43','NULL','Single',10.30000,10.30000,10.30000,'00:00:00','00:00:00','00:00:00','Ok','21','shruti','NULL'),
(106,44,2,'2025-09-27','12:12:06','NULL','Single',9.80000,9.80000,9.80000,'00:00:00','00:00:00','00:00:00','Ok','21','shruti','NULL'),
(107,44,3,'2025-09-27','12:12:22','NULL','Single',10.10000,10.10000,10.10000,'00:00:00','00:00:00','00:00:00','Ok','21','shruti','NULL'),
(108,44,4,'2025-09-27','12:12:43','NULL','Single',9.90000,9.90000,9.90000,'00:00:00','00:00:00','00:00:00','Ok','21','shruti','NULL'),
(109,44,5,'2025-09-27','12:13:39','NULL','Single',9.20000,9.20000,9.20000,'00:00:00','00:00:00','00:00:00','Not Ok','21','shruti','NULL'),
(110,44,6,'2025-09-27','12:14:00','NULL','Single',10.60000,10.60000,10.60000,'00:00:00','00:00:00','00:00:00','Not Ok','21','shruti','NULL'),
(111,45,1,'2025-09-27','13:55:09','NULL','Single',9.65800,9.65800,9.65800,'00:00:00','00:00:00','00:00:00','Ok','D','Dharmesh sakpal','NULL'),
(112,45,2,'2025-09-27','13:55:13','NULL','Single',9.98500,9.98500,9.98500,'00:00:00','00:00:00','00:00:00','Ok','D','Dharmesh sakpal','NULL'),
(113,45,3,'2025-09-27','13:55:24','NULL','Single',9.85000,9.85000,9.85000,'00:00:00','00:00:00','00:00:00','Ok','D','Dharmesh sakpal','NULL'),
(114,45,4,'2025-09-27','13:55:29','NULL','Single',9.99900,9.99900,9.99900,'00:00:00','00:00:00','00:00:00','Ok','D','Dharmesh sakpal','NULL'),
(115,46,1,'2025-09-27','13:59:09','NULL','Single',9.65400,9.65400,9.65400,'00:00:00','00:00:00','00:00:00','Ok','D','Dharmesh sakpal','NULL'),
(116,46,2,'2025-09-27','13:59:32','NULL','Single',9.85400,9.85400,9.85400,'00:00:00','00:00:00','00:00:00','Ok','D','Dharmesh sakpal','NULL'),
(117,47,1,'2025-09-27','14:16:59','NULL','Single',9.70000,9.70000,9.70000,'00:00:00','00:00:00','00:00:00','Ok','a','Abhishek','NULL'),
(118,47,2,'2025-09-27','14:18:52','NULL','Single',10.40000,10.40000,10.40000,'00:00:00','00:00:00','00:00:00','Not Ok','a','Abhishek','NULL'),
(119,47,3,'2025-09-29','10:34:18','NULL','Single',9.80000,9.80000,9.80000,'00:00:00','00:00:00','00:00:00','Ok','a','Abhishek','NULL'),
(120,47,4,'2025-09-29','10:34:34','NULL','Single',9.60000,9.60000,9.60000,'00:00:00','00:00:00','00:00:00','Not Ok','a','Abhishek','NULL'),
(121,47,5,'2025-09-29','10:35:47','NULL','Single',9.60000,9.60000,9.60000,'00:00:00','00:00:00','00:00:00','Not Ok','a','Abhishek','NULL'),
(122,47,6,'2025-09-29','10:36:00','NULL','Single',9.80000,9.80000,9.80000,'00:00:00','00:00:00','00:00:00','Ok','a','Abhishek','NULL'),
(123,47,7,'2025-09-29','10:36:35','NULL','Single',9.80000,9.80000,9.80000,'00:00:00','00:00:00','00:00:00','Ok','a','Abhishek','NULL'),
(124,47,8,'2025-09-29','10:40:20','NULL','Single',9.80000,9.80000,9.80000,'00:00:00','00:00:00','00:00:00','Ok','a','Abhishek','NULL'),
(125,48,1,'2025-09-29','12:09:09','NULL','Single',9.70000,9.70000,9.70000,'00:00:00','00:00:00','00:00:00','Ok','21','shruti','NULL'),
(126,48,2,'2025-09-29','12:09:22','NULL','Single',9.80000,9.80000,9.80000,'00:00:00','00:00:00','00:00:00','Ok','21','shruti','NULL'),
(127,48,3,'2025-09-29','12:09:40','NULL','Single',10.20100,10.20100,10.20100,'00:00:00','00:00:00','00:00:00','Ok','21','shruti','NULL'),
(128,49,1,'2025-09-29','12:25:43','NULL','Single',10.40000,10.40000,10.40000,'00:00:00','00:00:00','00:00:00','Not Ok','21','shruti','NULL'),
(129,49,2,'2025-09-29','12:26:08','NULL','Single',9.65000,9.65000,9.65000,'00:00:00','00:00:00','00:00:00','Not Ok','21','shruti','NULL'),
(130,49,3,'2025-09-29','12:26:22','NULL','Single',10.78000,10.78000,10.78000,'00:00:00','00:00:00','00:00:00','Not Ok','21','shruti','NULL'),
(131,50,1,'2025-09-29','14:02:43','NULL','LHS',9.70000,9.70000,9.70000,'00:00:00','00:00:00','00:00:00','Ok','21','shruti','NULL'),
(132,50,2,'2025-09-29','14:03:58','NULL','LHS',9.80000,9.80000,9.80000,'00:00:00','00:00:00','00:00:00','Ok','21','shruti','NULL'),
(133,50,3,'2025-09-29','14:04:11','NULL','LHS',10.10000,10.10000,10.10000,'00:00:00','00:00:00','00:00:00','Ok','21','shruti','NULL'),
(134,51,1,'2025-09-29','14:07:33','NULL','RHS',10.10000,10.10000,10.10000,'00:00:00','00:00:00','00:00:00','Ok','21','shruti','NULL'),
(135,51,2,'2025-09-29','14:08:19','NULL','RHS',10.10000,10.10000,10.10000,'00:00:00','00:00:00','00:00:00','Ok','21','shruti','NULL'),
(136,52,1,'2025-09-29','15:19:44','NULL','Single',9.70000,9.70000,9.70000,'00:00:00','00:00:00','00:00:00','Ok','21','shruti','NULL'),
(137,52,2,'2025-09-29','15:20:28','NULL','Single',9.10000,9.10000,9.10000,'00:00:00','00:00:00','00:00:00','Not Ok','21','shruti','NULL'),
(138,52,3,'2025-09-29','15:20:41','NULL','Single',10.30000,10.30000,10.30000,'00:00:00','00:00:00','00:00:00','Ok','21','shruti','NULL'),
(139,53,1,'2025-09-29','15:48:36','NULL','LHS',10.30000,10.30000,10.30000,'00:00:00','00:00:00','00:00:00','Ok','21','shruti','NULL'),
(140,54,1,'2025-09-29','15:48:55','NULL','RHS',9.50000,9.50000,9.50000,'00:00:00','00:00:00','00:00:00','Not Ok','21','shruti','NULL'),
(141,55,1,'2025-09-30','10:23:46','NULL','Single',9.70000,9.70000,9.70000,'00:00:00','00:00:00','00:00:00','Ok','21','shruti','NULL'),
(142,55,2,'2025-09-30','10:24:56','NULL','Single',10.30000,10.30000,10.30000,'00:00:00','00:00:00','00:00:00','Ok','21','shruti','NULL'),
(143,55,3,'2025-09-30','10:25:14','NULL','Single',10.00000,10.00000,10.00000,'00:00:00','00:00:00','00:00:00','Ok','21','shruti','NULL'),
(144,56,1,'2025-09-30','11:14:14','NULL','LHS',10.20000,10.20000,10.20000,'00:00:00','00:00:00','00:00:00','Ok','21','shruti','NULL'),
(145,57,1,'2025-09-30','11:14:31','NULL','RHS',9.90000,9.90000,9.90000,'00:00:00','00:00:00','00:00:00','Ok','21','shruti','NULL'),
(146,56,2,'2025-09-30','11:14:40','NULL','LHS',9.90000,9.90000,9.90000,'00:00:00','00:00:00','00:00:00','Ok','21','shruti','NULL'),
(147,57,2,'2025-09-30','11:14:53','NULL','RHS',10.10000,10.10000,10.10000,'00:00:00','00:00:00','00:00:00','Ok','21','shruti','NULL'),
(148,57,3,'2025-09-30','11:15:38','NULL','RHS',10.10000,10.10000,10.10000,'00:00:00','00:00:00','00:00:00','Ok','21','shruti','NULL'),
(149,57,4,'2025-09-30','11:15:54','NULL','RHS',9.80000,9.80000,9.80000,'00:00:00','00:00:00','00:00:00','Ok','21','shruti','NULL'),
(150,56,3,'2025-09-30','11:17:42','NULL','LHS',9.80000,9.80000,9.80000,'00:00:00','00:00:00','00:00:00','Ok','21','shruti','NULL'),
(151,56,4,'2025-09-30','11:19:49','NULL','LHS',9.70000,9.70000,9.70000,'00:00:00','00:00:00','00:00:00','Ok','21','shruti','NULL'),
(152,57,5,'2025-09-30','11:20:52','NULL','RHS',10.20000,10.20000,10.20000,'00:00:00','00:00:00','00:00:00','Ok','21','shruti','NULL'),
(153,47,9,'2025-09-30','11:33:51','NULL','Single',9.78500,9.78500,9.78500,'00:00:00','00:00:00','00:00:00','Ok','D','Dharmesh sakpal','NULL'),
(154,47,10,'2025-09-30','11:33:58','NULL','Single',9.85000,9.85000,9.85000,'00:00:00','00:00:00','00:00:00','Ok','D','Dharmesh sakpal','NULL'),
(155,47,11,'2025-09-30','11:34:02','NULL','Single',9.99900,9.99900,9.99900,'00:00:00','00:00:00','00:00:00','Ok','D','Dharmesh sakpal','NULL'),
(156,47,12,'2025-09-30','11:34:06','NULL','Single',10.12500,10.12500,10.12500,'00:00:00','00:00:00','00:00:00','Ok','D','Dharmesh sakpal','NULL'),
(157,47,13,'2025-09-30','11:34:11','NULL','Single',10.29900,10.29900,10.29900,'00:00:00','00:00:00','00:00:00','Ok','D','Dharmesh sakpal','NULL'),
(158,58,1,'2025-09-30','12:12:26','NULL','LHS',9.20000,9.20000,9.20000,'00:00:00','00:00:00','00:00:00','Not Ok','21','shruti','NULL'),
(159,59,1,'2025-09-30','12:12:43','NULL','RHS',10.90000,10.90000,10.90000,'00:00:00','00:00:00','00:00:00','Not Ok','21','shruti','NULL'),
(160,58,2,'2025-09-30','12:12:49','NULL','LHS',10.90000,10.90000,10.90000,'00:00:00','00:00:00','00:00:00','Not Ok','21','shruti','NULL'),
(161,59,2,'2025-09-30','12:13:09','NULL','RHS',9.20000,9.20000,9.20000,'00:00:00','00:00:00','00:00:00','Not Ok','21','shruti','NULL'),
(162,58,3,'2025-09-30','12:13:46','NULL','LHS',9.00000,9.00000,9.00000,'00:00:00','00:00:00','00:00:00','Not Ok','21','shruti','NULL'),
(163,59,3,'2025-09-30','12:14:05','NULL','RHS',10.80000,10.80000,10.80000,'00:00:00','00:00:00','00:00:00','Not Ok','21','shruti','NULL'),
(164,58,4,'2025-09-30','12:14:27','NULL','LHS',10.31000,10.31000,10.31000,'00:00:00','00:00:00','00:00:00','Not Ok','21','shruti','NULL'),
(165,59,4,'2025-09-30','12:14:45','NULL','RHS',10.96000,10.96000,10.96000,'00:00:00','00:00:00','00:00:00','Not Ok','21','shruti','NULL'),
(166,60,1,'2025-09-30','13:57:01','NULL','Single',9.70000,9.70000,9.70000,'00:00:00','00:00:00','00:00:00','Ok','21','shruti','NULL'),
(167,60,2,'2025-09-30','13:58:13','NULL','Single',10.30000,10.30000,10.30000,'00:00:00','00:00:00','00:00:00','Ok','21','shruti','NULL'),
(168,61,1,'2025-09-30','14:04:13','NULL','Single',9.82000,9.82000,9.82000,'00:00:00','00:00:00','00:00:00','Ok','D','Dharmesh sakpal','NULL'),
(169,61,2,'2025-09-30','14:05:29','NULL','Single',9.96300,9.96300,9.96300,'00:00:00','00:00:00','00:00:00','Ok','D','Dharmesh sakpal','NULL'),
(170,62,1,'2025-09-30','14:28:33','NULL','LHS',9.20000,9.20000,9.20000,'00:00:00','00:00:00','00:00:00','Not Ok','21','shruti','NULL'),
(171,62,1,'2025-09-30','14:28:49','NULL','RHS',9.80000,9.80000,9.80000,'00:00:00','00:00:00','00:00:00','Ok','21','shruti','NULL'),
(172,62,2,'2025-09-30','14:29:24','NULL','LHS',10.80000,10.80000,10.80000,'00:00:00','00:00:00','00:00:00','Not Ok','21','shruti','NULL'),
(173,62,2,'2025-09-30','14:29:36','NULL','RHS',10.30000,10.30000,10.30000,'00:00:00','00:00:00','00:00:00','Ok','21','shruti','NULL'),
(174,62,3,'2025-09-30','14:29:44','NULL','LHS',10.30000,10.30000,10.30000,'00:00:00','00:00:00','00:00:00','Ok','21','shruti','NULL'),
(175,62,3,'2025-09-30','14:29:57','NULL','RHS',9.20000,9.20000,9.20000,'00:00:00','00:00:00','00:00:00','Not Ok','21','shruti','NULL'),
(176,61,3,'2025-09-30','14:38:09','NULL','Single',9.80000,9.80000,9.80000,'00:00:00','00:00:00','00:00:00','Ok','D','Dharmesh sakpal','NULL'),
(177,61,4,'2025-09-30','14:38:15','NULL','Single',9.99900,9.99900,9.99900,'00:00:00','00:00:00','00:00:00','Ok','D','Dharmesh sakpal','NULL'),
(178,61,5,'2025-09-30','14:38:21','NULL','Single',10.12000,10.12000,10.12000,'00:00:00','00:00:00','00:00:00','Ok','D','Dharmesh sakpal','NULL'),
(179,61,6,'2025-09-30','14:38:27','NULL','Single',10.20000,10.20000,10.20000,'00:00:00','00:00:00','00:00:00','Ok','D','Dharmesh sakpal','NULL'),
(180,63,1,'2025-10-03','11:48:33','NULL','Single',9.70000,9.70000,9.70000,'00:00:00','00:00:00','00:00:00','Ok','21','shruti','NULL'),
(181,63,2,'2025-10-03','11:48:55','NULL','Single',10.50000,10.50000,10.50000,'00:00:00','00:00:00','00:00:00','Not Ok','21','shruti','NULL'),
(182,63,3,'2025-10-03','11:49:16','NULL','Single',9.80000,9.80000,9.80000,'00:00:00','00:00:00','00:00:00','Ok','21','shruti','NULL');

/*Table structure for table `tbl_batchsummary_detail3` */


CREATE TABLE `tbl_batchsummary_detail3` (
  `SerNo` int(11) NOT NULL AUTO_INCREMENT,
  `RepSerNo` int(11) DEFAULT NULL,
  `RecSeqNo` int(11) DEFAULT NULL,
  `Date` date DEFAULT NULL,
  `Time` time DEFAULT NULL,
  `InstrumentID` varchar(200) DEFAULT 'NULL',
  `Side` varchar(10) DEFAULT 'NULL',
  `Min` decimal(10,5) DEFAULT '0.00000',
  `Max` decimal(10,5) DEFAULT '0.00000',
  `Avg` decimal(10,5) DEFAULT '0.00000',
  `MinTimeDT` time DEFAULT '00:00:00',
  `MaxTimeDT` time DEFAULT '00:00:00',
  `AvgTimeDT` time DEFAULT '00:00:00',
  `TestResult` varchar(200) DEFAULT 'NULL',
  `UserID` varchar(200) DEFAULT 'NULL',
  `UserName` varchar(200) DEFAULT 'NULL',
  `LODStage` varchar(200) DEFAULT 'NULL',
  PRIMARY KEY (`SerNo`)
) ENGINE=InnoDB AUTO_INCREMENT=71 DEFAULT CHARSET=utf8;

/*Data for the table `tbl_batchsummary_detail3` */

insert  into `tbl_batchsummary_detail3`(`SerNo`,`RepSerNo`,`RecSeqNo`,`Date`,`Time`,`InstrumentID`,`Side`,`Min`,`Max`,`Avg`,`MinTimeDT`,`MaxTimeDT`,`AvgTimeDT`,`TestResult`,`UserID`,`UserName`,`LODStage`) values 
(1,1,1,'2025-09-15','17:06:38','Ver_23','Single',4.72000,5.30000,4.99000,'00:00:00','00:00:00','00:00:00','Ok','21','shruti','NULL'),
(2,1,2,'2025-09-16','10:41:12','Ver_23','Single',4.12000,5.80000,4.95000,'00:00:00','00:00:00','00:00:00','Not Ok','21','shruti','NULL'),
(3,2,1,'2025-09-16','11:09:24','VR01','Single',4.30000,4.70000,4.53000,'00:00:00','00:00:00','00:00:00','Ok','D','Dharmesh sakpal','NULL'),
(4,2,2,'2025-09-16','11:10:45','VR01','Single',4.48000,4.70000,4.61000,'00:00:00','00:00:00','00:00:00','Ok','D','Dharmesh sakpal','NULL'),
(5,1,3,'2025-09-16','14:14:20','Ver_23','Single',4.55000,6.80000,5.29000,'00:00:00','00:00:00','00:00:00','Not Ok','21','shruti','NULL'),
(6,3,1,'2025-09-17','15:34:53','VR01','Single',4.30000,4.69000,4.51000,'00:00:00','00:00:00','00:00:00','Ok','D','Dharmesh sakpal','NULL'),
(7,3,2,'2025-09-17','15:36:11','VR01','Single',4.40000,4.69000,4.56000,'00:00:00','00:00:00','00:00:00','Ok','D','Dharmesh sakpal','NULL'),
(8,3,3,'2025-09-18','14:42:47','VR01','Single',4.25000,4.75000,4.50000,'00:00:00','00:00:00','00:00:00','Not Ok','D','Dharmesh sakpal','NULL'),
(9,4,1,'2025-09-22','10:31:20','VR01','LHS',4.30000,4.90000,4.54000,'00:00:00','00:00:00','00:00:00','Ok','D','Dharmesh sakpal','NULL'),
(10,4,1,'2025-09-22','10:31:42','VR01','RHS',4.34000,4.65000,4.45000,'00:00:00','00:00:00','00:00:00','Ok','D','Dharmesh sakpal','NULL'),
(11,4,2,'2025-09-22','10:32:54','VR01','LHS',4.41000,4.63000,4.50000,'00:00:00','00:00:00','00:00:00','Ok','D','Dharmesh sakpal','NULL'),
(12,4,2,'2025-09-22','10:33:07','VR01','RHS',4.36000,4.70000,4.60000,'00:00:00','00:00:00','00:00:00','Ok','D','Dharmesh sakpal','NULL'),
(13,4,3,'2025-09-22','10:36:47','VR01','LHS',4.36000,4.68000,4.54000,'00:00:00','00:00:00','00:00:00','Ok','D','Dharmesh sakpal','NULL'),
(14,4,3,'2025-09-22','10:47:46','VR01','RHS',4.34000,4.70000,4.51000,'00:00:00','00:00:00','00:00:00','Ok','D','Dharmesh sakpal','NULL'),
(15,5,1,'2025-09-23','11:09:02','Ver_23','Single',4.76000,5.22000,4.99000,'00:00:00','00:00:00','00:00:00','Ok','21','shruti','NULL'),
(16,5,2,'2025-09-23','11:55:31','Ver_23','Single',4.15000,4.95000,4.56000,'00:00:00','00:00:00','00:00:00','Not Ok','21','shruti','NULL'),
(17,6,1,'2025-09-25','15:10:10','Ver_23','Single',4.70000,5.20000,4.94000,'00:00:00','00:00:00','00:00:00','Ok','21','shruti','NULL'),
(18,6,2,'2025-09-25','15:14:11','Ver_23','Single',4.80000,5.19000,4.96000,'00:00:00','00:00:00','00:00:00','Ok','21','shruti','NULL'),
(19,6,3,'2025-09-25','15:15:12','Ver_23','Single',4.80000,5.38000,5.12000,'00:00:00','00:00:00','00:00:00','Not Ok','21','shruti','NULL'),
(20,7,1,'2025-09-26','10:34:33','VR01','Single',4.30000,4.70000,4.45000,'00:00:00','00:00:00','00:00:00','Ok','D','Dharmesh sakpal','NULL'),
(21,7,2,'2025-09-26','10:54:57','VR01','Single',4.34000,4.80000,4.52000,'00:00:00','00:00:00','00:00:00','Not Ok','D','Dharmesh sakpal','NULL'),
(22,7,3,'2025-09-26','10:58:55','VR01','Single',4.40000,4.80000,4.49000,'00:00:00','00:00:00','00:00:00','Not Ok','D','Dharmesh sakpal','NULL'),
(23,8,1,'2025-09-26','14:50:43','V001','Single',4.30000,4.38000,4.34000,'00:00:00','00:00:00','00:00:00','Ok','a','Abhishek','NULL'),
(24,9,1,'2025-09-27','12:34:37','V001','Single',4.70000,5.20000,4.95000,'00:00:00','00:00:00','00:00:00','Ok','21','shruti','NULL'),
(25,9,2,'2025-09-27','12:44:33','V001','Single',4.84000,5.05000,4.94000,'00:00:00','00:00:00','00:00:00','Ok','21','shruti','NULL'),
(26,9,3,'2025-09-27','12:45:43','V001','Single',5.01000,5.30000,5.13000,'00:00:00','00:00:00','00:00:00','Ok','21','shruti','NULL'),
(27,9,4,'2025-09-27','12:46:30','V001','Single',4.76000,5.18000,4.93000,'00:00:00','00:00:00','00:00:00','Ok','21','shruti','NULL'),
(28,9,5,'2025-09-27','12:47:20','V001','Single',4.20000,4.83000,4.43000,'00:00:00','00:00:00','00:00:00','Not Ok','21','shruti','NULL'),
(29,9,6,'2025-09-27','12:48:38','V001','Single',4.75000,5.99000,5.31000,'00:00:00','00:00:00','00:00:00','Not Ok','21','shruti','NULL'),
(30,9,7,'2025-09-27','12:49:53','V001','Single',4.01000,5.33000,4.67000,'00:00:00','00:00:00','00:00:00','Not Ok','21','shruti','NULL'),
(31,10,1,'2025-09-27','14:07:19','VR01','Single',4.34000,4.69000,4.53000,'00:00:00','00:00:00','00:00:00','Ok','D','Dharmesh sakpal','NULL'),
(32,10,2,'2025-09-27','14:08:50','VR01','Single',4.36000,4.68000,4.51000,'00:00:00','00:00:00','00:00:00','Ok','D','Dharmesh sakpal','NULL'),
(33,10,3,'2025-09-27','14:17:17','VR01','Single',4.30000,4.69000,4.52000,'00:00:00','00:00:00','00:00:00','Ok','D','Dharmesh sakpal','NULL'),
(34,9,8,'2025-09-27','14:14:32','V001','Single',4.34000,8.85000,7.01000,'00:00:00','00:00:00','00:00:00','Not Ok','21','shruti','NULL'),
(35,11,1,'2025-09-27','14:38:19','Ver_23','Single',4.00000,5.30000,4.59000,'00:00:00','00:00:00','00:00:00','Not Ok','a','Abhishek','NULL'),
(36,11,2,'2025-09-27','14:43:49','Ver_23','Single',4.80000,5.25000,5.00000,'00:00:00','00:00:00','00:00:00','Ok','a','Abhishek','NULL'),
(37,11,3,'2025-09-27','14:45:15','Ver_23','Single',4.20000,5.78000,5.24000,'00:00:00','00:00:00','00:00:00','Not Ok','a','Abhishek','NULL'),
(38,12,1,'2025-09-29','12:12:23','V001','Single',4.70000,5.30000,5.08000,'00:00:00','00:00:00','00:00:00','Ok','21','shruti','NULL'),
(39,12,2,'2025-09-29','12:13:11','V001','Single',4.95000,5.22000,5.09000,'00:00:00','00:00:00','00:00:00','Ok','21','shruti','NULL'),
(40,12,3,'2025-09-29','12:13:46','V001','Single',4.84000,5.11000,4.98000,'00:00:00','00:00:00','00:00:00','Ok','21','shruti','NULL'),
(41,13,1,'2025-09-29','12:27:26','V001','Single',4.11000,5.45000,4.73000,'00:00:00','00:00:00','00:00:00','Not Ok','21','shruti','NULL'),
(42,13,2,'2025-09-29','12:28:42','V001','Single',5.01000,5.96000,5.34000,'00:00:00','00:00:00','00:00:00','Not Ok','21','shruti','NULL'),
(43,13,3,'2025-09-29','12:29:47','V001','Single',4.12000,5.96000,4.84000,'00:00:00','00:00:00','00:00:00','Not Ok','21','shruti','NULL'),
(44,14,1,'2025-09-29','14:10:21','V001','LHS',4.70000,5.30000,5.04000,'00:00:00','00:00:00','00:00:00','Ok','21','shruti','NULL'),
(45,14,2,'2025-09-29','14:11:01','V001','LHS',4.76000,5.30000,4.95000,'00:00:00','00:00:00','00:00:00','Ok','21','shruti','NULL'),
(46,14,3,'2025-09-29','14:11:34','V001','LHS',4.84000,5.30000,5.09000,'00:00:00','00:00:00','00:00:00','Ok','21','shruti','NULL'),
(47,14,1,'2025-09-29','14:13:37','V001','RHS',5.01000,5.30000,5.12000,'00:00:00','00:00:00','00:00:00','Ok','21','shruti','NULL'),
(48,14,2,'2025-09-29','14:14:02','V001','RHS',4.00000,5.08000,4.70000,'00:00:00','00:00:00','00:00:00','Not Ok','21','shruti','NULL'),
(49,14,3,'2025-09-29','14:15:54','V001','RHS',4.00000,4.82000,4.62000,'00:00:00','00:00:00','00:00:00','Not Ok','21','shruti','NULL'),
(50,14,4,'2025-09-29','14:17:09','V001','RHS',4.82000,5.96000,5.51000,'00:00:00','00:00:00','00:00:00','Not Ok','21','shruti','NULL'),
(51,14,4,'2025-09-29','14:18:07','V001','LHS',5.00000,5.78000,5.40000,'00:00:00','00:00:00','00:00:00','Not Ok','21','shruti','NULL'),
(52,14,5,'2025-09-29','14:21:16','V001','LHS',5.01000,5.96000,5.30000,'00:00:00','00:00:00','00:00:00','Not Ok','21','shruti','NULL'),
(53,15,1,'2025-09-29','15:23:10','V001','Single',4.09000,4.75000,4.40000,'00:00:00','00:00:00','00:00:00','Not Ok','21','shruti','NULL'),
(54,15,2,'2025-09-29','15:26:45','V001','Single',4.09000,5.99000,5.03000,'00:00:00','00:00:00','00:00:00','Not Ok','21','shruti','NULL'),
(55,16,1,'2025-09-29','15:49:47','V001','LHS',4.22000,5.38000,4.87000,'00:00:00','00:00:00','00:00:00','Not Ok','21','shruti','NULL'),
(56,16,1,'2025-09-29','15:52:39','V001','RHS',5.11000,5.58000,5.35000,'00:00:00','00:00:00','00:00:00','Not Ok','21','shruti','NULL'),
(57,17,1,'2025-09-30','11:24:37','V001','LHS',4.70000,5.20000,4.94000,'00:00:00','00:00:00','00:00:00','Ok','21','shruti','NULL'),
(58,17,1,'2025-09-30','11:25:25','V001','RHS',4.88000,5.08000,4.99000,'00:00:00','00:00:00','00:00:00','Ok','21','shruti','NULL'),
(59,17,2,'2025-09-30','11:26:56','V001','LHS',5.01000,5.08000,5.04000,'00:00:00','00:00:00','00:00:00','Ok','21','shruti','NULL'),
(60,17,2,'2025-09-30','11:27:25','V001','RHS',4.80000,5.01000,4.90000,'00:00:00','00:00:00','00:00:00','Ok','21','shruti','NULL'),
(61,17,3,'2025-09-30','11:28:49','V001','LHS',4.84000,4.95000,4.89000,'00:00:00','00:00:00','00:00:00','Ok','21','shruti','NULL'),
(62,17,3,'2025-09-30','11:31:52','V001','RHS',4.80000,5.05000,4.93000,'00:00:00','00:00:00','00:00:00','Ok','21','shruti','NULL'),
(63,18,1,'2025-09-30','12:17:30','V001','LHS',4.05000,5.89000,4.72000,'00:00:00','00:00:00','00:00:00','Not Ok','21','shruti','NULL'),
(64,18,2,'2025-09-30','12:28:13','V001','LHS',5.80000,5.96000,5.88000,'00:00:00','00:00:00','00:00:00','Not Ok','21','shruti','NULL'),
(65,19,1,'2025-09-30','14:33:07','V001','LHS',4.70000,5.47000,5.11000,'00:00:00','00:00:00','00:00:00','Not Ok','21','shruti','NULL'),
(66,19,1,'2025-09-30','14:34:58','V001','RHS',4.09000,4.99000,4.43000,'00:00:00','00:00:00','00:00:00','Not Ok','21','shruti','NULL'),
(67,19,2,'2025-09-30','14:37:55','V001','LHS',4.99000,5.99000,5.29000,'00:00:00','00:00:00','00:00:00','Not Ok','21','shruti','NULL'),
(68,19,2,'2025-09-30','14:41:09','V001','RHS',5.01000,5.85000,5.40000,'00:00:00','00:00:00','00:00:00','Not Ok','21','shruti','NULL'),
(69,19,3,'2025-09-30','14:42:52','V001','LHS',5.01000,5.89000,5.37000,'00:00:00','00:00:00','00:00:00','Not Ok','21','shruti','NULL'),
(70,19,3,'2025-09-30','14:43:37','V001','RHS',5.07000,5.55000,5.34000,'00:00:00','00:00:00','00:00:00','Not Ok','21','shruti','NULL');

/*Table structure for table `tbl_batchsummary_detail4` */


CREATE TABLE `tbl_batchsummary_detail4` (
  `SerNo` int(11) NOT NULL AUTO_INCREMENT,
  `RepSerNo` int(11) DEFAULT NULL,
  `RecSeqNo` int(11) DEFAULT NULL,
  `Date` date DEFAULT NULL,
  `Time` time DEFAULT NULL,
  `InstrumentID` varchar(200) DEFAULT 'NULL',
  `Side` varchar(10) DEFAULT 'NULL',
  `Min` decimal(10,5) DEFAULT '0.00000',
  `Max` decimal(10,5) DEFAULT '0.00000',
  `Avg` decimal(10,5) DEFAULT '0.00000',
  `MinTimeDT` time DEFAULT '00:00:00',
  `MaxTimeDT` time DEFAULT '00:00:00',
  `AvgTimeDT` time DEFAULT '00:00:00',
  `TestResult` varchar(200) DEFAULT 'NULL',
  `UserID` varchar(200) DEFAULT 'NULL',
  `UserName` varchar(200) DEFAULT 'NULL',
  `LODStage` varchar(200) DEFAULT 'NULL',
  PRIMARY KEY (`SerNo`)
) ENGINE=InnoDB AUTO_INCREMENT=24 DEFAULT CHARSET=utf8;

/*Data for the table `tbl_batchsummary_detail4` */

insert  into `tbl_batchsummary_detail4`(`SerNo`,`RepSerNo`,`RecSeqNo`,`Date`,`Time`,`InstrumentID`,`Side`,`Min`,`Max`,`Avg`,`MinTimeDT`,`MaxTimeDT`,`AvgTimeDT`,`TestResult`,`UserID`,`UserName`,`LODStage`) values 
(1,1,1,'2025-09-16','09:40:41','Ver_23','Single',6.77000,7.25000,7.02000,'00:00:00','00:00:00','00:00:00','Ok','21','shruti','NULL'),
(2,2,1,'2025-09-16','11:41:42','VR01','Single',3.80000,4.10000,3.94000,'00:00:00','00:00:00','00:00:00','Ok','D','Dharmesh sakpal','NULL'),
(3,2,2,'2025-09-16','11:42:32','VR01','Single',3.84000,4.20000,4.04000,'00:00:00','00:00:00','00:00:00','Ok','D','Dharmesh sakpal','NULL'),
(4,1,2,'2025-09-16','11:54:53','Ver_23','Single',6.20000,7.60000,7.04000,'00:00:00','00:00:00','00:00:00','Not Ok','21','shruti','NULL'),
(5,3,1,'2025-09-18','11:17:53','VR01','Single',3.80000,4.05000,3.94000,'00:00:00','00:00:00','00:00:00','Ok','D','Dharmesh sakpal','NULL'),
(6,3,2,'2025-09-18','11:18:08','VR01','Single',3.85000,4.19000,4.00000,'00:00:00','00:00:00','00:00:00','Ok','D','Dharmesh sakpal','NULL'),
(7,3,3,'2025-09-18','14:43:03','VR01','Single',3.80000,4.21000,3.99000,'00:00:00','00:00:00','00:00:00','Not Ok','D','Dharmesh sakpal','NULL'),
(8,4,1,'2025-09-22','10:44:52','VR01','LHS',3.80000,4.00000,3.89000,'00:00:00','00:00:00','00:00:00','Ok','D','Dharmesh sakpal','NULL'),
(9,4,1,'2025-09-22','10:47:19','VR01','RHS',4.09000,4.20000,4.14000,'00:00:00','00:00:00','00:00:00','Ok','D','Dharmesh sakpal','NULL'),
(10,5,1,'2025-09-26','11:02:16','VR01','Single',3.80000,4.05000,3.94000,'00:00:00','00:00:00','00:00:00','Ok','D','Dharmesh sakpal','NULL'),
(11,5,2,'2025-09-26','11:21:01','VR01','Single',3.85000,4.20000,4.03000,'00:00:00','00:00:00','00:00:00','Ok','D','Dharmesh sakpal','NULL'),
(12,5,3,'2025-09-26','11:29:31','VR01','Single',3.85000,4.20000,4.03000,'00:00:00','00:00:00','00:00:00','Ok','D','Dharmesh sakpal','NULL'),
(13,5,4,'2025-09-26','11:50:24','VR01','Single',3.80000,4.34000,3.97000,'00:00:00','00:00:00','00:00:00','Not Ok','D','Dharmesh sakpal','NULL'),
(14,6,1,'2025-09-26','14:44:09','V001','Single',3.80000,3.85000,3.82000,'00:00:00','00:00:00','00:00:00','Ok','a','Abhishek','NULL'),
(15,7,1,'2025-09-27','12:52:08','V001','Single',7.80000,8.30000,7.98000,'00:00:00','00:00:00','00:00:00','Ok','21','shruti','NULL'),
(16,7,2,'2025-09-27','13:50:20','V001','Single',7.70000,8.30000,7.95000,'00:00:00','00:00:00','00:00:00','Ok','21','shruti','NULL'),
(17,7,3,'2025-09-27','13:54:54','V001','Single',7.70000,8.26000,7.96000,'00:00:00','00:00:00','00:00:00','Ok','21','shruti','NULL'),
(18,7,4,'2025-09-27','13:59:35','V001','Single',7.20000,8.69000,8.04000,'00:00:00','00:00:00','00:00:00','Not Ok','21','shruti','NULL'),
(19,7,5,'2025-09-27','14:02:10','V001','Single',7.01000,8.55000,7.81000,'00:00:00','00:00:00','00:00:00','Not Ok','21','shruti','NULL'),
(20,7,6,'2025-09-27','14:03:55','V001','Single',7.01000,7.05000,7.02000,'00:00:00','00:00:00','00:00:00','Not Ok','21','shruti','NULL'),
(21,7,7,'2025-09-27','14:08:31','V001','Single',7.05000,8.85000,8.33000,'00:00:00','00:00:00','00:00:00','Not Ok','21','shruti','NULL'),
(22,8,1,'2025-10-03','15:17:40','V001','Single',4.77000,5.11000,4.93000,'00:00:00','00:00:00','00:00:00','Ok','21','shruti','NULL'),
(23,8,2,'2025-10-03','15:58:42','V001','Single',4.02000,5.99000,4.91000,'00:00:00','00:00:00','00:00:00','Not Ok','21','shruti','NULL');

/*Table structure for table `tbl_batchsummary_detail5` */


CREATE TABLE `tbl_batchsummary_detail5` (
  `SerNo` int(11) NOT NULL AUTO_INCREMENT,
  `RepSerNo` int(11) DEFAULT NULL,
  `RecSeqNo` int(11) DEFAULT NULL,
  `Date` date DEFAULT NULL,
  `Time` time DEFAULT NULL,
  `InstrumentID` varchar(200) DEFAULT 'NULL',
  `Side` varchar(10) DEFAULT 'NULL',
  `Min` decimal(10,5) DEFAULT '0.00000',
  `Max` decimal(10,5) DEFAULT '0.00000',
  `Avg` decimal(10,5) DEFAULT '0.00000',
  `MinTimeDT` time DEFAULT '00:00:00',
  `MaxTimeDT` time DEFAULT '00:00:00',
  `AvgTimeDT` time DEFAULT '00:00:00',
  `TestResult` varchar(200) DEFAULT 'NULL',
  `UserID` varchar(200) DEFAULT 'NULL',
  `UserName` varchar(200) DEFAULT 'NULL',
  `LODStage` varchar(200) DEFAULT 'NULL',
  PRIMARY KEY (`SerNo`)
) ENGINE=InnoDB AUTO_INCREMENT=16 DEFAULT CHARSET=utf8;

/*Data for the table `tbl_batchsummary_detail5` */

insert  into `tbl_batchsummary_detail5`(`SerNo`,`RepSerNo`,`RecSeqNo`,`Date`,`Time`,`InstrumentID`,`Side`,`Min`,`Max`,`Avg`,`MinTimeDT`,`MaxTimeDT`,`AvgTimeDT`,`TestResult`,`UserID`,`UserName`,`LODStage`) values 
(1,1,1,'2025-09-16','10:14:56','Ver_23','Single',9.20000,10.20000,9.80000,'00:00:00','00:00:00','00:00:00','Not Ok','21','shruti','NULL'),
(2,2,1,'2025-09-16','11:47:51','VR01','Single',4.70000,5.15000,4.92000,'00:00:00','00:00:00','00:00:00','Ok','D','Dharmesh sakpal','NULL'),
(3,2,2,'2025-09-16','11:48:18','VR01','Single',4.65000,5.31000,4.94000,'00:00:00','00:00:00','00:00:00','Not Ok','D','Dharmesh sakpal','NULL'),
(4,3,1,'2025-09-18','11:20:46','VR01','Single',4.78000,5.19000,4.95000,'00:00:00','00:00:00','00:00:00','Ok','D','Dharmesh sakpal','NULL'),
(5,3,2,'2025-09-18','11:21:16','VR01','Single',4.70000,5.26000,4.90000,'00:00:00','00:00:00','00:00:00','Ok','D','Dharmesh sakpal','NULL'),
(6,3,3,'2025-09-18','14:44:28','VR01','Single',4.70000,5.32000,5.01000,'00:00:00','00:00:00','00:00:00','Not Ok','D','Dharmesh sakpal','NULL'),
(7,4,1,'2025-09-26','11:35:18','VR01','Single',4.72000,5.18000,4.93000,'00:00:00','00:00:00','00:00:00','Ok','D','Dharmesh sakpal','NULL'),
(8,4,2,'2025-09-26','11:35:48','VR01','Single',4.70000,5.16000,4.90000,'00:00:00','00:00:00','00:00:00','Ok','D','Dharmesh sakpal','NULL'),
(9,5,1,'2025-09-26','14:44:42','V001','Single',4.70000,4.75000,4.72000,'00:00:00','00:00:00','00:00:00','Ok','a','Abhishek','NULL'),
(10,6,1,'2025-09-27','14:48:57','Ver_23','Single',9.80000,9.90000,9.84000,'00:00:00','00:00:00','00:00:00','Ok','a','Abhishek','NULL'),
(11,6,2,'2025-09-27','15:02:25','Ver_23','Single',9.83000,9.94000,9.87000,'00:00:00','00:00:00','00:00:00','Ok','a','Abhishek','NULL'),
(12,6,3,'2025-09-27','15:03:10','Ver_23','Single',9.65000,10.56000,9.91000,'00:00:00','00:00:00','00:00:00','Not Ok','a','Abhishek','NULL'),
(13,7,1,'2025-10-03','16:00:37','V001','Single',7.55000,8.45000,7.95000,'00:00:00','00:00:00','00:00:00','Ok','21','shruti','NULL'),
(14,8,1,'2025-10-04','11:43:42','V001','Single',4.30000,4.69000,4.52000,'00:00:00','00:00:00','00:00:00','Ok','D','Dharmesh sakpal','NULL'),
(15,8,2,'2025-10-04','11:43:58','V001','Single',4.35000,4.71000,4.50000,'00:00:00','00:00:00','00:00:00','Not Ok','D','Dharmesh sakpal','NULL');

/*Table structure for table `tbl_batchsummary_detail6` */


CREATE TABLE `tbl_batchsummary_detail6` (
  `SerNo` int(11) NOT NULL AUTO_INCREMENT,
  `RepSerNo` int(11) DEFAULT NULL,
  `RecSeqNo` int(11) DEFAULT NULL,
  `Date` date DEFAULT NULL,
  `Time` time DEFAULT NULL,
  `InstrumentID` varchar(200) DEFAULT 'NULL',
  `Side` varchar(10) DEFAULT 'NULL',
  `Min` decimal(10,5) DEFAULT '0.00000',
  `Max` decimal(10,5) DEFAULT '0.00000',
  `Avg` decimal(10,5) DEFAULT '0.00000',
  `MinTimeDT` time DEFAULT '00:00:00',
  `MaxTimeDT` time DEFAULT '00:00:00',
  `AvgTimeDT` time DEFAULT '00:00:00',
  `TestResult` varchar(200) DEFAULT 'NULL',
  `UserID` varchar(200) DEFAULT 'NULL',
  `UserName` varchar(200) DEFAULT 'NULL',
  `LODStage` varchar(200) DEFAULT 'NULL',
  PRIMARY KEY (`SerNo`)
) ENGINE=InnoDB AUTO_INCREMENT=11 DEFAULT CHARSET=utf8;

/*Data for the table `tbl_batchsummary_detail6` */

insert  into `tbl_batchsummary_detail6`(`SerNo`,`RepSerNo`,`RecSeqNo`,`Date`,`Time`,`InstrumentID`,`Side`,`Min`,`Max`,`Avg`,`MinTimeDT`,`MaxTimeDT`,`AvgTimeDT`,`TestResult`,`UserID`,`UserName`,`LODStage`) values 
(1,1,1,'2025-09-16','10:29:04','Ver_23','Single',10.10000,11.99000,11.00000,'00:00:00','00:00:00','00:00:00','Not Ok','21','shruti','NULL'),
(2,1,2,'2025-09-16','10:31:38','Ver_23','Single',10.77000,11.30000,11.01000,'00:00:00','00:00:00','00:00:00','Ok','21','shruti','NULL'),
(3,2,1,'2025-09-18','10:01:26','Ver_23','Single',3.17000,3.69000,3.45000,'00:00:00','00:00:00','00:00:00','Not Ok','21','shruti','NULL'),
(4,3,1,'2025-09-18','11:15:48','VR01','Single',3.30000,3.70000,3.50000,'00:00:00','00:00:00','00:00:00','Ok','D','Dharmesh sakpal','NULL'),
(5,3,2,'2025-09-18','11:16:34','VR01','Single',3.35000,3.69000,3.54000,'00:00:00','00:00:00','00:00:00','Ok','D','Dharmesh sakpal','NULL'),
(6,2,2,'2025-09-18','11:37:22','Ver_23','Single',3.33000,3.63000,3.49000,'00:00:00','00:00:00','00:00:00','Ok','21','shruti','NULL'),
(7,3,3,'2025-09-18','14:44:46','VR01','Single',3.29000,3.75000,3.51000,'00:00:00','00:00:00','00:00:00','Not Ok','D','Dharmesh sakpal','NULL'),
(8,4,1,'2025-09-26','11:49:04','VR01','Single',3.30000,3.65000,3.49000,'00:00:00','00:00:00','00:00:00','Ok','D','Dharmesh sakpal','NULL'),
(9,4,2,'2025-09-26','11:49:27','VR01','Single',3.36000,3.71000,3.57000,'00:00:00','00:00:00','00:00:00','Not Ok','D','Dharmesh sakpal','NULL'),
(10,5,1,'2025-09-26','14:45:17','V001','Single',3.35000,3.40000,3.37000,'00:00:00','00:00:00','00:00:00','Ok','a','Abhishek','NULL');

/*Table structure for table `tbl_batchsummary_detail7` */


CREATE TABLE `tbl_batchsummary_detail7` (
  `SerNo` int(11) NOT NULL AUTO_INCREMENT,
  `RepSerNo` int(11) DEFAULT NULL,
  `RecSeqNo` int(11) DEFAULT NULL,
  `Date` date DEFAULT NULL,
  `Time` time DEFAULT NULL,
  `InstrumentID` varchar(200) DEFAULT 'NULL',
  `Side` varchar(10) DEFAULT 'NULL',
  `MIN` varchar(100) DEFAULT NULL,
  `MAX` varchar(100) DEFAULT NULL,
  `AVG` varchar(100) DEFAULT NULL,
  `MinTimeDT` time DEFAULT '00:00:00',
  `MaxTimeDT` time DEFAULT '00:00:00',
  `AvgTimeDT` time DEFAULT '00:00:00',
  `TestResult` varchar(200) DEFAULT 'NULL',
  `UserID` varchar(200) DEFAULT 'NULL',
  `UserName` varchar(200) DEFAULT 'NULL',
  `LODStage` varchar(200) DEFAULT 'NULL',
  PRIMARY KEY (`SerNo`)
) ENGINE=InnoDB AUTO_INCREMENT=2 DEFAULT CHARSET=utf8;

/*Data for the table `tbl_batchsummary_detail7` */

insert  into `tbl_batchsummary_detail7`(`SerNo`,`RepSerNo`,`RecSeqNo`,`Date`,`Time`,`InstrumentID`,`Side`,`MIN`,`MAX`,`AVG`,`MinTimeDT`,`MaxTimeDT`,`AvgTimeDT`,`TestResult`,`UserID`,`UserName`,`LODStage`) values 
(1,1,1,'2025-09-27','12:52:00','HD01','NA','79.00','142.00','111.40','00:00:00','00:00:00','00:00:00','1','D','Dharmesh sakpal','NULL');

/*Table structure for table `tbl_batchsummary_detail8` */


CREATE TABLE `tbl_batchsummary_detail8` (
  `SerNo` int(11) NOT NULL AUTO_INCREMENT,
  `RepSerNo` int(11) DEFAULT NULL,
  `RecSeqNo` int(11) DEFAULT NULL,
  `Date` date DEFAULT NULL,
  `Time` time DEFAULT NULL,
  `InstrumentID` varchar(200) DEFAULT 'NULL',
  `Side` varchar(10) DEFAULT 'NULL',
  `Min` decimal(10,5) DEFAULT '0.00000',
  `Max` decimal(10,5) DEFAULT '0.00000',
  `Avg` decimal(10,5) DEFAULT '0.00000',
  `MinTimeDT` time DEFAULT '00:00:00',
  `MaxTimeDT` time DEFAULT '00:00:00',
  `AvgTimeDT` time DEFAULT '00:00:00',
  `TestResult` varchar(200) DEFAULT 'NULL',
  `UserID` varchar(200) DEFAULT 'NULL',
  `UserName` varchar(200) DEFAULT 'NULL',
  `LODStage` varchar(200) DEFAULT 'NULL',
  PRIMARY KEY (`SerNo`)
) ENGINE=InnoDB DEFAULT CHARSET=utf8;

/*Data for the table `tbl_batchsummary_detail8` */

/*Table structure for table `tbl_batchsummary_detail9` */


CREATE TABLE `tbl_batchsummary_detail9` (
  `SerNo` int(11) NOT NULL AUTO_INCREMENT,
  `RepSerNo` int(11) DEFAULT NULL,
  `RecSeqNo` int(11) DEFAULT NULL,
  `Date` date DEFAULT NULL,
  `Time` time DEFAULT NULL,
  `InstrumentID` varchar(200) DEFAULT 'NULL',
  `Side` varchar(10) DEFAULT 'NULL',
  `Min` decimal(10,5) DEFAULT '0.00000',
  `Max` decimal(10,5) DEFAULT '0.00000',
  `Avg` decimal(10,5) DEFAULT '0.00000',
  `MinTimeDT` time DEFAULT '00:00:00',
  `MaxTimeDT` time DEFAULT '00:00:00',
  `AvgTimeDT` time DEFAULT '00:00:00',
  `TestResult` varchar(200) DEFAULT 'NULL',
  `UserID` varchar(200) DEFAULT 'NULL',
  `UserName` varchar(200) DEFAULT 'NULL',
  `LODStage` varchar(200) DEFAULT 'NULL',
  PRIMARY KEY (`SerNo`)
) ENGINE=InnoDB AUTO_INCREMENT=51 DEFAULT CHARSET=utf8;

/*Data for the table `tbl_batchsummary_detail9` */

insert  into `tbl_batchsummary_detail9`(`SerNo`,`RepSerNo`,`RecSeqNo`,`Date`,`Time`,`InstrumentID`,`Side`,`Min`,`Max`,`Avg`,`MinTimeDT`,`MaxTimeDT`,`AvgTimeDT`,`TestResult`,`UserID`,`UserName`,`LODStage`) values 
(1,1,1,'2025-09-13','16:42:53','BAL002','Single',0.53000,0.57000,0.55100,'00:00:00','00:00:00','00:00:00','Ok','D','Dharmesh sakpal','NULL'),
(2,1,2,'2025-09-13','16:43:22','BAL002','Single',0.54600,0.57000,0.56000,'00:00:00','00:00:00','00:00:00','Ok','D','Dharmesh sakpal','NULL'),
(3,2,1,'2025-09-15','14:58:26','BAL002','Single',0.53000,0.56000,0.54300,'00:00:00','00:00:00','00:00:00','Ok','D','Dharmesh sakpal','NULL'),
(4,2,2,'2025-09-15','15:35:26','BAL002','Single',0.53100,0.56100,0.54400,'00:00:00','00:00:00','00:00:00','Ok','D','Dharmesh sakpal','NULL'),
(5,2,3,'2025-09-15','15:40:32','BAL002','Single',0.53200,0.55400,0.54400,'00:00:00','00:00:00','00:00:00','Ok','D','Dharmesh sakpal','NULL'),
(6,2,4,'2025-09-15','15:53:34','BAL002','Single',0.53000,0.57000,0.55000,'00:00:00','00:00:00','00:00:00','Ok','D','Dharmesh sakpal','NULL'),
(7,3,1,'2025-09-15','15:57:57','BAL002','Single',0.53000,0.57000,0.54800,'00:00:00','00:00:00','00:00:00','Ok','D','Dharmesh sakpal','NULL'),
(8,3,2,'2025-09-15','15:59:47','BAL002','Single',0.52500,0.57600,0.54500,'00:00:00','00:00:00','00:00:00','Not Ok','D','Dharmesh sakpal','NULL'),
(9,3,3,'2025-09-15','16:19:16','BAL002','Single',0.53000,0.57000,0.55100,'00:00:00','00:00:00','00:00:00','Ok','D','Dharmesh sakpal','NULL'),
(10,4,1,'2025-09-15','15:49:17','Bal_23','Single',0.28000,0.33000,0.30600,'00:00:00','00:00:00','00:00:00','Ok','21','shruti','NULL'),
(11,4,2,'2025-09-16','10:46:15','Bal_23','Single',0.24500,0.33100,0.29500,'00:00:00','00:00:00','00:00:00','Not Ok','21','shruti','NULL'),
(12,3,4,'2025-09-16','10:53:25','BAL002','Single',0.53000,0.57000,0.55200,'00:00:00','00:00:00','00:00:00','Ok','D','Dharmesh sakpal','NULL'),
(13,4,3,'2025-09-16','11:03:19','Bal_23','Single',0.28000,0.32400,0.30600,'00:00:00','00:00:00','00:00:00','Ok','21','shruti','NULL'),
(14,5,1,'2025-09-16','12:34:56','Bal_27','Single',0.28500,0.32200,0.30500,'00:00:00','00:00:00','00:00:00','Ok','a','Abhishek','NULL'),
(15,6,1,'2025-09-16','14:01:50','Bal_26','Single',0.27000,0.31000,0.29000,'00:00:00','00:00:00','00:00:00','Ok','D','Dharmesh sakpal','NULL'),
(16,6,2,'2025-09-16','14:02:06','Bal_26','Single',0.28800,0.32000,0.30700,'00:00:00','00:00:00','00:00:00','Ok','D','Dharmesh sakpal','NULL'),
(17,7,1,'2025-09-17','14:28:57','BAL002','Single',0.53000,0.57000,0.55000,'00:00:00','00:00:00','00:00:00','Ok','D','Dharmesh sakpal','NULL'),
(18,7,2,'2025-09-17','15:13:06','BAL002','Single',0.53000,0.57000,0.55000,'00:00:00','00:00:00','00:00:00','Ok','D','Dharmesh sakpal','NULL'),
(19,7,3,'2025-09-17','15:13:23','BAL002','Single',0.53500,0.57000,0.55500,'00:00:00','00:00:00','00:00:00','Ok','D','Dharmesh sakpal','NULL'),
(20,8,1,'2025-09-18','09:21:20','Bal_27','Single',0.27800,0.31600,0.29700,'00:00:00','00:00:00','00:00:00','Ok','a','Abhishek','NULL'),
(21,8,2,'2025-09-18','09:21:41','Bal_27','Single',0.28400,0.32600,0.30300,'00:00:00','00:00:00','00:00:00','Ok','a','Abhishek','NULL'),
(22,9,1,'2025-09-18','16:21:31','Bal_26','Single',0.53000,0.57000,0.55200,'00:00:00','00:00:00','00:00:00','Ok','D','Dharmesh sakpal','NULL'),
(23,9,2,'2025-09-18','16:23:18','Bal_26','Single',0.52500,0.56000,0.54400,'00:00:00','00:00:00','00:00:00','Not Ok','D','Dharmesh sakpal','NULL'),
(24,10,1,'2025-09-18','16:29:49','BAL002','Single',0.54000,0.57000,0.55300,'00:00:00','00:00:00','00:00:00','Ok','D','Dharmesh sakpal','NULL'),
(25,10,2,'2025-09-18','16:30:02','BAL002','Single',0.52500,0.56500,0.54300,'00:00:00','00:00:00','00:00:00','Not Ok','D','Dharmesh sakpal','NULL'),
(26,11,1,'2025-09-20','10:17:44','Bal_27','Single',0.27500,0.31500,0.29700,'00:00:00','00:00:00','00:00:00','Ok','a','Abhishek','NULL'),
(27,11,2,'2025-09-20','10:17:57','Bal_27','Single',0.29000,0.32400,0.30800,'00:00:00','00:00:00','00:00:00','Ok','a','Abhishek','NULL'),
(28,12,1,'2025-09-20','14:22:01','Bal_27','Single',0.27800,0.29800,0.28700,'00:00:00','00:00:00','00:00:00','Ok','a','Abhishek','NULL'),
(29,12,2,'2025-09-20','14:22:27','Bal_27','Single',0.30500,0.32900,0.31400,'00:00:00','00:00:00','00:00:00','Ok','a','Abhishek','NULL'),
(30,13,1,'2025-09-22','09:49:44','Bal_27','Single',0.27400,0.29900,0.28600,'00:00:00','00:00:00','00:00:00','Ok','a','Abhishek','NULL'),
(31,13,2,'2025-09-22','09:54:57','Bal_27','Single',0.31200,0.32900,0.31800,'00:00:00','00:00:00','00:00:00','Ok','a','Abhishek','NULL'),
(32,13,3,'2025-09-22','09:55:38','Bal_27','Single',0.29300,0.30900,0.29900,'00:00:00','00:00:00','00:00:00','Ok','a','Abhishek','NULL'),
(33,14,1,'2025-09-23','11:51:11','Bal_27','Single',0.27200,0.29400,0.28400,'00:00:00','00:00:00','00:00:00','Ok','a','Abhishek','NULL'),
(34,14,2,'2025-09-23','11:52:19','Bal_27','Single',0.30600,0.32700,0.31400,'00:00:00','00:00:00','00:00:00','Ok','a','Abhishek','NULL'),
(35,14,3,'2025-09-23','11:53:14','Bal_27','Single',0.26700,0.33300,0.30300,'00:00:00','00:00:00','00:00:00','Not Ok','a','Abhishek','NULL'),
(36,15,1,'2025-09-25','12:13:41','Bal_27','Single',0.03200,0.30900,0.24000,'00:00:00','00:00:00','00:00:00','Not Ok','a','Abhishek','NULL'),
(37,15,2,'2025-09-25','12:14:39','Bal_27','Single',0.28500,0.32400,0.29900,'00:00:00','00:00:00','00:00:00','Ok','a','Abhishek','NULL'),
(38,15,3,'2025-09-25','12:18:09','Bal_27','Single',0.27800,0.32600,0.30100,'00:00:00','00:00:00','00:00:00','Ok','a','Abhishek','NULL'),
(39,16,1,'2025-09-25','12:48:16','Bal_27','Single',0.29500,0.29500,0.29500,'00:00:00','00:00:00','00:00:00','Ok','a','Abhishek','NULL'),
(40,17,1,'2025-09-26','14:02:13','BAL003','Single',0.53000,0.57000,0.54800,'00:00:00','00:00:00','00:00:00','Ok','D','Dharmesh sakpal','NULL'),
(41,17,2,'2025-09-26','14:02:54','BAL003','Single',0.53900,0.56600,0.54900,'00:00:00','00:00:00','00:00:00','Ok','D','Dharmesh sakpal','NULL'),
(42,17,3,'2025-09-26','14:04:11','BAL003','Single',0.52900,0.57800,0.55200,'00:00:00','00:00:00','00:00:00','Not Ok','D','Dharmesh sakpal','NULL'),
(43,18,1,'2025-09-26','14:40:50','OQ1','Single',0.53000,0.53500,0.53200,'00:00:00','00:00:00','00:00:00','Ok','a','Abhishek','NULL'),
(44,19,1,'2025-09-30','12:06:53','Bal_26','Single',0.53200,0.55500,0.54100,'00:00:00','00:00:00','00:00:00','Ok','D','Dharmesh sakpal','NULL'),
(45,19,2,'2025-09-30','12:07:05','Bal_26','Single',0.54800,0.56900,0.55900,'00:00:00','00:00:00','00:00:00','Ok','D','Dharmesh sakpal','NULL'),
(46,20,1,'2025-09-30','14:40:21','Bal_26','Single',0.54000,0.57700,0.55400,'00:00:00','00:00:00','00:00:00','Not Ok','D','Dharmesh sakpal','NULL'),
(47,20,2,'2025-09-30','14:40:56','Bal_26','Single',0.53200,0.56000,0.54200,'00:00:00','00:00:00','00:00:00','Ok','D','Dharmesh sakpal','NULL'),
(48,21,1,'2025-09-30','15:47:06','SHR05','Single',0.52000,0.57700,0.54500,'00:00:00','00:00:00','00:00:00','Ok','21','shruti','NULL'),
(49,21,2,'2025-09-30','15:48:51','SHR05','Single',0.50100,0.59000,0.53800,'00:00:00','00:00:00','00:00:00','Not Ok','21','shruti','NULL'),
(50,21,3,'2025-09-30','15:50:05','SHR05','Single',0.51600,0.59000,0.56400,'00:00:00','00:00:00','00:00:00','Not Ok','21','shruti','NULL');

/*Table structure for table `tbl_batchsummary_detaildiff` */


CREATE TABLE `tbl_batchsummary_detaildiff` (
  `SerNo` int(11) NOT NULL AUTO_INCREMENT,
  `RepSerNo` int(11) DEFAULT NULL,
  `RecSeqNo` int(11) DEFAULT NULL,
  `Date` date DEFAULT NULL,
  `Time` time DEFAULT NULL,
  `InstrumentID` varchar(200) DEFAULT 'NULL',
  `Side` varchar(10) DEFAULT 'NULL',
  `Min` decimal(10,5) DEFAULT '0.00000',
  `Max` decimal(10,5) DEFAULT '0.00000',
  `Avg` decimal(10,5) DEFAULT '0.00000',
  `MinTimeDT` time DEFAULT '00:00:00',
  `MaxTimeDT` time DEFAULT '00:00:00',
  `AvgTimeDT` time DEFAULT '00:00:00',
  `TestResult` varchar(200) DEFAULT 'NULL',
  `UserID` varchar(200) DEFAULT 'NULL',
  `UserName` varchar(200) DEFAULT 'NULL',
  `LODStage` varchar(200) DEFAULT 'NULL',
  PRIMARY KEY (`SerNo`)
) ENGINE=InnoDB AUTO_INCREMENT=15 DEFAULT CHARSET=utf8;

/*Data for the table `tbl_batchsummary_detaildiff` */

insert  into `tbl_batchsummary_detaildiff`(`SerNo`,`RepSerNo`,`RecSeqNo`,`Date`,`Time`,`InstrumentID`,`Side`,`Min`,`Max`,`Avg`,`MinTimeDT`,`MaxTimeDT`,`AvgTimeDT`,`TestResult`,`UserID`,`UserName`,`LODStage`) values 
(1,1,1,'2025-10-03','12:05:02','SHR05','NA',0.38100,518.75000,104.06840,'00:00:00','00:00:00','00:00:00','Not Complies','21','shruti','NULL'),
(2,1,1,'2025-10-03','12:50:53','SHR05','NA',0.37000,0.42500,0.40100,'00:00:00','00:00:00','00:00:00','Not Complies','21','shruti','NULL'),
(3,1,1,'2025-10-03','14:44:54','SHR05','NA',0.40000,0.42000,0.40920,'00:00:00','00:00:00','00:00:00','Not Complies','21','shruti','NULL'),
(4,1,1,'2025-10-03','14:54:32','SHR05','NA',0.40000,0.40000,0.40000,'00:00:00','00:00:00','00:00:00','Not Complies','21','shruti','NULL'),
(5,2,1,'2025-10-04','10:29:49','SHR05','NA',0.40500,0.42500,0.41300,'00:00:00','00:00:00','00:00:00','Not Complies','D','Dharmesh sakpal','NULL'),
(6,2,1,'2025-10-04','10:35:42','SHR05','NA',0.41500,0.43000,0.42250,'00:00:00','00:00:00','00:00:00','Not Complies','D','Dharmesh sakpal','NULL'),
(7,2,1,'2025-10-04','10:48:32','SHR05','NA',0.41500,0.41500,0.41500,'00:00:00','00:00:00','00:00:00','Not Complies','D','Dharmesh sakpal','NULL'),
(8,2,1,'2025-10-04','11:15:38','SHR05','NA',0.41500,0.42000,0.41667,'00:00:00','00:00:00','00:00:00','Not Complies','D','Dharmesh sakpal','NULL'),
(9,3,1,'2025-10-04','11:55:15','QWE0524','NA',0.15000,0.40000,0.33660,'00:00:00','00:00:00','00:00:00','Not Complies','21','shruti','NULL'),
(10,3,1,'2025-10-04','12:21:16','QWE0524','NA',0.28400,0.48800,0.36240,'00:00:00','00:00:00','00:00:00','Not Complies','21','shruti','NULL'),
(11,3,1,'2025-10-04','12:48:26','QWE0524','NA',0.28000,0.41000,0.37000,'00:00:00','00:00:00','00:00:00','Not Complies','21','shruti','NULL'),
(12,3,1,'2025-10-04','15:59:09','QWE0524','NA',0.38000,0.42000,0.40000,'00:00:00','00:00:00','00:00:00','Not Complies','21','shruti','NULL'),
(13,3,1,'2025-10-04','16:17:04','QWE0524','NA',0.39000,0.40000,0.39500,'00:00:00','00:00:00','00:00:00','Not Complies','21','shruti','NULL'),
(14,4,1,'2025-10-04','17:00:13','SHR05','NA',0.40000,0.42000,0.41400,'00:00:00','00:00:00','00:00:00','Not Complies','D','Dharmesh sakpal','NULL');

/*Table structure for table `tbl_batchsummary_detailfine` */


CREATE TABLE `tbl_batchsummary_detailfine` (
  `SerNo` int(11) NOT NULL AUTO_INCREMENT,
  `RepSerNo` int(11) DEFAULT NULL,
  `RecSeqNo` int(11) DEFAULT NULL,
  `Date` date DEFAULT NULL,
  `Time` time DEFAULT NULL,
  `InstrumentID` varchar(200) DEFAULT 'NULL',
  `Side` varchar(10) DEFAULT 'NULL',
  `Min` decimal(10,5) DEFAULT '0.00000',
  `Max` decimal(10,5) DEFAULT '0.00000',
  `Avg` decimal(10,5) DEFAULT '0.00000',
  `MinTimeDT` time DEFAULT '00:00:00',
  `MaxTimeDT` time DEFAULT '00:00:00',
  `AvgTimeDT` time DEFAULT '00:00:00',
  `TestResult` varchar(200) DEFAULT 'NULL',
  `UserID` varchar(200) DEFAULT 'NULL',
  `UserName` varchar(200) DEFAULT 'NULL',
  `LODStage` varchar(200) DEFAULT 'NULL',
  PRIMARY KEY (`SerNo`)
) ENGINE=InnoDB DEFAULT CHARSET=utf8;

/*Data for the table `tbl_batchsummary_detailfine` */

/*Table structure for table `tbl_batchsummary_detaillod_dried` */


CREATE TABLE `tbl_batchsummary_detaillod_dried` (
  `SerNo` int(11) NOT NULL AUTO_INCREMENT,
  `RepSerNo` int(11) DEFAULT NULL,
  `RecSeqNo` int(11) DEFAULT NULL,
  `Date` date DEFAULT NULL,
  `Time` time DEFAULT NULL,
  `InstrumentID` varchar(200) DEFAULT 'NULL',
  `Side` varchar(10) DEFAULT 'NULL',
  `Min` decimal(10,5) DEFAULT '0.00000',
  `Max` decimal(10,5) DEFAULT '0.00000',
  `Avg` decimal(10,5) DEFAULT '0.00000',
  `MinTimeDT` time DEFAULT '00:00:00',
  `MaxTimeDT` time DEFAULT '00:00:00',
  `AvgTimeDT` time DEFAULT '00:00:00',
  `TestResult` varchar(200) DEFAULT 'NULL',
  `UserID` varchar(200) DEFAULT 'NULL',
  `UserName` varchar(200) DEFAULT 'NULL',
  `LODStage` varchar(200) DEFAULT 'NULL',
  PRIMARY KEY (`SerNo`)
) ENGINE=InnoDB DEFAULT CHARSET=utf8;

/*Data for the table `tbl_batchsummary_detaillod_dried` */

/*Table structure for table `tbl_batchsummary_detaillod_lub` */


CREATE TABLE `tbl_batchsummary_detaillod_lub` (
  `SerNo` int(11) NOT NULL AUTO_INCREMENT,
  `RepSerNo` int(11) DEFAULT NULL,
  `RecSeqNo` int(11) DEFAULT NULL,
  `Date` date DEFAULT NULL,
  `Time` time DEFAULT NULL,
  `InstrumentID` varchar(200) DEFAULT 'NULL',
  `Side` varchar(10) DEFAULT 'NULL',
  `Min` decimal(10,5) DEFAULT '0.00000',
  `Max` decimal(10,5) DEFAULT '0.00000',
  `Avg` decimal(10,5) DEFAULT '0.00000',
  `MinTimeDT` time DEFAULT '00:00:00',
  `MaxTimeDT` time DEFAULT '00:00:00',
  `AvgTimeDT` time DEFAULT '00:00:00',
  `TestResult` varchar(200) DEFAULT 'NULL',
  `UserID` varchar(200) DEFAULT 'NULL',
  `UserName` varchar(200) DEFAULT 'NULL',
  `LODStage` varchar(200) DEFAULT 'NULL',
  PRIMARY KEY (`SerNo`)
) ENGINE=InnoDB DEFAULT CHARSET=utf8;

/*Data for the table `tbl_batchsummary_detaillod_lub` */

/*Table structure for table `tbl_batchsummary_detailpsd` */


CREATE TABLE `tbl_batchsummary_detailpsd` (
  `SerNo` int(11) NOT NULL AUTO_INCREMENT,
  `RepSerNo` int(11) DEFAULT NULL,
  `RecSeqNo` int(11) DEFAULT NULL,
  `Date` date DEFAULT NULL,
  `Time` time DEFAULT NULL,
  `InstrumentID` varchar(200) DEFAULT 'NULL',
  `Side` varchar(10) DEFAULT 'NULL',
  `Min` decimal(10,5) DEFAULT '0.00000',
  `Max` decimal(10,5) DEFAULT '0.00000',
  `Avg` decimal(10,5) DEFAULT '0.00000',
  `MinTimeDT` time DEFAULT '00:00:00',
  `MaxTimeDT` time DEFAULT '00:00:00',
  `AvgTimeDT` time DEFAULT '00:00:00',
  `TestResult` varchar(200) DEFAULT 'NULL',
  `UserID` varchar(200) DEFAULT 'NULL',
  `UserName` varchar(200) DEFAULT 'NULL',
  `LODStage` varchar(200) DEFAULT 'NULL',
  PRIMARY KEY (`SerNo`)
) ENGINE=InnoDB DEFAULT CHARSET=utf8;

/*Data for the table `tbl_batchsummary_detailpsd` */

/*Table structure for table `tbl_batchsummary_detailtd` */


CREATE TABLE `tbl_batchsummary_detailtd` (
  `SerNo` int(11) NOT NULL AUTO_INCREMENT,
  `RepSerNo` int(11) DEFAULT NULL,
  `RecSeqNo` int(11) DEFAULT NULL,
  `Date` date DEFAULT NULL,
  `Time` time DEFAULT NULL,
  `InstrumentID` varchar(200) DEFAULT 'NULL',
  `Side` varchar(10) DEFAULT 'NULL',
  `Min` decimal(10,5) DEFAULT '0.00000',
  `Max` decimal(10,5) DEFAULT '0.00000',
  `Avg` decimal(10,5) DEFAULT '0.00000',
  `MinTimeDT` time DEFAULT '00:00:00',
  `MaxTimeDT` time DEFAULT '00:00:00',
  `AvgTimeDT` time DEFAULT '00:00:00',
  `TestResult` varchar(200) DEFAULT 'NULL',
  `UserID` varchar(200) DEFAULT 'NULL',
  `UserName` varchar(200) DEFAULT 'NULL',
  `LODStage` varchar(200) DEFAULT 'NULL',
  PRIMARY KEY (`SerNo`)
) ENGINE=InnoDB DEFAULT CHARSET=utf8;

/*Data for the table `tbl_batchsummary_detailtd` */

/*Table structure for table `tbl_batchsummary_lod_temp` */


CREATE TABLE `tbl_batchsummary_lod_temp` (
  `RepSerNo` int(11) DEFAULT NULL,
  `MstSerNo` int(11) DEFAULT '0',
  `Area` varchar(200) DEFAULT 'NULL',
  `Dept` varchar(200) DEFAULT 'NULL',
  `CubicalNo` int(11) DEFAULT '0',
  `CubicleName` varchar(50) DEFAULT 'NULL',
  `CubicleType` varchar(100) DEFAULT 'NULL',
  `ReportType` int(11) DEFAULT '0' COMMENT '2:Initial,0:Regular',
  `MachineId` varchar(100) DEFAULT 'NULL',
  `RotaryType` varchar(10) DEFAULT 'NULL',
  `ProductType` smallint(6) DEFAULT '0',
  `BFGCode` varchar(100) DEFAULT 'NULL',
  `ProductName` varchar(200) DEFAULT 'NULL',
  `PVersion` varchar(100) DEFAULT 'NULL',
  `Version` varchar(100) DEFAULT 'NULL',
  `GenericName` varchar(250) DEFAULT 'NULL',
  `IdsNo` int(11) DEFAULT '0',
  `BatchNo` varchar(25) DEFAULT 'NULL',
  `BatchSize` varchar(100) DEFAULT 'NULL',
  `BMRNo` varchar(200) DEFAULT 'NULL',
  `LODID` varchar(100) DEFAULT 'NULL',
  `Layer` varchar(200) DEFAULT 'NULL' COMMENT 'Product master layer',
  `LayerType` varchar(100) DEFAULT 'NULL' COMMENT 'lubricated/Dried',
  `Side` varchar(20) DEFAULT 'NULL',
  `UserId` varchar(20) DEFAULT 'NULL',
  `UserName` varchar(200) DEFAULT 'NULL',
  `IsArchived` bit(1) DEFAULT b'0',
  `PrDate` date DEFAULT '1992-12-08',
  `PrTime` time DEFAULT '00:00:00',
  `PrEndDate` date DEFAULT '1992-12-08',
  `PrEndTime` time DEFAULT '00:00:00',
  `MinLimit` varchar(20) DEFAULT 'NULL',
  `MaxLimit` varchar(20) DEFAULT 'NULL',
  `Lot` varchar(50) DEFAULT 'NULL',
  `Temp` varchar(50) DEFAULT 'NULL',
  `InitalWt` varchar(50) DEFAULT 'NULL',
  `FinalWt` varchar(50) DEFAULT 'NULL',
  `NetWt` varchar(50) DEFAULT 'NULL',
  `Min` varchar(50) DEFAULT 'NULL',
  `Max` varchar(50) DEFAULT 'NULL',
  `Avg` varchar(50) DEFAULT 'NULL',
  `Part` varchar(10) DEFAULT 'NULL' COMMENT 'if Layer then NULL',
  `PrintNo` int(11) DEFAULT '0',
  `Remark` varchar(200) DEFAULT 'NULL',
  `Unit` varchar(5) DEFAULT 'NULL',
  `DecimalPoint` int(11) DEFAULT '0',
  `BatchComplete` bit(1) DEFAULT b'0',
  `CheckedByID` varchar(100) DEFAULT 'NULL',
  `CheckedByName` varchar(100) DEFAULT 'NULL',
  `CheckedByDate` date DEFAULT '1992-12-08',
  `Inprocess` int(11) DEFAULT '0' COMMENT 'weighment is in process then flag = 1: if not then flag = 0',
  `HMIID` varchar(50) DEFAULT '0'
) ENGINE=InnoDB DEFAULT CHARSET=utf8;

/*Data for the table `tbl_batchsummary_lod_temp` */

/*Table structure for table `tbl_batchsummary_master1` */


CREATE TABLE `tbl_batchsummary_master1` (
  `RepSerNo` int(11) NOT NULL AUTO_INCREMENT,
  `Area` varchar(200) DEFAULT 'NULL',
  `PrdType` int(1) DEFAULT '0' COMMENT '1: Tablet, 2:Capsule',
  `ReportType` int(1) DEFAULT '0' COMMENT '0:Standard,1:Avg',
  `BFGCode` varchar(200) DEFAULT 'NULL',
  `ProductName` varchar(300) DEFAULT 'NULL',
  `PVersion` varchar(200) DEFAULT 'NA',
  `Version` varchar(200) DEFAULT 'NA',
  `GenericName` varchar(250) DEFAULT 'NULL',
  `CubicalNo` int(11) DEFAULT '0',
  `CubicleType` varchar(200) DEFAULT 'NULL',
  `BatchNo` varchar(200) DEFAULT 'NULL',
  `BatchSize` varchar(200) DEFAULT 'NULL',
  `BMRNo` varchar(200) DEFAULT 'NULL',
  `Side` varchar(10) DEFAULT 'NULL',
  `Nom` varchar(50) DEFAULT 'NULL',
  `Tol1Neg` varchar(50) DEFAULT 'NULL',
  `Tol1Pos` varchar(50) DEFAULT 'NULL',
  `Tol2Neg` varchar(50) DEFAULT 'NULL',
  `Tol2Pos` varchar(50) DEFAULT 'NULL',
  `MinValue` varchar(50) DEFAULT 'NULL',
  `MaxValue` varchar(50) DEFAULT 'NULL',
  `AvgValue` varchar(50) DEFAULT 'NULL',
  `Remark` varchar(50) DEFAULT 'NULL',
  `StartDate` date DEFAULT NULL,
  `EndDate` date DEFAULT NULL,
  `DP` int(5) DEFAULT '0',
  `Unit` varchar(5) DEFAULT 'NULL',
  `DTStdTime` time DEFAULT '00:00:00',
  `FinalMinDT` varchar(50) DEFAULT '00:00:00',
  `FinalMaxDT` varchar(50) DEFAULT '00:00:00',
  `FinalAvgDT` varchar(50) DEFAULT '00:00:00',
  `BatchCompleted` int(1) DEFAULT '0' COMMENT '0:Incomplete,1:Complete',
  `DispersionTime` time DEFAULT '00:00:00',
  PRIMARY KEY (`RepSerNo`)
) ENGINE=InnoDB AUTO_INCREMENT=45 DEFAULT CHARSET=utf8;

/*Data for the table `tbl_batchsummary_master1` */

insert  into `tbl_batchsummary_master1`(`RepSerNo`,`Area`,`PrdType`,`ReportType`,`BFGCode`,`ProductName`,`PVersion`,`Version`,`GenericName`,`CubicalNo`,`CubicleType`,`BatchNo`,`BatchSize`,`BMRNo`,`Side`,`Nom`,`Tol1Neg`,`Tol1Pos`,`Tol2Neg`,`Tol2Pos`,`MinValue`,`MaxValue`,`AvgValue`,`Remark`,`StartDate`,`EndDate`,`DP`,`Unit`,`DTStdTime`,`FinalMinDT`,`FinalMaxDT`,`FinalAvgDT`,`BatchCompleted`,`DispersionTime`) values 
(1,'Compression',1,0,'Para_123','PARACETAMOL 50 MG','PVR_102','10092025','ERGO HEALTH',0,'Compression','BT-COM-REG/S','12000 Tab','BMR13092025','Single','0.500','0.000','0.000','0.480','0.520','0.4750','0.5250','0.5030','Not Ok','2025-09-13','2025-09-13',3,'gm','00:00:00','2025-09-13','15:33:53','2025-09-13',1,'01:10:00'),
(2,'Compression',1,0,'Para_123','PARACETAMOL 50 MG','PVR_102','10092025','ERGO HEALTH',0,'Compression','BT-COM-REG/S1','13000 TAB','BMR_1509','Single','0.500','0.000','0.000','0.480','0.520','0.4800','0.5260','0.4950','Not Ok','2025-09-15','2025-09-15',3,'gm','00:00:00','2025-09-15','14:48:05','2025-09-15',1,'01:10:00'),
(3,'Compression',1,0,'1411','Donepile Tablet 600 mg','2233','4455','Bromodenepine Suspention',0,'Compression','TEST_0005','10','10','Single','0.600','0.000','0.000','0.570','0.630','0.5600','0.6800','0.6080','Not Ok','2025-09-15','2025-09-16',3,'gm','00:00:00','2025-09-15','14:57:30','2025-09-15',1,'12:00:00'),
(4,'Compression',1,0,'Para_123','PARACETAMOL 50 MG','PVR_102','10092025','ERGO HEALTH',0,'Compression','BT-COM-REG/S2','12500 TAB','BMR1509','Single','0.500','0.000','0.000','0.480','0.520','0.4750','513.0000','10.7480','Not Ok','2025-09-15','2025-09-16',3,'gm','00:00:00','2025-09-15','16:16:27','2025-09-15',1,'01:10:00'),
(5,'QC',1,0,'1411','Donepile Tablet 600 mg','2233','4455','Bromodenepine Suspention',0,'QC','BT_25_Test','11 Thousand','BMR_32211','Single','0.600','0.000','0.000','0.570','0.630','0.5850','0.6280','0.6080','Ok','2025-09-16','2025-09-16',3,'gm','00:00:00','2025-09-16','12:34:33','2025-09-16',1,'12:00:00'),
(6,'QC',1,0,'1411','Donepile Tablet 600 mg','2233','4455','Bromodenepine Suspention',0,'QC','BT_26_Test','12 Thausand','BMR_1212','Single','0.600','0.000','0.000','0.570','0.630','0.5700','0.6290','0.6000','Ok','2025-09-16','2025-09-16',3,'gm','00:00:00','2025-09-16','12:48:06','2025-09-16',1,'12:00:00'),
(7,'Compression',1,0,'Para_123','PARACETAMOL 50 MG','PVR_102','10092025','ERGO HEALTH',0,'Compression','BATCH_10','10','0001','Single','0.500','0.000','0.000','0.480','0.520','0.4820','0.5200','0.5010','Ok','2025-09-17','2025-09-17',3,'gm','00:00:00','2025-09-17','14:20:31','2025-09-17',1,'01:10:00'),
(8,'Compression',1,0,'Para_123','PARACETAMOL 50 MG','PVR_102','10092025','ERGO HEALTH',0,'Compression','BT-123','1200 TABLET','BMR1709','Single','0.500','0.000','0.000','0.480','0.520','0.4800','0.5200','0.5010','Ok','2025-09-17','2025-09-17',3,'gm','00:00:00','2025-09-17','14:28:03','2025-09-17',1,'01:10:00'),
(9,'QC',1,0,'1411','Donepile Tablet 600 mg','2233','4455','Bromodenepine Suspention',0,'QC','BT_30_Test','11 Thousand','BMR_443324','Single','0.600','0.000','0.000','0.570','0.630','0.5740','0.6280','0.6050','Ok','2025-09-18','2025-09-18',3,'gm','00:00:00','2025-09-18','09:15:18','2025-09-18',1,'12:00:00'),
(10,'QC',1,0,'Para_123','PARACETAMOL 50 MG','PVR_102','10092025','ERGO HEALTH',0,'Compression','ACC-QC-REG/S','1200 TABLET','BMR_18092025','Single','0.500','0.000','0.000','0.480','0.520','0.4750','0.7000','0.5110','Not Ok','2025-09-18','2025-09-18',3,'gm','00:00:00','2025-09-18','16:18:47','2025-09-18',1,'01:10:00'),
(11,'Compression',1,0,'Para_123','PARACETAMOL 50 MG','PVR_102','10092025','ERGO HEALTH',0,'Compression','BT-COM-REG/S3','13500 TAB','BMR018092025','Single','0.500','0.000','0.000','0.480','0.520','0.4800','0.5200','0.4960','Ok','2025-09-18','2025-09-18',3,'gm','00:00:00','2025-09-18','16:26:57','2025-09-18',1,'01:10:00'),
(12,'QC',1,0,'1411','Donepile Tablet 600 mg','2233','4455','Bromodenepine Suspention',0,'Compression','BT_32_Test','23 Thousand','BMR_4323','Single','0.600','0.000','0.000','0.570','0.630','0.575','0.628','0.603','Ok','2025-09-20','2025-09-20',3,'gm','00:00:00','00:00:00','00:00:00','00:00:00',1,'12:00:00'),
(13,'Compression',1,0,'Para_123','PARACETAMOL 50 MG','PVR_102','10092025','ERGO HEALTH',0,'Compression','BT-COM-REG/D','24 Thousand','BMR_C_001','LHS','0.500','0.000','0.000','0.480','0.520','0.484','0.520','0.497','Ok','2025-09-20','2025-09-22',3,'gm','00:00:00','00:00:00','00:00:00','00:00:00',1,'01:10:00'),
(14,'QC',1,0,'1411','Donepile Tablet 600 mg','2233','4455','Bromodenepine Suspention',0,'Compression','BT_35_Test','12 Thousand','BMR_132','Single','0.600','0.000','0.000','0.570','0.630','0.592','0.628','0.609','Ok','2025-09-20','2025-09-20',3,'gm','00:00:00','00:00:00','00:00:00','00:00:00',1,'12:00:00'),
(15,'QC',1,0,'1411','Donepile Tablet 600 mg','2233','4455','Bromodenepine Suspention',0,'Compression','BT_38_Test','23 Thousand','BMR_4312','Single','0.600','0.000','0.000','0.570','0.630','0.574','0.627','0.600','Ok','2025-09-22','2025-09-22',3,'gm','00:00:00','00:00:00','00:00:00','00:00:00',1,'12:00:00'),
(16,'Compression',1,0,'TRIO25','TRIOCHEM-25','BT-10.2','1235','KETOPROFHEN',0,'Compression','BATCH-SR05','10','73971','Single','0.500','0.000','0.000','0.480','0.520','0.410','0.599','0.498','Not Ok','2025-09-22','2025-09-23',3,'gm','00:00:00','00:00:00','00:00:00','00:00:00',1,'00:10:00'),
(17,'QC',1,0,'1411','Donepile Tablet 600 mg','2233','4455','Bromodenepine Suspention',0,'Compression','BT_41_Test','23 Thousand','BMR_5323','Single','0.600','0.000','0.000','0.570','0.630','0.567','0.631','0.601','Not Ok','2025-09-23','2025-09-23',3,'gm','00:00:00','00:00:00','00:00:00','00:00:00',1,'12:00:00'),
(18,'QC',1,0,'1411','Donepile Tablet 600 mg','2233','4455','Bromodenepine Suspention',0,'Compression','BT_52_Test','33 Thousand','BMR_5562','Single','0.600','0.000','0.000','0.570','0.630','0.569','0.635','0.598','Not Ok','2025-09-25','2025-09-25',3,'gm','00:00:00','00:00:00','00:00:00','00:00:00',1,'12:00:00'),
(19,'QC',1,0,'1411','Donepile Tablet 600 mg','2233','4455','Bromodenepine Suspention',0,'Compression','BT_54_Test','16 Thousand','BMR_5253','Single','0.600','0.000','0.000','0.570','0.630','0.585','0.585','0.585','Ok','2025-09-25','2025-09-25',3,'gm','00:00:00','00:00:00','00:00:00','00:00:00',1,'12:00:00'),
(20,'Compression',1,0,'TRIO25','TRIOCHEM-25','BT-10.2','1235','KETOPROFHEN',0,'Compression','SHR24','10','12','Single','0.500','0.000','0.000','0.480','0.520','0.421','0.610','0.504','Not Ok','2025-09-25','2025-09-25',3,'gm','00:00:00','00:00:00','00:00:00','00:00:00',1,'00:10:00'),
(21,'Compression',1,0,'Para_123','PARACETAMOL 50 MG','PVR_102','10092025','ERGO HEALTH',0,'Compression','BT-TEST_REG/S','12 LAKH','BMR24092025','Single','0.500','0.000','0.000','0.480','0.520','0.450','0.510','0.486','Not Ok','2025-09-26','2025-09-26',3,'gm','00:00:00','00:00:00','00:00:00','00:00:00',1,'01:10:00'),
(22,'Compression',1,0,'TRIO25','TRIOCHEM-25','BT-10.2','1235','KETOPROFHEN',0,'Compression','BATCH55','10','100','Single','0.500','0.000','0.000','0.480','0.520','0.400','520.000','104.385','Not Ok','2025-09-26','2025-09-26',3,'gm','00:00:00','00:00:00','00:00:00','00:00:00',1,'00:10:00'),
(23,'Compression',1,0,'D01','DOLO','D123','213','abcd',0,'Compression','0213','50','14567','Single','0.500','0.000','0.000','0.480','0.520','0.480','0.488','0.481','Ok','2025-09-26','2025-09-26',3,'gm','00:00:00','00:00:00','00:00:00','00:00:00',0,'02:15:00'),
(24,'Compression',1,0,'Para_123','PARACETAMOL 50 MG','PVR_102','10092025','ERGO HEALTH',0,'Compression','BT-TEST-INI/S','12 LAKH','26092025','Single','0.500','0.000','0.000','0.480','0.520','0.481','0.521','0.498','Not Ok','2025-09-26','2025-09-26',3,'gm','00:00:00','00:00:00','00:00:00','00:00:00',1,'01:10:00'),
(25,'Compression',1,0,'Para_123','PARACETAMOL 50 MG','PVR_102','10092025','ERGO HEALTH',0,'Compression','batch01','45','12365','Single','0.500','0.000','0.000','0.480','0.520','0.480','581.000','300.769','Not Ok','2025-09-26','2025-09-26',3,'gm','00:00:00','00:00:00','00:00:00','00:00:00',1,'01:10:00'),
(26,'QC',2,0,'1811','Domperidene IP20 MG','3322','4455','Paracetamoll IP350 MG',0,'Capsule Filling','bt56','12','123','Single','0.500','0.000','0.000','0.470','0.530','0.470','0.525','0.497','Ok','2025-09-26','2025-09-27',3,'gm','00:00:00','00:00:00','00:00:00','00:00:00',1,'18:30:00'),
(27,'Compression',1,0,'Para_123','PARACETAMOL 50 MG','PVR_102','10092025','ERGO HEALTH',0,'Compression','BT-TEST-REG/D','13 LAKH','26092025','LHS','0.500','0.000','0.000','0.480','0.520','0.485','0.520','0.505','Ok','2025-09-27','2025-09-27',3,'gm','00:00:00','00:00:00','00:00:00','00:00:00',1,'01:10:00'),
(28,'Compression',1,0,'D01','DOLO','D123','213','abcd',0,'Compression','batch22','21','123456','Single','0.500','0.000','0.000','0.480','0.520','0.460','0.580','0.498','Not Ok','2025-09-27','2025-09-30',3,'gm','00:00:00','00:00:00','00:00:00','00:00:00',1,'02:15:00'),
(29,'Compression',1,0,'TRIO25','TRIOCHEM-25','BT-10.2','1235','KETOPROFHEN',0,'Compression','batchh24','12','1234','Single','0.500','0.000','0.000','0.480','0.520','0.477','0.560','0.507','Not Ok','2025-09-27','2025-09-29',3,'gm','00:00:00','00:00:00','00:00:00','00:00:00',1,'00:10:00'),
(30,'Compression',1,0,'73979','VANOPAX-20','WWE2.0','1234','LINIPAN',0,'Compression','100.12','234','234','Single','0.500','0.000','0.000','0.480','0.520','0.480','0.520','0.494','Ok','2025-09-29','2025-09-29',3,'gm','00:00:00','00:00:00','00:00:00','00:00:00',1,'00:15:00'),
(31,'Compression',1,0,'73979','VANOPAX-20','WWE2.0','1234','LINIPAN',0,'Compression','SHRTTT-001','0002','5','Single','0.500','0.000','0.000','0.480','0.520','0.111','0.598','0.469','Not Ok','2025-09-29','2025-09-29',3,'gm','00:00:00','00:00:00','00:00:00','00:00:00',1,'00:15:00'),
(32,'Compression',1,0,'73979','VANOPAX-20','WWE2.0','1234','LINIPAN',0,'Compression','HRM-0005','10','008','LHS','0.500','0.000','0.000','0.480','0.520','0.401','0.592','0.504','Not Ok','2025-09-29','2025-09-29',3,'gm','00:00:00','00:00:00','00:00:00','00:00:00',1,'00:15:00'),
(33,'Compression',1,0,'73979','VANOPAX-20','WWE2.0','1234','LINIPAN',0,'Compression','WE234','32','22','Single','0.500','0.000','0.000','0.480','0.520','0.401','0.570','0.487','Not Ok','2025-09-29','2025-09-29',3,'gm','00:00:00','00:00:00','00:00:00','00:00:00',1,'00:15:00'),
(34,'Compression',1,0,'73979','VANOPAX-20','WWE2.0','1234','LINIPAN',0,'Compression','BRANCH-009','10','10','LHS','0.500','0.000','0.000','0.480','0.520','0.401','4.700','1.314','Not Ok','2025-09-29','2025-09-29',3,'gm','00:00:00','00:00:00','00:00:00','00:00:00',1,'00:15:00'),
(35,'Compression',1,0,'73979','VANOPAX-20','WWE2.0','1234','LINIPAN',0,'Compression','SHR24','12','122','Single','0.500','0.000','0.000','0.480','0.520','0.480','0.520','0.498','Ok','2025-09-30','2025-09-30',3,'gm','00:00:00','00:00:00','00:00:00','00:00:00',1,'00:15:00'),
(36,'Compression',1,0,'73979','VANOPAX-20','WWE2.0','1234','LINIPAN',0,'Compression','TB_0005','10','1234','LHS','0.500','0.000','0.000','0.480','0.520','0.480','0.520','0.496','Ok','2025-09-30','2025-09-30',3,'gm','00:00:00','00:00:00','00:00:00','00:00:00',1,'00:15:00'),
(37,'Compression',1,0,'73979','VANOPAX-20','WWE2.0','1234','LINIPAN',0,'Compression','BAT45','12','111','LHS','0.500','0.000','0.000','0.480','0.520','0.400','550.000','18.818','Not Ok','2025-09-30','2025-09-30',3,'gm','00:00:00','00:00:00','00:00:00','00:00:00',1,'00:15:00'),
(38,'Compression',1,0,'Para_123','PARACETAMOL 50 MG','PVR_102','10092025','ERGO HEALTH',0,'Compression','ACC-COM-REG/S','12 LAKH','23DFG','Single','0.500','0.000','0.000','0.480','0.520','0.475','0.521','0.498','Not Ok','2025-09-30','2025-09-30',3,'gm','00:00:00','00:00:00','00:00:00','00:00:00',1,'01:10:00'),
(39,'Compression',1,0,'Para_123','PARACETAMOL 50 MG','PVR_102','10092025','ERGO HEALTH',0,'Compression','ACC-COM-REG/S1','21 THOUSAND','56R31_22','Single','0.500','0.000','0.000','0.480','0.520','0.475','0.532','0.499','Not Ok','2025-09-30','2025-09-30',3,'gm','00:00:00','00:00:00','00:00:00','00:00:00',1,'01:10:00'),
(40,'Compression',1,0,'73979','VANOPAX-20','WWE2.0','1234','LINIPAN',0,'Compression','YT01','123','233','LHS','0.500','0.000','0.000','0.480','0.520','0.412','0.596','0.513','Not Ok','2025-09-30','2025-09-30',3,'gm','00:00:00','00:00:00','00:00:00','00:00:00',1,'00:15:00'),
(41,'Compression',1,0,'050624','NETFIX-200','12345','2546','NACMED-AD',0,'Compression','COMP234','12','12333','LHS','0.500','0.000','0.000','0.480','0.520','0.458','0.578','0.510','Not Ok','2025-10-01','2025-10-01',3,'gm','00:00:00','00:00:00','00:00:00','00:00:00',1,'00:12:00'),
(42,'Compression',1,0,'050624','NETFIX-200','12345','2546','NACMED-AD',0,'Compression','BATCH002','12','12','LHS','0.500','0.000','0.000','0.480','0.520','0.415','0.488','0.446','Not Ok','2025-10-01','2025-10-01',3,'gm','00:00:00','00:00:00','00:00:00','00:00:00',1,'00:12:00'),
(43,'Capsule Filling',2,0,'PRODUCT-005','CANDILIX-200','NQT1.0','12345','DULOSYS',0,'Capsule Filling','BT-24','0001','12345','Single','0.500','0.000','0.000','0.480','0.520','0.440','0.526','0.491','Not Ok','2025-10-03','2025-10-03',3,'gm','00:00:00','00:00:00','00:00:00','00:00:00',1,'00:15:00'),
(44,'Capsule Filling',2,0,'PRODUCT-005','CANDILIX-200','NQT1.0','12345','DULOSYS',0,'Capsule Filling','BATCH-04','12','122','Single','0.500','0.000','0.000','0.480','0.520','0.500','0.500','0.500','Ok','2025-10-04','2025-10-04',3,'gm','00:00:00','00:00:00','00:00:00','00:00:00',0,'00:15:00');

/*Table structure for table `tbl_batchsummary_master11` */


CREATE TABLE `tbl_batchsummary_master11` (
  `RepSerNo` int(11) NOT NULL AUTO_INCREMENT,
  `Area` varchar(200) DEFAULT 'NULL',
  `PrdType` int(1) DEFAULT '0' COMMENT '1: Tablet, 2:Capsule',
  `ReportType` int(1) DEFAULT '0' COMMENT '0:Standard,1:Avg',
  `BFGCode` varchar(200) DEFAULT 'NULL',
  `ProductName` varchar(300) DEFAULT 'NULL',
  `PVersion` varchar(200) DEFAULT 'NA',
  `Version` varchar(200) DEFAULT 'NA',
  `GenericName` varchar(250) DEFAULT 'NULL',
  `CubicalNo` int(11) DEFAULT '0',
  `CubicleType` varchar(200) DEFAULT 'NULL',
  `BatchNo` varchar(200) DEFAULT 'NULL',
  `BatchSize` varchar(200) DEFAULT 'NULL',
  `BMRNo` varchar(200) DEFAULT 'NULL',
  `Side` varchar(10) DEFAULT 'NULL',
  `Nom` varchar(50) DEFAULT 'NULL',
  `Tol1Neg` varchar(50) DEFAULT 'NULL',
  `Tol1Pos` varchar(50) DEFAULT 'NULL',
  `Tol2Neg` varchar(50) DEFAULT 'NULL',
  `Tol2Pos` varchar(50) DEFAULT 'NULL',
  `MinValue` varchar(50) DEFAULT 'NULL',
  `MaxValue` varchar(50) DEFAULT 'NULL',
  `AvgValue` varchar(50) DEFAULT 'NULL',
  `Remark` varchar(50) DEFAULT 'NULL',
  `StartDate` date DEFAULT NULL,
  `EndDate` date DEFAULT NULL,
  `DP` int(5) DEFAULT '0',
  `Unit` varchar(5) DEFAULT 'NULL',
  `DTStdTime` time DEFAULT '00:00:00',
  `FinalMinDT` varchar(50) DEFAULT '00:00:00',
  `FinalMaxDT` varchar(50) DEFAULT '00:00:00',
  `FinalAvgDT` varchar(50) DEFAULT '00:00:00',
  `BatchCompleted` int(1) DEFAULT '0' COMMENT '0:Incomplete,1:Complete',
  `DispersionTime` time DEFAULT '00:00:00',
  PRIMARY KEY (`RepSerNo`)
) ENGINE=InnoDB DEFAULT CHARSET=utf8;

/*Data for the table `tbl_batchsummary_master11` */

/*Table structure for table `tbl_batchsummary_master13` */


CREATE TABLE `tbl_batchsummary_master13` (
  `RepSerNo` int(11) NOT NULL AUTO_INCREMENT,
  `Area` varchar(200) DEFAULT 'NULL',
  `PrdType` int(1) DEFAULT '0' COMMENT '1: Tablet, 2:Capsule',
  `ReportType` int(1) DEFAULT '0' COMMENT '0:Standard,1:Avg',
  `BFGCode` varchar(200) DEFAULT 'NULL',
  `ProductName` varchar(300) DEFAULT 'NULL',
  `PVersion` varchar(200) DEFAULT 'NA',
  `Version` varchar(200) DEFAULT 'NA',
  `GenericName` varchar(250) DEFAULT 'NULL',
  `CubicalNo` int(11) DEFAULT '0',
  `CubicleType` varchar(200) DEFAULT 'NULL',
  `BatchNo` varchar(200) DEFAULT 'NULL',
  `BatchSize` varchar(200) DEFAULT 'NULL',
  `BMRNo` varchar(200) DEFAULT 'NULL',
  `Side` varchar(10) DEFAULT 'NULL',
  `Nom` varchar(50) DEFAULT 'NULL',
  `Tol1Neg` varchar(50) DEFAULT 'NULL',
  `Tol1Pos` varchar(50) DEFAULT 'NULL',
  `Tol2Neg` varchar(50) DEFAULT 'NULL',
  `Tol2Pos` varchar(50) DEFAULT 'NULL',
  `MinValue` varchar(50) DEFAULT 'NULL',
  `MaxValue` varchar(50) DEFAULT 'NULL',
  `AvgValue` varchar(50) DEFAULT 'NULL',
  `Remark` varchar(50) DEFAULT 'NULL',
  `StartDate` date DEFAULT NULL,
  `EndDate` date DEFAULT NULL,
  `DP` int(5) DEFAULT '0',
  `Unit` varchar(10) DEFAULT 'NULL',
  `DTStdTime` time DEFAULT '00:00:00',
  `FinalMinDT` varchar(50) DEFAULT '00:00:00',
  `FinalMaxDT` varchar(50) DEFAULT '00:00:00',
  `FinalAvgDT` varchar(50) DEFAULT '00:00:00',
  `BatchCompleted` int(1) DEFAULT '0' COMMENT '0:Incomplete,1:Complete',
  `DispersionTime` time DEFAULT '00:00:00',
  PRIMARY KEY (`RepSerNo`)
) ENGINE=InnoDB AUTO_INCREMENT=34 DEFAULT CHARSET=utf8;

/*Data for the table `tbl_batchsummary_master13` */

insert  into `tbl_batchsummary_master13`(`RepSerNo`,`Area`,`PrdType`,`ReportType`,`BFGCode`,`ProductName`,`PVersion`,`Version`,`GenericName`,`CubicalNo`,`CubicleType`,`BatchNo`,`BatchSize`,`BMRNo`,`Side`,`Nom`,`Tol1Neg`,`Tol1Pos`,`Tol2Neg`,`Tol2Pos`,`MinValue`,`MaxValue`,`AvgValue`,`Remark`,`StartDate`,`EndDate`,`DP`,`Unit`,`DTStdTime`,`FinalMinDT`,`FinalMaxDT`,`FinalAvgDT`,`BatchCompleted`,`DispersionTime`) values 
(1,'QC',1,0,'1411','Donepile Tablet 600 mg','2233','4455','Bromodenepine Suspention',0,'QC','BT_07_Test','14 Thousand','BMR_147852','NA','NULL','35.0','39.0','NULL','NULL','NULL','NULL','NULL','NULL',NULL,NULL,0,'NULL','00:15:00','00:00:36','00:09:59','00:02:59',1,'00:00:00'),
(2,'QC',1,0,'1411','Donepile Tablet 600 mg','2233','4455','Bromodenepine Suspention',0,'QC','BT_11_Test','14 Thounsad','BMR_2211','NA','NULL','35.0','39.0','NULL','NULL','NULL','NULL','NULL','NULL',NULL,NULL,0,'NULL','00:15:00','00:00:36','00:09:59','00:02:59',1,'00:00:00'),
(3,'QC',1,0,'1411','Donepile Tablet 600 mg','2233','4455','Bromodenepine Suspention',0,'QC','BT_12_Test','11 Thousand','BMR_5566','NA','NULL','35.0','39.0','NULL','NULL','NULL','NULL','NULL','NULL',NULL,NULL,0,'NULL','00:15:00','00:00:36','00:09:59','00:02:59',1,'00:00:00'),
(4,'QC',1,0,'1411','Donepile Tablet 600 mg','2233','4455','Bromodenepine Suspention',0,'QC','BT_20_Test','12 Thousand','BMR_12322','NA','NULL','35.0','39.0','NULL','NULL','NULL','NULL','NULL','NULL',NULL,NULL,0,'NULL','00:15:00','00:00:36','00:09:59','00:02:59',1,'00:00:00'),
(5,'QC',1,0,'1411','Donepile Tablet 600 mg','2233','4455','Bromodenepine Suspention',0,'QC','BT_22_Test','12 Thousand','BMR_2345','NA','NULL','35.0','39.0','NULL','NULL','NULL','NULL','NULL','NULL',NULL,NULL,0,'NULL','00:15:00','00:00:36','00:09:59','00:02:59',1,'00:00:00'),
(6,'QC',1,0,'1411','Donepile Tablet 600 mg','2233','4455','Bromodenepine Suspention',0,'QC','BT_23_Test','14 Thousand','BMR_332233','NA','NULL','35.0','39.0','NULL','NULL','NULL','NULL','NULL','NULL',NULL,NULL,0,'NULL','00:15:00','00:00:23','00:13:00','00:03:04',1,'00:00:00'),
(7,'QC',1,0,'1411','Donepile Tablet 600 mg','2233','4455','Bromodenepine Suspention',0,'QC','BT_25_Test','11 Thousand','BMR_32211','NA','NULL','35.0','39.0','NULL','NULL','NULL','NULL','NULL','NULL',NULL,NULL,0,'NULL','00:15:00','00:00:23','00:11:30','00:03:13',1,'00:00:00'),
(8,'QC',1,0,'1411','Donepile Tablet 600 mg','2233','4455','Bromodenepine Suspention',0,'QC','BT_30_Test','11 Thousand','BMR_443324','NA','NULL','35.0','39.0','NULL','NULL','NULL','NULL','NULL','NULL',NULL,NULL,0,'NULL','00:15:00','00:00:36','00:13:01','00:04:05',1,'00:00:00'),
(9,'QC',1,0,'1411','Donepile Tablet 600 mg','2233','4455','Bromodenepine Suspention',0,'QC','BT_32_Test','23 Thousand','BMR_4323','NA','NULL','35.0','39.0','NULL','NULL','NULL','NULL','NULL','NULL',NULL,NULL,0,'NULL','00:15:00','00:00:36','00:09:59','00:02:51',1,'00:00:00'),
(10,'QC',1,0,'1411','Donepile Tablet 600 mg','2233','4455','Bromodenepine Suspention',0,'Compression','BT_35_Test','12 Thousand','BMR_132','NA','NULL','35.0','39.0','NULL','NULL','NULL','NULL','NULL','NULL',NULL,NULL,0,'NULL','00:15:00','00:00:36','00:09:59','00:02:59',1,'00:00:00'),
(11,'QC',1,0,'1411','Donepile Tablet 600 mg','2233','4455','Bromodenepine Suspention',0,'Compression','BT_35_Test','12 Thousand','BMR_132','NA','NULL','35.0','39.0','NULL','NULL','NULL','NULL','NULL','NULL',NULL,NULL,0,'NULL','00:15:00','00:01:28','00:06:53','00:02:43',1,'00:00:00'),
(12,'QC',1,0,'1411','Donepile Tablet 600 mg','2233','4455','Bromodenepine Suspention',0,'Compression','BT_38_Test','23 Thousand','BMR_4312','NA','NULL','35.0','39.0','NULL','NULL','NULL','NULL','NULL','NULL',NULL,NULL,0,'HH:MM:SS','00:15:00','00:00:36','00:11:59','00:03:19',1,'00:00:00'),
(13,'QC',1,0,'1411','Donepile Tablet 600 mg','2233','4455','Bromodenepine Suspention',0,'Compression','BT_38_Test','23 Thousand','BMR_4312','NA','NULL','35.0','39.0','NULL','NULL','NULL','NULL','NULL','NULL',NULL,NULL,0,'HH:MM:SS','00:15:00','00:01:28','00:13:30','00:04:23',1,'00:00:00'),
(14,'QC',1,0,'1411','Donepile Tablet 600 mg','2233','4455','Bromodenepine Suspention',0,'Compression','BT_41_Test','23 Thousand','BMR_5323','NA','NULL','35.0','39.0','NULL','NULL','NULL','NULL','NULL','NULL',NULL,NULL,0,'HH:MM:SS','00:15:00','00:00:36','00:09:59','00:02:59',1,'00:00:00'),
(15,'QC',1,0,'1411','Donepile Tablet 600 mg','2233','4455','Bromodenepine Suspention',0,'Compression','BT_41_Test','23 Thousand','BMR_5323','NA','NULL','35.0','39.0','NULL','NULL','NULL','NULL','NULL','NULL',NULL,NULL,0,'HH:MM:SS','00:15:00','00:01:28','00:06:53','00:02:43',1,'00:00:00'),
(16,'QC',1,0,'1411','Donepile Tablet 600 mg','2233','4455','Bromodenepine Suspention',0,'Compression','BT_41_Test','23 Thousand','BMR_5323','NA','NULL','35.0','39.0','NULL','NULL','NULL','NULL','NULL','NULL',NULL,NULL,0,'HH:MM:SS','00:15:00','00:00:00','00:00:00','00:00:00',1,'00:00:00'),
(17,'QC',1,0,'1411','Donepile Tablet 600 mg','2233','4455','Bromodenepine Suspention',0,'Compression','BT_41_Test','23 Thousand','BMR_5323','NA','NULL','35.0','39.0','NULL','NULL','NULL','NULL','NULL','NULL',NULL,NULL,0,'HH:MM:SS','00:15:00','00:00:25','00:14:31','00:04:22',1,'00:00:00'),
(18,'QC',1,0,'1411','Donepile Tablet 600 mg','2233','4455','Bromodenepine Suspention',0,'Compression','BT_42_Test','44 Thousand','BMR_5322','NA','NULL','35.0','39.0','NULL','NULL','NULL','NULL','NULL','NULL','2025-09-23','2025-09-23',0,'HH:MM:SS','00:15:00','00:00:47','00:10:11','00:03:11',1,'00:00:00'),
(19,'QC',1,0,'1411','Donepile Tablet 600 mg','2233','4455','Bromodenepine Suspention',0,'Compression','BT_42_Test','44 Thousand','BMR_5322','NA','NULL','35.0','39.0','NULL','NULL','NULL','NULL','NULL','NULL','2025-09-23','2025-09-23',0,'HH:MM:SS','00:15:00','Invalid date','Invalid date','Invalid date',1,'00:00:00'),
(20,'QC',1,0,'1411','Donepile Tablet 600 mg','2233','4455','Bromodenepine Suspention',0,'Compression','BT_42_Test','44 Thousand','BMR_5322','NA','NULL','35.0','39.0','NULL','NULL','NULL','NULL','NULL','NULL','2025-09-23','2025-09-23',0,'HH:MM:SS','00:15:00','00:00:25','00:14:31','00:04:22',1,'00:00:00'),
(21,'QC',1,0,'1411','Donepile Tablet 600 mg','2233','4455','Bromodenepine Suspention',0,'Compression','BT_42_Test','44 Thousand','BMR_5322','NA','NULL','35.0','39.0','NULL','NULL','NULL','NULL','NULL','NULL','2025-09-23','2025-09-23',0,'HH:MM:SS','00:15:00','00:00:25','00:07:31','00:03:12',1,'00:00:00'),
(22,'QC',1,0,'1411','Donepile Tablet 600 mg','2233','4455','Bromodenepine Suspention',0,'Compression','BT_43_Test','24 Thousand','BMR_2343','NA','NULL','35.0','39.0','NULL','NULL','NULL','NULL','NULL','NULL','2025-09-23','2025-09-23',0,'HH:MM:SS','00:15:00','00:00:47','00:10:11','00:03:11',1,'00:00:00'),
(23,'QC',1,0,'1411','Donepile Tablet 600 mg','2233','4455','Bromodenepine Suspention',0,'Compression','BT_43_Test','24 Thousand','BMR_2343','NA','NULL','35.0','39.0','NULL','NULL','NULL','NULL','NULL','NULL','2025-09-23','2025-09-23',0,'HH:MM:SS','00:15:00','Invalid date','Invalid date','Invalid date',1,'00:00:00'),
(24,'QC',1,0,'1411','Donepile Tablet 600 mg','2233','4455','Bromodenepine Suspention',0,'Compression','BT_45_Test','23 Thousand','BMR_4234','NA','NULL','35.0','39.0','NULL','NULL','NULL','NULL','NULL','NULL','2025-09-23','2025-09-23',0,'HH:MM:SS','00:15:00','00:00:47','00:10:55','00:04:51',1,'00:00:00'),
(25,'QC',1,0,'1411','Donepile Tablet 600 mg','2233','4455','Bromodenepine Suspention',0,'Compression','BT_45_Test','23 Thousand','BMR_4234','NA','NULL','35.0','39.0','NULL','NULL','NULL','NULL','NULL','NULL','2025-09-23','2025-09-23',0,'HH:MM:SS','00:15:00','00:00:47','00:16:41','00:06:51',1,'00:00:00'),
(26,'QC',1,0,'1411','Donepile Tablet 600 mg','2233','4455','Bromodenepine Suspention',0,'Compression','BT_46_Test','23 Thousand','BMR_2434','NA','NULL','35.0','39.0','NULL','NULL','NULL','NULL','NULL','NULL','2025-09-23','2025-09-23',0,'HH:MM:SS','00:15:00','00:00:47','00:15:41','00:06:40',1,'00:00:00'),
(27,'QC',1,0,'1411','Donepile Tablet 600 mg','2233','4455','Bromodenepine Suspention',0,'Compression','BT_46_Test','23 Thousand','BMR_2434','NA','NULL','35.0','39.0','NULL','NULL','NULL','NULL','NULL','NULL','2025-09-23','2025-09-23',0,'HH:MM:SS','00:15:00','00:00:47','00:10:50','00:05:40',1,'00:00:00'),
(28,'QC',1,0,'1211','Flecinide Asetite Tablet','2332','4556','Ferrous Fulfate RE Tablet',0,'Compression','BT_47_Test','12 Thousand','BMR_2332','NA','NULL','35.0','39.0','NULL','NULL','NULL','NULL','NULL','NULL','2025-09-23','2025-09-23',0,'HH:MM:SS','00:15:00','00:00:47','00:10:50','00:05:40',1,'00:00:00'),
(29,'QC',1,0,'1211','Flecinide Asetite Tablet','2332','4556','Ferrous Fulfate RE Tablet',0,'Compression','BT_47_Test','12 Thousand','BMR_2332','NA','NULL','35.0','39.0','NULL','NULL','NULL','NULL','NULL','NULL','2025-09-23','2025-09-23',0,'HH:MM:SS','00:15:00','00:00:00','00:00:00','00:00:00',1,'00:00:00'),
(30,'QC',1,0,'1211','Flecinide Asetite Tablet','2332','4556','Ferrous Fulfate RE Tablet',0,'Compression','BT_49_Test','15 Thousand','BMR_4231','NA','NULL','35.0','39.0','NULL','NULL','NULL','NULL','NULL','NULL','2025-09-24','2025-09-24',0,'HH:MM:SS','00:15:00','00:01:58','00:08:22','00:04:23',1,'00:00:00'),
(31,'QC',1,0,'1211','Flecinide Asetite Tablet','2332','4556','Ferrous Fulfate RE Tablet',0,'Compression','BT_49_Test','15 Thousand','BMR_4231','NA','NULL','35.0','39.0','NULL','NULL','NULL','NULL','NULL','NULL','2025-09-24','2025-09-24',0,'HH:MM:SS','00:15:00','00:01:28','00:06:53','00:02:43',1,'00:00:00'),
(32,'QC',1,0,'1211','Flecinide Asetite Tablet','2332','4556','Ferrous Fulfate RE Tablet',0,'Compression','BT_49_Test','15 Thousand','BMR_4231','NA','NULL','35.0','39.0','NULL','NULL','NULL','NULL','NULL','NULL','2025-09-24','2025-09-24',0,'HH:MM:SS','00:15:00','00:00:52','00:15:35','00:05:24',1,'00:00:00'),
(33,'QC',1,0,'1211','Flecinide Asetite Tablet','2332','4556','Ferrous Fulfate RE Tablet',0,'Compression','BT_49_Test','15 Thousand','BMR_4231','NA','NULL','35.0','39.0','NULL','NULL','NULL','NULL','NULL','NULL','2025-09-24','2025-09-24',0,'HH:MM:SS','00:15:00','00:01:29','00:12:31','00:03:50',1,'00:00:00');

/*Table structure for table `tbl_batchsummary_master2` */


CREATE TABLE `tbl_batchsummary_master2` (
  `RepSerNo` int(11) NOT NULL AUTO_INCREMENT,
  `Area` varchar(200) DEFAULT 'NULL',
  `PrdType` int(1) DEFAULT '0' COMMENT '1: Tablet, 2:Capsule',
  `ReportType` int(1) DEFAULT '0' COMMENT '0:Standard,1:Avg',
  `BFGCode` varchar(200) DEFAULT 'NULL',
  `ProductName` varchar(300) DEFAULT 'NULL',
  `PVersion` varchar(200) DEFAULT 'NA',
  `Version` varchar(200) DEFAULT 'NA',
  `GenericName` varchar(200) DEFAULT 'NULL',
  `CubicalNo` int(11) DEFAULT '0',
  `CubicleType` varchar(200) DEFAULT 'NULL',
  `BatchNo` varchar(200) DEFAULT 'NULL',
  `BatchSize` varchar(200) DEFAULT 'NULL',
  `BMRNo` varchar(200) DEFAULT 'NULL',
  `Side` varchar(10) DEFAULT 'NULL',
  `Nom` varchar(50) DEFAULT 'NULL',
  `Tol1Neg` varchar(50) DEFAULT 'NULL',
  `Tol1Pos` varchar(50) DEFAULT 'NULL',
  `Tol2Neg` varchar(50) DEFAULT 'NULL',
  `Tol2Pos` varchar(50) DEFAULT 'NULL',
  `MinValue` varchar(50) DEFAULT 'NULL',
  `MaxValue` varchar(50) DEFAULT 'NULL',
  `AvgValue` varchar(50) DEFAULT 'NULL',
  `Remark` varchar(50) DEFAULT 'NULL',
  `StartDate` date DEFAULT NULL,
  `EndDate` date DEFAULT NULL,
  `DP` int(5) DEFAULT '0',
  `Unit` varchar(5) DEFAULT 'NULL',
  `DTStdTime` time DEFAULT '00:00:00',
  `FinalMinDT` varchar(50) DEFAULT '00:00:00',
  `FinalMaxDT` varchar(50) DEFAULT '00:00:00',
  `FinalAvgDT` varchar(50) DEFAULT '00:00:00',
  `BatchCompleted` int(1) DEFAULT '0' COMMENT '0:Incomplete,1:Complete',
  `DispersionTime` time DEFAULT '00:00:00',
  PRIMARY KEY (`RepSerNo`)
) ENGINE=InnoDB AUTO_INCREMENT=64 DEFAULT CHARSET=utf8;

/*Data for the table `tbl_batchsummary_master2` */

insert  into `tbl_batchsummary_master2`(`RepSerNo`,`Area`,`PrdType`,`ReportType`,`BFGCode`,`ProductName`,`PVersion`,`Version`,`GenericName`,`CubicalNo`,`CubicleType`,`BatchNo`,`BatchSize`,`BMRNo`,`Side`,`Nom`,`Tol1Neg`,`Tol1Pos`,`Tol2Neg`,`Tol2Pos`,`MinValue`,`MaxValue`,`AvgValue`,`Remark`,`StartDate`,`EndDate`,`DP`,`Unit`,`DTStdTime`,`FinalMinDT`,`FinalMaxDT`,`FinalAvgDT`,`BatchCompleted`,`DispersionTime`) values 
(1,'Compression',1,0,'Para_123','PARACETAMOL 50 MG','PVR_102','10092025','ERGO HEALTH',0,'Compression','BT-COM-REG/S','12000 Tab','BMR13092025','Single','10.0000','0','0','9.6000','10.5000','9.750','10.020','9.868','Ok',NULL,'2025-09-13',3,'gm','00:00:00','00:00:00','00:00:00','00:00:00',1,'00:00:00'),
(2,'Compression',1,0,'1411','Donepile Tablet 600 mg','2233','4455','Bromodenepine Suspention',0,'Compression','TEST_0005','10','10','Single','10.0000','0','0','9.7000','10.3000','9.800','10.400','10.107','Not Ok',NULL,'2025-09-16',3,'gm','00:00:00','00:00:00','00:00:00','00:00:00',1,'00:00:00'),
(3,'Compression',1,0,'Para_123','PARACETAMOL 50 MG','PVR_102','10092025','ERGO HEALTH',0,'Compression','BT-COM-REG/S1','13000 TAB','BMR_1509','Single','10.0000','0','0','9.6000','10.5000','9.800','10.500','10.166','Ok',NULL,'2025-09-15',3,'gm','00:00:00','00:00:00','00:00:00','00:00:00',1,'00:00:00'),
(4,'Compression',1,0,'Para_123','PARACETAMOL 50 MG','PVR_102','10092025','ERGO HEALTH',0,'Compression','BT-COM-REG/S2','12500 TAB','BMR1509','Single','10.0000','0','0','9.6000','10.5000','9.790','10.000','9.895','Ok',NULL,'2025-09-16',3,'gm','00:00:00','00:00:00','00:00:00','00:00:00',1,'00:00:00'),
(5,'QC',1,0,'1411','Donepile Tablet 600 mg','2233','4455','Bromodenepine Suspention',0,'QC','BT_25_Test','11 Thousand','BMR_32211','Single','10.000','0','0','9.700','10.300','9.858','10.252','10.055','Ok',NULL,'2025-09-16',3,'gm','00:00:00','00:00:00','00:00:00','00:00:00',1,'00:00:00'),
(6,'QC',1,0,'1411','Donepile Tablet 600 mg','2233','4455','Bromodenepine Suspention',0,'QC','BT_26_Test','12 Thausand','BMR_1212','Single','10.000','0','0','9.700','10.300','9.785','10.301','9.996','Not Ok',NULL,'2025-09-16',3,'gm','00:00:00','00:00:00','00:00:00','00:00:00',1,'00:00:00'),
(7,'Compression',1,0,'1411','Donepile Tablet 600 mg','2233','4455','Bromodenepine Suspention',0,'Compression','BATCH_05','10','0002','Double','10.000','0','0','9.700','10.300','9.700','9.700','9.700','Ok',NULL,'2025-09-17',3,'gm','00:00:00','00:00:00','00:00:00','00:00:00',1,'00:00:00'),
(8,'Compression',1,0,'1411','Donepile Tablet 600 mg','2233','4455','Bromodenepine Suspention',0,'Compression','BATCH_05','10','0002','Double','10.000','0','0','9.700','10.300','9.700','9.700','9.700','Ok',NULL,'2025-09-17',3,'gm','00:00:00','00:00:00','00:00:00','00:00:00',1,'00:00:00'),
(9,'Compression',1,0,'Para_123','PARACETAMOL 50 MG','PVR_102','10092025','ERGO HEALTH',0,'Compression','BATCH_10','10','0001','Single','10.000','0','0','9.600','10.500','9.559','10.460','9.954','Not Ok',NULL,'2025-09-17',3,'gm','00:00:00','00:00:00','00:00:00','00:00:00',1,'00:00:00'),
(10,'Compression',1,0,'Para_123','PARACETAMOL 50 MG','PVR_102','10092025','ERGO HEALTH',0,'Compression','BT-123','1200 TABLET','BMR1709','Single','10.000','0','0','9.600','10.500','9.698','10.501','10.157','Not Ok',NULL,'2025-09-18',3,'gm','00:00:00','00:00:00','00:00:00','00:00:00',1,'00:00:00'),
(11,'QC',1,0,'1411','Donepile Tablet 600 mg','2233','4455','Bromodenepine Suspention',0,'QC','BT_30_Test','11 Thousand','BMR_443324','Single','10.000','0','0','9.700','10.300','9.785','10.225','10.008','Ok',NULL,'2025-09-18',3,'gm','00:00:00','00:00:00','00:00:00','00:00:00',1,'00:00:00'),
(12,'QC',1,0,'Para_123','PARACETAMOL 50 MG','PVR_102','10092025','ERGO HEALTH',0,'QC','ACC-QC-REG/S','1200 TABLET','BMR_18092025','Single','10.000','0','0','9.600','10.500','9.601','10.499','9.969','Ok',NULL,'2025-09-18',3,'gm','00:00:00','00:00:00','00:00:00','00:00:00',1,'00:00:00'),
(13,'Compression',1,0,'Para_123','PARACETAMOL 50 MG','PVR_102','10092025','ERGO HEALTH',0,'Compression','BT-COM-REG/S3','13500 TAB','BMR018092025','Single','10.000','0','0','9.600','10.500','9.782','10.485','10.076','Ok',NULL,'2025-09-18',3,'gm','00:00:00','00:00:00','00:00:00','00:00:00',1,'00:00:00'),
(14,'QC',1,0,'1411','Donepile Tablet 600 mg','2233','4455','Bromodenepine Suspention',0,'QC','BT_32_Test','23 Thousand','BMR_4323','Single','10.000','0','0','9.700','10.300','9.968','10.255','10.111','Ok',NULL,'2025-09-20',3,'gm','00:00:00','00:00:00','00:00:00','00:00:00',1,'00:00:00'),
(15,'QC',1,0,'1411','Donepile Tablet 600 mg','2233','4455','Bromodenepine Suspention',0,'Compression','BT_35_Test','12 Thousand','BMR_132','Single','10.000','0','0','9.700','10.300','10.152','10.152','10.152','Ok','2025-09-20','2025-09-20',3,'gm','00:00:00','00:00:00','00:00:00','00:00:00',1,'12:00:00'),
(16,'QC',1,0,'1411','Donepile Tablet 600 mg','2233','4455','Bromodenepine Suspention',0,'Compression','BT_35_Test','12 Thousand','BMR_132','Single','10','0.000','0.000','9.700','10.300','9.858','9.858','9.858','Ok','2025-09-20','2025-09-20',3,'gm','00:00:00','00:00:00','00:00:00','00:00:00',1,'12:00:00'),
(17,'QC',1,0,'1411','Donepile Tablet 600 mg','2233','4455','Bromodenepine Suspention',0,'Compression','BT_38_Test','23 Thousand','BMR_4312','Single','10.000','0','0','9.700','10.300','10.112','10.112','10.112','Ok','2025-09-22','2025-09-22',3,'gm','00:00:00','00:00:00','00:00:00','00:00:00',1,'12:00:00'),
(18,'QC',1,0,'1411','Donepile Tablet 600 mg','2233','4455','Bromodenepine Suspention',0,'Compression','BT_38_Test','23 Thousand','BMR_4312','Single','10','0.000','0.000','9.700','10.300','9.898','9.898','9.898','Ok','2025-09-22','2025-09-22',3,'gm','00:00:00','00:00:00','00:00:00','00:00:00',1,'12:00:00'),
(19,'QC',1,0,'1411','Donepile Tablet 600 mg','2233','4455','Bromodenepine Suspention',0,'Compression','BT_38_Test','23 Thousand','BMR_4312','Single','10','0.000','0.000','9.700','10.300','10.298','10.298','10.298','Ok','2025-09-22','2025-09-22',3,'gm','00:00:00','00:00:00','00:00:00','00:00:00',1,'12:00:00'),
(20,'QC',1,0,'1411','Donepile Tablet 600 mg','2233','4455','Bromodenepine Suspention',0,'Compression','BT_38_Test','23 Thousand','BMR_4312','Single','10','0.000','0.000','9.700','10.300','0.294','0.294','0.294','Not Ok','2025-09-22','2025-09-22',3,'gm','00:00:00','00:00:00','00:00:00','00:00:00',1,'12:00:00'),
(21,'Compression',1,0,'Para_123','PARACETAMOL 50 MG','PVR_102','10092025','ERGO HEALTH',0,'Compression','BT-COM-REG/D','24 Thousand','BMR_C_001','Double','10.000','0','0','9.600','10.500','9.654','9.958','9.814','Ok','2025-09-22','2025-09-22',3,'gm','00:00:00','00:00:00','00:00:00','00:00:00',1,'02:00:00'),
(22,'QC',1,0,'1411','Donepile Tablet 600 mg','2233','4455','Bromodenepine Suspention',0,'Compression','BT_39_Test','12 Thousand','BMR_2343','Single','10.000','0','0','9.700','10.300','10.211','10.211','10.211','Ok','2025-09-22','2025-09-22',3,'gm','00:00:00','00:00:00','00:00:00','00:00:00',1,'12:00:00'),
(23,'QC',1,0,'1411','Donepile Tablet 600 mg','2233','4455','Bromodenepine Suspention',0,'Compression','BT_39_Test','12 Thousand','BMR_2343','Single','10','0.000','0.000','9.700','10.300','9.858','9.858','9.858','Ok','2025-09-22','2025-09-22',3,'gm','00:00:00','00:00:00','00:00:00','00:00:00',1,'12:00:00'),
(24,'QC',1,0,'1411','Donepile Tablet 600 mg','2233','4455','Bromodenepine Suspention',0,'Compression','BT_40_Test','24 Thousand','BMR_4543','Single','10.000','0','0','9.700','10.300','10.145','10.145','10.145','Ok','2025-09-22','2025-09-22',3,'gm','00:00:00','00:00:00','00:00:00','00:00:00',1,'12:00:00'),
(25,'QC',1,0,'1411','Donepile Tablet 600 mg','2233','4455','Bromodenepine Suspention',0,'Compression','BT_40_Test','24 Thousand','BMR_4543','Single','10','0.000','0.000','9.700','10.300','9.788','9.788','9.788','Ok','2025-09-22','2025-09-22',3,'gm','00:00:00','00:00:00','00:00:00','00:00:00',1,'12:00:00'),
(26,'Compression',1,0,'DOLO_0005','DOLO 250MG','00001','002','BENDRYL',0,'Compression','BATCH05','10','MM012','Single','10.000','0','0','9.700','10.300','9.300','10.600','9.959','Not Ok','2025-09-22','2025-09-22',1,'gm','00:00:00','00:00:00','00:00:00','00:00:00',1,'00:05:00'),
(27,'Compression',1,0,'Para_123','PARACETAMOL 50 MG','PVR_102','10092025','ERGO HEALTH',0,'Compression','VBN_10','10','QT01','Single','10.000','0','0','9.600','10.500','9.700','9.700','9.700','Ok','2025-09-22','2025-09-22',3,'gm','00:00:00','00:00:00','00:00:00','00:00:00',1,'02:00:00'),
(28,'Compression',1,0,'TRIO25','TRIOCHEM-25','BT-10.2','1235','KETOPROFHEN',0,'Compression','BATCH-SR05','10','73971','Single','10.000','0','0','9.700','10.300','10.200','10.200','10.200','Ok','2025-09-22','2025-09-22',1,'gm','00:00:00','00:00:00','00:00:00','00:00:00',1,'00:15:00'),
(29,'QC',1,0,'1411','Donepile Tablet 600 mg','2233','4455','Bromodenepine Suspention',0,'Compression','BT_41_Test','23 Thousand','BMR_5323','Single','10.000','0','0','9.700','10.300','10.252','10.252','10.252','Ok','2025-09-23','2025-09-23',3,'gm','00:00:00','00:00:00','00:00:00','00:00:00',1,'12:00:00'),
(30,'QC',1,0,'1411','Donepile Tablet 600 mg','2233','4455','Bromodenepine Suspention',0,'Compression','BT_41_Test','23 Thousand','BMR_5323','Single','10.000','0.000','0.000','9.700','10.300','10.354','10.354','10.354','Not Ok','2025-09-23','2025-09-23',3,'gm','00:00:00','00:00:00','00:00:00','00:00:00',1,'12:00:00'),
(31,'QC',1,0,'1411','Donepile Tablet 600 mg','2233','4455','Bromodenepine Suspention',0,'Compression','BT_41_Test','23 Thousand','BMR_5323','Single','10.000','0.000','0.000','9.700','10.300','9.896','9.896','9.896','Ok','2025-09-23','2025-09-23',3,'gm','00:00:00','00:00:00','00:00:00','00:00:00',1,'12:00:00'),
(32,'QC',1,0,'1411','Donepile Tablet 600 mg','2233','4455','Bromodenepine Suspention',0,'Compression','BT_41_Test','23 Thousand','BMR_5323','Single','10.000','0.000','0.000','9.700','10.300','9.699','9.699','9.699','Not Ok','2025-09-23','2025-09-23',3,'gm','00:00:00','00:00:00','00:00:00','00:00:00',1,'12:00:00'),
(33,'QC',1,0,'1411','Donepile Tablet 600 mg','2233','4455','Bromodenepine Suspention',0,'Compression','BT_50_Test','15 Thousand','BMR_44332','NA','10.000','0','0','9.700','10.300','9.896','10.116','10.006','Ok','2025-09-24','2025-09-24',3,'gm','00:00:00','00:00:00','00:00:00','00:00:00',1,'12:00:00'),
(34,'Compression',1,0,'TRIO25','TRIOCHEM-25','BT-10.2','1235','KETOPROFHEN',0,'Compression','BAC_05','10','1002.3','NA','10.000','0','0','9.700','10.300','9.800','10.300','10.100','Ok','2025-09-24','2025-09-24',1,'gm','00:00:00','00:00:00','00:00:00','00:00:00',1,'00:15:00'),
(35,'Compression',1,0,'DOLO_0005','DOLO 250MG','00001','002','BENDRYL',0,'Compression','BAC_N','10','10','NA','10.000','0','0','9.700','10.300','9.800','9.800','9.800','Ok','2025-09-24','2025-09-24',1,'gm','00:00:00','00:00:00','00:00:00','00:00:00',1,'00:05:00'),
(36,'Compression',1,0,'Para_123','PARACETAMOL 50 MG','PVR_102','10092025','ERGO HEALTH',0,'Compression','BT-TEST_REG/S','12 LAKH','BMR24092025','NA','10.000','0','0','9.600','10.500','9.654','10.499','9.980','Ok','2025-09-24','2025-09-24',3,'gm','00:00:00','00:00:00','00:00:00','00:00:00',1,'02:00:00'),
(37,'QC',1,0,'1411','Donepile Tablet 600 mg','2233','4455','Bromodenepine Suspention',0,'Compression','BT_52_Test','33 Thousand','BMR_5562','NA','10.000','0','0','9.700','10.300','9.899','10.326','10.145','Not Ok','2025-09-25','2025-09-25',3,'gm','00:00:00','00:00:00','00:00:00','00:00:00',1,'12:00:00'),
(38,'QC',1,0,'1411','Donepile Tablet 600 mg','2233','4455','Bromodenepine Suspention',0,'Compression','BT_54_Test','16 Thousand','BMR_5253','NA','10.000','0','0','9.700','10.300','10.235','10.235','10.235','Ok','2025-09-25','2025-09-25',3,'gm','00:00:00','00:00:00','00:00:00','00:00:00',1,'12:00:00'),
(39,'Compression',1,0,'TRIO25','TRIOCHEM-25','BT-10.2','1235','KETOPROFHEN',0,'Compression','SHR24','10','12','NA','10.000','0','0','9.700','10.300','9.800','10.500','10.100','Not Ok','2025-09-25','2025-09-25',1,'gm','00:00:00','00:00:00','00:00:00','00:00:00',1,'00:15:00'),
(40,'Compression',1,0,'d002','dolo2','456123','1589','do1',0,'Compression','23645','40','006','NA','10.000','0','0','9.700','10.300','9.700','9.800','9.766','Ok','2025-09-26','2025-09-26',1,'gm','00:00:00','00:00:00','00:00:00','00:00:00',1,'02:15:00'),
(41,'Compression',1,0,'Para_123','PARACETAMOL 50 MG','PVR_102','10092025','ERGO HEALTH',0,'Compression','BT-TEST-INI/S','12 LAKH','26092025','NA','10.000','0','0','9.600','10.500','9.652','10.489','10.030','Ok','2025-09-26','2025-09-26',3,'gm','00:00:00','00:00:00','00:00:00','00:00:00',1,'02:00:00'),
(42,'Compression',1,0,'d002','dolo2','456123','1589','do1',0,'Compression','bal011','45','753','NA','10.000','0','0','9.700','10.300','9.800','10.400','10.100','Not Ok','2025-09-26','2025-09-26',1,'gm','00:00:00','00:00:00','00:00:00','00:00:00',1,'02:15:00'),
(43,'Compression',1,0,'Para_123','PARACETAMOL 50 MG','PVR_102','10092025','ERGO HEALTH',0,'Compression','batch01','45','12365','NA','10.000','0','0','9.600','10.500','9.600','9.700','9.649','Ok','2025-09-26','2025-09-26',3,'gm','00:00:00','00:00:00','00:00:00','00:00:00',1,'02:00:00'),
(44,'Compression',1,0,'TRIO25','TRIOCHEM-25','BT-10.2','1235','KETOPROFHEN',0,'Compression','batchh24','12','1234','NA','10.000','0','0','9.700','10.300','9.200','10.600','9.983','Not Ok','2025-09-27','2025-09-27',1,'gm','00:00:00','00:00:00','00:00:00','00:00:00',1,'00:15:00'),
(45,'Compression',1,0,'Para_123','PARACETAMOL 50 MG','PVR_102','10092025','ERGO HEALTH',0,'Compression','BT-TEST-REG/S1','14 LAKH','27092025','NA','10.000','0','0','9.600','10.500','9.658','9.999','9.873','Ok','2025-09-27','2025-09-27',3,'gm','00:00:00','00:00:00','00:00:00','00:00:00',1,'02:00:00'),
(46,'Compression',1,0,'Para_123','PARACETAMOL 50 MG','PVR_102','10092025','ERGO HEALTH',0,'Compression','BT-TEST-REG/S2','24 LAKH','27_BMR_09','NA','10.000','0','0','9.600','10.500','9.654','9.854','9.754','Ok','2025-09-27','2025-09-27',3,'gm','00:00:00','00:00:00','00:00:00','00:00:00',1,'02:00:00'),
(47,'Compression',1,0,'D01','DOLO','D123','213','abcd',0,'Compression','batch22','21','123456','NA','10.000','0','0','9.700','10.300','9.600','10.400','9.889','Not Ok','2025-09-30','2025-09-30',3,'gm','00:00:00','00:00:00','00:00:00','00:00:00',1,'15:10:00'),
(48,'Compression',1,0,'73979','VANOPAX-20','WWE2.0','1234','LINIPAN',0,'Compression','100.12','234','234','NA','10.000','0','0','9.700','10.300','9.700','10.201','9.900','Ok','2025-09-29','2025-09-29',3,'gm','00:00:00','00:00:00','00:00:00','00:00:00',1,'00:15:00'),
(49,'Compression',1,0,'73979','VANOPAX-20','WWE2.0','1234','LINIPAN',0,'Compression','SHRTTT-001','0002','5','NA','10.000','0','0','9.700','10.300','9.650','10.780','10.276','Not Ok','2025-09-29','2025-09-29',3,'gm','00:00:00','00:00:00','00:00:00','00:00:00',1,'00:15:00'),
(50,'Compression',1,0,'73979','VANOPAX-20','WWE2.0','1234','LINIPAN',0,'Compression','HRM-0005','10','008','LHS','10.000','0','0','9.700','10.300','9.700','10.100','9.866','Ok','2025-09-29','2025-09-29',3,'gm','00:00:00','00:00:00','00:00:00','00:00:00',1,'00:15:00'),
(51,'Compression',1,0,'73979','VANOPAX-20','WWE2.0','1234','LINIPAN',0,'Compression','HRM-0005','10','008','RHS','10.000','0','0','9.700','10.300','10.100','10.100','10.100','Ok','2025-09-29','2025-09-29',3,'gm','00:00:00','00:00:00','00:00:00','00:00:00',1,'00:15:00'),
(52,'Compression',1,0,'73979','VANOPAX-20','WWE2.0','1234','LINIPAN',0,'Compression','WE234','32','22','NA','10.000','0','0','9.700','10.300','9.100','10.300','9.700','Not Ok','2025-09-29','2025-09-29',3,'gm','00:00:00','00:00:00','00:00:00','00:00:00',1,'00:15:00'),
(53,'Compression',1,0,'73979','VANOPAX-20','WWE2.0','1234','LINIPAN',0,'Compression','BRANCH-009','10','10','LHS','10.000','0','0','9.700','10.300','10.300','10.300','10.300','Ok','2025-09-29','2025-09-29',3,'gm','00:00:00','00:00:00','00:00:00','00:00:00',1,'00:15:00'),
(54,'Compression',1,0,'73979','VANOPAX-20','WWE2.0','1234','LINIPAN',0,'Compression','BRANCH-009','10','10','RHS','10.000','0','0','9.700','10.300','9.500','9.500','9.500','Not Ok','2025-09-29','2025-09-29',3,'gm','00:00:00','00:00:00','00:00:00','00:00:00',1,'00:15:00'),
(55,'Compression',1,0,'73979','VANOPAX-20','WWE2.0','1234','LINIPAN',0,'Compression','SHR24','12','122','NA','10.000','0','0','9.700','10.300','9.700','10.300','10.000','Ok','2025-09-30','2025-09-30',3,'gm','00:00:00','00:00:00','00:00:00','00:00:00',1,'00:15:00'),
(56,'Compression',1,0,'73979','VANOPAX-20','WWE2.0','1234','LINIPAN',0,'Compression','TB_0005','10','1234','LHS','10.000','0','0','9.700','10.300','9.700','10.200','9.900','Ok','2025-09-30','2025-09-30',3,'gm','00:00:00','00:00:00','00:00:00','00:00:00',1,'00:15:00'),
(57,'Compression',1,0,'73979','VANOPAX-20','WWE2.0','1234','LINIPAN',0,'Compression','TB_0005','10','1234','RHS','10.000','0','0','9.700','10.300','9.800','10.200','10.020','Ok','2025-09-30','2025-09-30',3,'gm','00:00:00','00:00:00','00:00:00','00:00:00',1,'00:15:00'),
(58,'Compression',1,0,'73979','VANOPAX-20','WWE2.0','1234','LINIPAN',0,'Compression','BAT45','12','111','LHS','10.000','0','0','9.700','10.300','9.000','10.900','9.852','Not Ok','2025-09-30','2025-09-30',3,'gm','00:00:00','00:00:00','00:00:00','00:00:00',1,'00:15:00'),
(59,'Compression',1,0,'73979','VANOPAX-20','WWE2.0','1234','LINIPAN',0,'Compression','BAT45','12','111','RHS','10.000','0','0','9.700','10.300','9.200','10.960','10.465','Not Ok','2025-09-30','2025-09-30',3,'gm','00:00:00','00:00:00','00:00:00','00:00:00',1,'00:15:00'),
(60,'Compression',1,0,'73979','VANOPAX-20','WWE2.0','1234','LINIPAN',0,'Compression','QT05','12','12','NA','10.000','0','0','9.700','10.300','9.700','10.300','10.000','Ok','2025-09-30','2025-09-30',3,'gm','00:00:00','00:00:00','00:00:00','00:00:00',1,'00:15:00'),
(61,'Compression',1,0,'Para_123','PARACETAMOL 50 MG','PVR_102','10092025','ERGO HEALTH',0,'Compression','ACC-COM-REG/S1','21 THOUSAND','56R31_22','NA','10.000','0','0','9.600','10.500','9.800','10.200','9.983','Ok','2025-09-30','2025-09-30',3,'gm','00:00:00','00:00:00','00:00:00','00:00:00',1,'02:00:00'),
(62,'Compression',1,0,'73979','VANOPAX-20','WWE2.0','1234','LINIPAN',0,'Compression','YT01','123','233','LHS','10.000','0','0','9.700','10.300','9.200','10.800','9.933','Not Ok','2025-09-30','2025-09-30',3,'gm','00:00:00','00:00:00','00:00:00','00:00:00',1,'00:15:00'),
(63,'Capsule Filling',2,0,'PRODUCT-005','CANDILIX-200','NQT1.0','12345','DULOSYS',0,'Capsule Filling','BT-24','0001','12345','NA','10.000','0','0','9.700','10.300','9.700','10.500','10.000','Not Ok','2025-10-03','2025-10-03',3,'gm','00:00:00','00:00:00','00:00:00','00:00:00',1,'00:15:00');

/*Table structure for table `tbl_batchsummary_master3` */

